{"id":797,"date":"2016-05-07T14:56:00","date_gmt":"2016-05-07T13:56:00","guid":{"rendered":"http:\/\/feuerwehr-oberriexingen.de\/content\/?post_type=einsatz&#038;p=797"},"modified":"2017-04-08T21:06:59","modified_gmt":"2017-04-08T20:06:59","slug":"07-05-2016-b4-gebaeudebrand","status":"publish","type":"einsatz","link":"https:\/\/feuerwehr-oberriexingen.de\/content\/einsaetze\/07-05-2016-b4-gebaeudebrand\/","title":{"rendered":"07.05.2016 &#8211; B4 Geb\u00e4udebrand"},"content":{"rendered":"<p><a href=\"https:\/\/feuerwehr-oberriexingen.de\/content\/wp-content\/uploads\/2015\/01\/Brandeinsatz.jpg\"><img decoding=\"async\" loading=\"lazy\" class=\"size-medium wp-image-170 alignleft\" src=\"https:\/\/feuerwehr-oberriexingen.de\/content\/wp-content\/uploads\/2015\/01\/Brandeinsatz-300x183.jpg\" alt=\"Brandeinsatz\" width=\"300\" height=\"183\" srcset=\"https:\/\/feuerwehr-oberriexingen.de\/content\/wp-content\/uploads\/2015\/01\/Brandeinsatz-300x183.jpg 300w, https:\/\/feuerwehr-oberriexingen.de\/content\/wp-content\/uploads\/2015\/01\/Brandeinsatz-100x61.jpg 100w, https:\/\/feuerwehr-oberriexingen.de\/content\/wp-content\/uploads\/2015\/01\/Brandeinsatz-150x91.jpg 150w, https:\/\/feuerwehr-oberriexingen.de\/content\/wp-content\/uploads\/2015\/01\/Brandeinsatz-200x122.jpg 200w, https:\/\/feuerwehr-oberriexingen.de\/content\/wp-content\/uploads\/2015\/01\/Brandeinsatz-450x274.jpg 450w, https:\/\/feuerwehr-oberriexingen.de\/content\/wp-content\/uploads\/2015\/01\/Brandeinsatz-600x365.jpg 600w, https:\/\/feuerwehr-oberriexingen.de\/content\/wp-content\/uploads\/2015\/01\/Brandeinsatz.jpg 682w\" sizes=\"(max-width: 300px) 100vw, 300px\" \/><\/a>Am 07.05.2016 wurde die Feuerwehr Oberriexingen zu einem Brandeinsatz nach Sersheim alarmiert. Die Einsatzkr\u00e4fte konnten den Einsatz bereits auf der Anfahrt abbrechen. Ausl\u00f6ser der Alarmierung war ein vergessenes Essen auf dem Herd. Die R\u00e4ume wurden durch die Feuerwehr Sersheim bel\u00fcftet. Kein weiterer Einsatz f\u00fcr die Feuerwehr.<\/p>\n","protected":false},"author":1,"featured_media":170,"template":"","meta":{"_cbd_carousel_blocks":"[]","einsatz_weight":1},"categories":[],"tags":[],"einsatzart":[8],"fahrzeug":[44],"exteinsatzmittel":[20,22],"alarmierungsart":[24],"evw_unit":[],"yoast_head":"<!-- This site is optimized with the Yoast SEO plugin v17.8 - https:\/\/yoast.com\/wordpress\/plugins\/seo\/ -->\n<title>07.05.2016 - B4 Geb\u00e4udebrand - Freiwillige Feuerwehr Oberriexingen<\/title>\n<meta name=\"robots\" content=\"index, follow, max-snippet:-1, max-image-preview:large, max-video-preview:-1\" \/>\n<link rel=\"canonical\" href=\"https:\/\/feuerwehr-oberriexingen.de\/content\/einsaetze\/07-05-2016-b4-gebaeudebrand\/\" \/>\n<meta property=\"og:locale\" content=\"de_DE\" \/>\n<meta property=\"og:type\" content=\"article\" \/>\n<meta property=\"og:title\" content=\"07.05.2016 - B4 Geb\u00e4udebrand - Freiwillige Feuerwehr Oberriexingen\" \/>\n<meta property=\"og:description\" content=\"Am 07.05.2016 wurde die Feuerwehr Oberriexingen zu einem Brandeinsatz nach Sersheim alarmiert. Die Einsatzkr\u00e4fte konnten den Einsatz bereits auf der Anfahrt abbrechen. Ausl\u00f6ser der Alarmierung war ein vergessenes Essen auf dem Herd. Die R\u00e4ume wurden durch die Feuerwehr Sersheim bel\u00fcftet. &hellip; 07.05.2016 &#8211; B4 Geb\u00e4udebrand Weiterlesen &raquo;\" \/>\n<meta property=\"og:url\" content=\"https:\/\/feuerwehr-oberriexingen.de\/content\/einsaetze\/07-05-2016-b4-gebaeudebrand\/\" \/>\n<meta property=\"og:site_name\" content=\"Freiwillige Feuerwehr Oberriexingen\" \/>\n<meta property=\"article:publisher\" content=\"https:\/\/www.facebook.com\/ffwoberriexingen\/\" \/>\n<meta property=\"article:modified_time\" content=\"2017-04-08T20:06:59+00:00\" \/>\n<meta property=\"og:image\" content=\"https:\/\/feuerwehr-oberriexingen.de\/content\/wp-content\/uploads\/2015\/01\/Brandeinsatz.jpg\" \/>\n\t<meta property=\"og:image:width\" content=\"682\" \/>\n\t<meta property=\"og:image:height\" content=\"415\" \/>\n<script type=\"application\/ld+json\" class=\"yoast-schema-graph\">{\"@context\":\"https:\/\/schema.org\",\"@graph\":[{\"@type\":\"WebSite\",\"@id\":\"https:\/\/feuerwehr-oberriexingen.de\/content\/#website\",\"url\":\"https:\/\/feuerwehr-oberriexingen.de\/content\/\",\"name\":\"Freiwillige Feuerwehr Oberriexingen\",\"description\":\"24h f\\u00fcr Sie im Einsatz\",\"potentialAction\":[{\"@type\":\"SearchAction\",\"target\":{\"@type\":\"EntryPoint\",\"urlTemplate\":\"https:\/\/feuerwehr-oberriexingen.de\/content\/?s={search_term_string}\"},\"query-input\":\"required name=search_term_string\"}],\"inLanguage\":\"de\"},{\"@type\":\"ImageObject\",\"@id\":\"https:\/\/feuerwehr-oberriexingen.de\/content\/einsaetze\/07-05-2016-b4-gebaeudebrand\/#primaryimage\",\"inLanguage\":\"de\",\"url\":\"https:\/\/feuerwehr-oberriexingen.de\/content\/wp-content\/uploads\/2015\/01\/Brandeinsatz.jpg\",\"contentUrl\":\"https:\/\/feuerwehr-oberriexingen.de\/content\/wp-content\/uploads\/2015\/01\/Brandeinsatz.jpg\",\"width\":682,\"height\":415},{\"@type\":\"WebPage\",\"@id\":\"https:\/\/feuerwehr-oberriexingen.de\/content\/einsaetze\/07-05-2016-b4-gebaeudebrand\/#webpage\",\"url\":\"https:\/\/feuerwehr-oberriexingen.de\/content\/einsaetze\/07-05-2016-b4-gebaeudebrand\/\",\"name\":\"07.05.2016 - B4 Geb\\u00e4udebrand - Freiwillige Feuerwehr Oberriexingen\",\"isPartOf\":{\"@id\":\"https:\/\/feuerwehr-oberriexingen.de\/content\/#website\"},\"primaryImageOfPage\":{\"@id\":\"https:\/\/feuerwehr-oberriexingen.de\/content\/einsaetze\/07-05-2016-b4-gebaeudebrand\/#primaryimage\"},\"datePublished\":\"2016-05-07T13:56:00+00:00\",\"dateModified\":\"2017-04-08T20:06:59+00:00\",\"breadcrumb\":{\"@id\":\"https:\/\/feuerwehr-oberriexingen.de\/content\/einsaetze\/07-05-2016-b4-gebaeudebrand\/#breadcrumb\"},\"inLanguage\":\"de\",\"potentialAction\":[{\"@type\":\"ReadAction\",\"target\":[\"https:\/\/feuerwehr-oberriexingen.de\/content\/einsaetze\/07-05-2016-b4-gebaeudebrand\/\"]}]},{\"@type\":\"BreadcrumbList\",\"@id\":\"https:\/\/feuerwehr-oberriexingen.de\/content\/einsaetze\/07-05-2016-b4-gebaeudebrand\/#breadcrumb\",\"itemListElement\":[{\"@type\":\"ListItem\",\"position\":1,\"name\":\"Home\",\"item\":\"https:\/\/feuerwehr-oberriexingen.de\/content\/\"},{\"@type\":\"ListItem\",\"position\":2,\"name\":\"Einsatzberichte\",\"item\":\"https:\/\/feuerwehr-oberriexingen.de\/content\/einsaetze\/\"},{\"@type\":\"ListItem\",\"position\":3,\"name\":\"07.05.2016 &#8211; B4 Geb\\u00e4udebrand\"}]}]}<\/script>\n<!-- \/ Yoast SEO plugin. -->","yoast_head_json":{"title":"07.05.2016 - B4 Geb\u00e4udebrand - Freiwillige Feuerwehr Oberriexingen","robots":{"index":"index","follow":"follow","max-snippet":"max-snippet:-1","max-image-preview":"max-image-preview:large","max-video-preview":"max-video-preview:-1"},"canonical":"https:\/\/feuerwehr-oberriexingen.de\/content\/einsaetze\/07-05-2016-b4-gebaeudebrand\/","og_locale":"de_DE","og_type":"article","og_title":"07.05.2016 - B4 Geb\u00e4udebrand - Freiwillige Feuerwehr Oberriexingen","og_description":"Am 07.05.2016 wurde die Feuerwehr Oberriexingen zu einem Brandeinsatz nach Sersheim alarmiert. Die Einsatzkr\u00e4fte konnten den Einsatz bereits auf der Anfahrt abbrechen. Ausl\u00f6ser der Alarmierung war ein vergessenes Essen auf dem Herd. Die R\u00e4ume wurden durch die Feuerwehr Sersheim bel\u00fcftet. &hellip; 07.05.2016 &#8211; B4 Geb\u00e4udebrand Weiterlesen &raquo;","og_url":"https:\/\/feuerwehr-oberriexingen.de\/content\/einsaetze\/07-05-2016-b4-gebaeudebrand\/","og_site_name":"Freiwillige Feuerwehr Oberriexingen","article_publisher":"https:\/\/www.facebook.com\/ffwoberriexingen\/","article_modified_time":"2017-04-08T20:06:59+00:00","og_image":[{"width":682,"height":415,"url":"https:\/\/feuerwehr-oberriexingen.de\/content\/wp-content\/uploads\/2015\/01\/Brandeinsatz.jpg","type":"image\/jpeg"}],"schema":{"@context":"https:\/\/schema.org","@graph":[{"@type":"WebSite","@id":"https:\/\/feuerwehr-oberriexingen.de\/content\/#website","url":"https:\/\/feuerwehr-oberriexingen.de\/content\/","name":"Freiwillige Feuerwehr Oberriexingen","description":"24h f\u00fcr Sie im Einsatz","potentialAction":[{"@type":"SearchAction","target":{"@type":"EntryPoint","urlTemplate":"https:\/\/feuerwehr-oberriexingen.de\/content\/?s={search_term_string}"},"query-input":"required name=search_term_string"}],"inLanguage":"de"},{"@type":"ImageObject","@id":"https:\/\/feuerwehr-oberriexingen.de\/content\/einsaetze\/07-05-2016-b4-gebaeudebrand\/#primaryimage","inLanguage":"de","url":"https:\/\/feuerwehr-oberriexingen.de\/content\/wp-content\/uploads\/2015\/01\/Brandeinsatz.jpg","contentUrl":"https:\/\/feuerwehr-oberriexingen.de\/content\/wp-content\/uploads\/2015\/01\/Brandeinsatz.jpg","width":682,"height":415},{"@type":"WebPage","@id":"https:\/\/feuerwehr-oberriexingen.de\/content\/einsaetze\/07-05-2016-b4-gebaeudebrand\/#webpage","url":"https:\/\/feuerwehr-oberriexingen.de\/content\/einsaetze\/07-05-2016-b4-gebaeudebrand\/","name":"07.05.2016 - B4 Geb\u00e4udebrand - Freiwillige Feuerwehr Oberriexingen","isPartOf":{"@id":"https:\/\/feuerwehr-oberriexingen.de\/content\/#website"},"primaryImageOfPage":{"@id":"https:\/\/feuerwehr-oberriexingen.de\/content\/einsaetze\/07-05-2016-b4-gebaeudebrand\/#primaryimage"},"datePublished":"2016-05-07T13:56:00+00:00","dateModified":"2017-04-08T20:06:59+00:00","breadcrumb":{"@id":"https:\/\/feuerwehr-oberriexingen.de\/content\/einsaetze\/07-05-2016-b4-gebaeudebrand\/#breadcrumb"},"inLanguage":"de","potentialAction":[{"@type":"ReadAction","target":["https:\/\/feuerwehr-oberriexingen.de\/content\/einsaetze\/07-05-2016-b4-gebaeudebrand\/"]}]},{"@type":"BreadcrumbList","@id":"https:\/\/feuerwehr-oberriexingen.de\/content\/einsaetze\/07-05-2016-b4-gebaeudebrand\/#breadcrumb","itemListElement":[{"@type":"ListItem","position":1,"name":"Home","item":"https:\/\/feuerwehr-oberriexingen.de\/content\/"},{"@type":"ListItem","position":2,"name":"Einsatzberichte","item":"https:\/\/feuerwehr-oberriexingen.de\/content\/einsaetze\/"},{"@type":"ListItem","position":3,"name":"07.05.2016 &#8211; B4 Geb\u00e4udebrand"}]}]}},"_links":{"self":[{"href":"https:\/\/feuerwehr-oberriexingen.de\/content\/wp-json\/wp\/v2\/einsatz\/797"}],"collection":[{"href":"https:\/\/feuerwehr-oberriexingen.de\/content\/wp-json\/wp\/v2\/einsatz"}],"about":[{"href":"https:\/\/feuerwehr-oberriexingen.de\/content\/wp-json\/wp\/v2\/types\/einsatz"}],"author":[{"embeddable":true,"href":"https:\/\/feuerwehr-oberriexingen.de\/content\/wp-json\/wp\/v2\/users\/1"}],"version-history":[{"count":1,"href":"https:\/\/feuerwehr-oberriexingen.de\/content\/wp-json\/wp\/v2\/einsatz\/797\/revisions"}],"predecessor-version":[{"id":798,"href":"https:\/\/feuerwehr-oberriexingen.de\/content\/wp-json\/wp\/v2\/einsatz\/797\/revisions\/798"}],"wp:featuredmedia":[{"embeddable":true,"href":"https:\/\/feuerwehr-oberriexingen.de\/content\/wp-json\/wp\/v2\/media\/170"}],"wp:attachment":[{"href":"https:\/\/feuerwehr-oberriexingen.de\/content\/wp-json\/wp\/v2\/media?parent=797"}],"wp:term":[{"taxonomy":"category","embeddable":true,"href":"https:\/\/feuerwehr-oberriexingen.de\/content\/wp-json\/wp\/v2\/categories?post=797"},{"taxonomy":"post_tag","embeddable":true,"href":"https:\/\/feuerwehr-oberriexingen.de\/content\/wp-json\/wp\/v2\/tags?post=797"},{"taxonomy":"einsatzart","embeddable":true,"href":"https:\/\/feuerwehr-oberriexingen.de\/content\/wp-json\/wp\/v2\/einsatzart?post=797"},{"taxonomy":"fahrzeug","embeddable":true,"href":"https:\/\/feuerwehr-oberriexingen.de\/content\/wp-json\/wp\/v2\/fahrzeug?post=797"},{"taxonomy":"exteinsatzmittel","embeddable":true,"href":"https:\/\/feuerwehr-oberriexingen.de\/content\/wp-json\/wp\/v2\/exteinsatzmittel?post=797"},{"taxonomy":"alarmierungsart","embeddable":true,"href":"https:\/\/feuerwehr-oberriexingen.de\/content\/wp-json\/wp\/v2\/alarmierungsart?post=797"},{"taxonomy":"evw_unit","embeddable":true,"href":"https:\/\/feuerwehr-oberriexingen.de\/content\/wp-json\/wp\/v2\/evw_unit?post=797"}],"curies":[{"name":"wp","href":"https:\/\/api.w.org\/{rel}","templated":true}]}}

07.05.2016 &#8211; B4 Gebäudebrand

<p><a href="https://feuerwehr-oberriexingen.de/content/wp-content/uploads/2015/01/Brandeinsatz.jpg"><img decoding="async" loading="lazy" class="size-medium wp-image-170 alignleft" src="https://feuerwehr-oberriexingen.de/content/wp-content/uploads/2015/01/Brandeinsatz-300x183.jpg" alt="Brandeinsatz" width="300" height="183" srcset="https://feuerwehr-oberriexingen.de/content/wp-content/uploads/2015/01/Brandeinsatz-300x183.jpg 300w, https://feuerwehr-oberriexingen.de/content/wp-content/uploads/2015/01/Brandeinsatz-100x61.jpg 100w, https://feuerwehr-oberriexingen.de/content/wp-content/uploads/2015/01/Brandeinsatz-150x91.jpg 150w, https://feuerwehr-oberriexingen.de/content/wp-content/uploads/2015/01/Brandeinsatz-200x122.jpg 200w, https://feuerwehr-oberriexingen.de/content/wp-content/uploads/2015/01/Brandeinsatz-450x274.jpg 450w, https://feuerwehr-oberriexingen.de/content/wp-content/uploads/2015/01/Brandeinsatz-600x365.jpg 600w, https://feuerwehr-oberriexingen.de/content/wp-content/uploads/2015/01/Brandeinsatz.jpg 682w" sizes="(max-width: 300px) 100vw, 300px" /></a>Am 07.05.2016 wurde die Feuerwehr Oberriexingen zu einem Brandeinsatz nach Sersheim alarmiert. Die Einsatzkräfte konnten den Einsatz bereits auf der Anfahrt abbrechen. Auslöser der Alarmierung war ein vergessenes Essen auf dem Herd. Die Räume wurden durch die Feuerwehr Sersheim belüftet. Kein weiterer Einsatz für die Feuerwehr.</p>

<!-- This site is optimized with the Yoast SEO plugin v17.8 - https://yoast.com/wordpress/plugins/seo/ -->
<title>07.05.2016 - B4 Gebäudebrand - Freiwillige Feuerwehr Oberriexingen</title>
<meta name="robots" content="index, follow, max-snippet:-1, max-image-preview:large, max-video-preview:-1" />
<link rel="canonical" href="https://feuerwehr-oberriexingen.de/content/einsaetze/07-05-2016-b4-gebaeudebrand/" />
<meta property="og:locale" content="de_DE" />
<meta property="og:type" content="article" />
<meta property="og:title" content="07.05.2016 - B4 Gebäudebrand - Freiwillige Feuerwehr Oberriexingen" />
<meta property="og:description" content="Am 07.05.2016 wurde die Feuerwehr Oberriexingen zu einem Brandeinsatz nach Sersheim alarmiert. Die Einsatzkräfte konnten den Einsatz bereits auf der Anfahrt abbrechen. Auslöser der Alarmierung war ein vergessenes Essen auf dem Herd. Die Räume wurden durch die Feuerwehr Sersheim belüftet. &hellip; 07.05.2016 &#8211; B4 Gebäudebrand Weiterlesen &raquo;" />
<meta property="og:url" content="https://feuerwehr-oberriexingen.de/content/einsaetze/07-05-2016-b4-gebaeudebrand/" />
<meta property="og:site_name" content="Freiwillige Feuerwehr Oberriexingen" />
<meta property="article:publisher" content="https://www.facebook.com/ffwoberriexingen/" />
<meta property="article:modified_time" content="2017-04-08T20:06:59+00:00" />
<meta property="og:image" content="https://feuerwehr-oberriexingen.de/content/wp-content/uploads/2015/01/Brandeinsatz.jpg" />
	<meta property="og:image:width" content="682" />
	<meta property="og:image:height" content="415" />
<script type="application/ld+json" class="yoast-schema-graph">{"@context":"https://schema.org","@graph":[{"@type":"WebSite","@id":"https://feuerwehr-oberriexingen.de/content/#website","url":"https://feuerwehr-oberriexingen.de/content/","name":"Freiwillige Feuerwehr Oberriexingen","description":"24h f\u00fcr Sie im Einsatz","potentialAction":[{"@type":"SearchAction","target":{"@type":"EntryPoint","urlTemplate":"https://feuerwehr-oberriexingen.de/content/?s={search_term_string}"},"query-input":"required name=search_term_string"}],"inLanguage":"de"},{"@type":"ImageObject","@id":"https://feuerwehr-oberriexingen.de/content/einsaetze/07-05-2016-b4-gebaeudebrand/#primaryimage","inLanguage":"de","url":"https://feuerwehr-oberriexingen.de/content/wp-content/uploads/2015/01/Brandeinsatz.jpg","contentUrl":"https://feuerwehr-oberriexingen.de/content/wp-content/uploads/2015/01/Brandeinsatz.jpg","width":682,"height":415},{"@type":"WebPage","@id":"https://feuerwehr-oberriexingen.de/content/einsaetze/07-05-2016-b4-gebaeudebrand/#webpage","url":"https://feuerwehr-oberriexingen.de/content/einsaetze/07-05-2016-b4-gebaeudebrand/","name":"07.05.2016 - B4 Geb\u00e4udebrand - Freiwillige Feuerwehr Oberriexingen","isPartOf":{"@id":"https://feuerwehr-oberriexingen.de/content/#website"},"primaryImageOfPage":{"@id":"https://feuerwehr-oberriexingen.de/content/einsaetze/07-05-2016-b4-gebaeudebrand/#primaryimage"},"datePublished":"2016-05-07T13:56:00+00:00","dateModified":"2017-04-08T20:06:59+00:00","breadcrumb":{"@id":"https://feuerwehr-oberriexingen.de/content/einsaetze/07-05-2016-b4-gebaeudebrand/#breadcrumb"},"inLanguage":"de","potentialAction":[{"@type":"ReadAction","target":["https://feuerwehr-oberriexingen.de/content/einsaetze/07-05-2016-b4-gebaeudebrand/"]}]},{"@type":"BreadcrumbList","@id":"https://feuerwehr-oberriexingen.de/content/einsaetze/07-05-2016-b4-gebaeudebrand/#breadcrumb","itemListElement":[{"@type":"ListItem","position":1,"name":"Home","item":"https://feuerwehr-oberriexingen.de/content/"},{"@type":"ListItem","position":2,"name":"Einsatzberichte","item":"https://feuerwehr-oberriexingen.de/content/einsaetze/"},{"@type":"ListItem","position":3,"name":"07.05.2016 &#8211; B4 Geb\u00e4udebrand"}]}]}</script>
<!-- / Yoast SEO plugin. -->

07.05.2016 - B4 Gebäudebrand - Freiwillige Feuerwehr Oberriexingen

Am 07.05.2016 wurde die Feuerwehr Oberriexingen zu einem Brandeinsatz nach Sersheim alarmiert. Die Einsatzkräfte konnten den Einsatz bereits auf der Anfahrt abbrechen. Auslöser der Alarmierung war ein vergessenes Essen auf dem Herd. Die Räume wurden durch die Feuerwehr Sersheim belüftet. &hellip; 07.05.2016 &#8211; B4 Gebäudebrand Weiterlesen &raquo;

24h für Sie im Einsatz
