{"id":786,"date":"2016-04-19T19:49:00","date_gmt":"2016-04-19T18:49:00","guid":{"rendered":"http:\/\/feuerwehr-oberriexingen.de\/content\/?post_type=einsatz&#038;p=786"},"modified":"2017-04-09T19:29:13","modified_gmt":"2017-04-09T18:29:13","slug":"19-04-2016-b3-brand-in-gebaeude","status":"publish","type":"einsatz","link":"https:\/\/feuerwehr-oberriexingen.de\/content\/einsaetze\/19-04-2016-b3-brand-in-gebaeude\/","title":{"rendered":"19.04.2016 &#8211; B3 Brand in Geb\u00e4ude"},"content":{"rendered":"<p><a href=\"https:\/\/feuerwehr-oberriexingen.de\/content\/wp-content\/uploads\/2015\/01\/Brandeinsatz.jpg\" rel=\"attachment wp-att-170\"><img decoding=\"async\" loading=\"lazy\" class=\"wp-image-170 size-medium alignleft\" src=\"https:\/\/feuerwehr-oberriexingen.de\/content\/wp-content\/uploads\/2015\/01\/Brandeinsatz-300x183.jpg\" alt=\"Brandeinsatz\" width=\"300\" height=\"183\" srcset=\"https:\/\/feuerwehr-oberriexingen.de\/content\/wp-content\/uploads\/2015\/01\/Brandeinsatz-300x183.jpg 300w, https:\/\/feuerwehr-oberriexingen.de\/content\/wp-content\/uploads\/2015\/01\/Brandeinsatz-100x61.jpg 100w, https:\/\/feuerwehr-oberriexingen.de\/content\/wp-content\/uploads\/2015\/01\/Brandeinsatz-150x91.jpg 150w, https:\/\/feuerwehr-oberriexingen.de\/content\/wp-content\/uploads\/2015\/01\/Brandeinsatz-200x122.jpg 200w, https:\/\/feuerwehr-oberriexingen.de\/content\/wp-content\/uploads\/2015\/01\/Brandeinsatz-450x274.jpg 450w, https:\/\/feuerwehr-oberriexingen.de\/content\/wp-content\/uploads\/2015\/01\/Brandeinsatz-600x365.jpg 600w, https:\/\/feuerwehr-oberriexingen.de\/content\/wp-content\/uploads\/2015\/01\/Brandeinsatz.jpg 682w\" sizes=\"(max-width: 300px) 100vw, 300px\" \/><\/a>Am 19.04.2016 wurde die Feuerwehr Oberriexingen als Atemschutz Notfallrettung zu einem Brandeinsatz nach Sachsenheim alarmiert. In der Grundschule Kleinsachsenheim war eine Rauchentwicklung gemeldet worden. Als Ausl\u00f6ser der Rauchentwicklung konnte vor Ort ein Hackschnitzel\u00a0 Ofen festgestellt werden, ein Einsatz der Feuerwehr war nicht notwendig. Die Kr\u00e4fte aus Sachsenheim und Oberriexingen konnten daraufhin den Einsatz beenden und auf die Wache zur\u00fcckkehren.<\/p>\n<p>In der Rolle als Atemschutz Notfallrettung wird bei einem Brandeinsatz ein zus\u00e4tzliches L\u00f6schgruppenfahrzeug alarmiert, welches 2 Sicherungstrupps bereitstellt und ausschliesslich zur Rettung verungl\u00fcckter Einsatzkr\u00e4fte bereitsteht. Die Feuerwehr Oberriexingen \u00fcbernimmt diese spezielle Aufgabe bei Brandeins\u00e4tzen in Sachsenheim.<\/p>\n","protected":false},"author":1,"featured_media":170,"template":"","meta":{"_cbd_carousel_blocks":"[]","einsatz_weight":1},"categories":[],"tags":[],"einsatzart":[64],"fahrzeug":[44],"exteinsatzmittel":[21],"alarmierungsart":[],"evw_unit":[],"yoast_head":"<!-- This site is optimized with the Yoast SEO plugin v17.8 - https:\/\/yoast.com\/wordpress\/plugins\/seo\/ -->\n<title>19.04.2016 - B3 Brand in Geb\u00e4ude - Freiwillige Feuerwehr Oberriexingen<\/title>\n<meta name=\"robots\" content=\"index, follow, max-snippet:-1, max-image-preview:large, max-video-preview:-1\" \/>\n<link rel=\"canonical\" href=\"https:\/\/feuerwehr-oberriexingen.de\/content\/einsaetze\/19-04-2016-b3-brand-in-gebaeude\/\" \/>\n<meta property=\"og:locale\" content=\"de_DE\" \/>\n<meta property=\"og:type\" content=\"article\" \/>\n<meta property=\"og:title\" content=\"19.04.2016 - B3 Brand in Geb\u00e4ude - Freiwillige Feuerwehr Oberriexingen\" \/>\n<meta property=\"og:description\" content=\"Am 19.04.2016 wurde die Feuerwehr Oberriexingen als Atemschutz Notfallrettung zu einem Brandeinsatz nach Sachsenheim alarmiert. In der Grundschule Kleinsachsenheim war eine Rauchentwicklung gemeldet worden. Als Ausl\u00f6ser der Rauchentwicklung konnte vor Ort ein Hackschnitzel\u00a0 Ofen festgestellt werden, ein Einsatz der Feuerwehr &hellip; 19.04.2016 &#8211; B3 Brand in Geb\u00e4ude Weiterlesen &raquo;\" \/>\n<meta property=\"og:url\" content=\"https:\/\/feuerwehr-oberriexingen.de\/content\/einsaetze\/19-04-2016-b3-brand-in-gebaeude\/\" \/>\n<meta property=\"og:site_name\" content=\"Freiwillige Feuerwehr Oberriexingen\" \/>\n<meta property=\"article:publisher\" content=\"https:\/\/www.facebook.com\/ffwoberriexingen\/\" \/>\n<meta property=\"article:modified_time\" content=\"2017-04-09T18:29:13+00:00\" \/>\n<meta property=\"og:image\" content=\"https:\/\/feuerwehr-oberriexingen.de\/content\/wp-content\/uploads\/2015\/01\/Brandeinsatz.jpg\" \/>\n\t<meta property=\"og:image:width\" content=\"682\" \/>\n\t<meta property=\"og:image:height\" content=\"415\" \/>\n<meta name=\"twitter:label1\" content=\"Gesch\u00e4tzte Lesezeit\" \/>\n\t<meta name=\"twitter:data1\" content=\"1\u00a0Minute\" \/>\n<script type=\"application\/ld+json\" class=\"yoast-schema-graph\">{\"@context\":\"https:\/\/schema.org\",\"@graph\":[{\"@type\":\"WebSite\",\"@id\":\"https:\/\/feuerwehr-oberriexingen.de\/content\/#website\",\"url\":\"https:\/\/feuerwehr-oberriexingen.de\/content\/\",\"name\":\"Freiwillige Feuerwehr Oberriexingen\",\"description\":\"24h f\\u00fcr Sie im Einsatz\",\"potentialAction\":[{\"@type\":\"SearchAction\",\"target\":{\"@type\":\"EntryPoint\",\"urlTemplate\":\"https:\/\/feuerwehr-oberriexingen.de\/content\/?s={search_term_string}\"},\"query-input\":\"required name=search_term_string\"}],\"inLanguage\":\"de\"},{\"@type\":\"ImageObject\",\"@id\":\"https:\/\/feuerwehr-oberriexingen.de\/content\/einsaetze\/19-04-2016-b3-brand-in-gebaeude\/#primaryimage\",\"inLanguage\":\"de\",\"url\":\"https:\/\/feuerwehr-oberriexingen.de\/content\/wp-content\/uploads\/2015\/01\/Brandeinsatz.jpg\",\"contentUrl\":\"https:\/\/feuerwehr-oberriexingen.de\/content\/wp-content\/uploads\/2015\/01\/Brandeinsatz.jpg\",\"width\":682,\"height\":415},{\"@type\":\"WebPage\",\"@id\":\"https:\/\/feuerwehr-oberriexingen.de\/content\/einsaetze\/19-04-2016-b3-brand-in-gebaeude\/#webpage\",\"url\":\"https:\/\/feuerwehr-oberriexingen.de\/content\/einsaetze\/19-04-2016-b3-brand-in-gebaeude\/\",\"name\":\"19.04.2016 - B3 Brand in Geb\\u00e4ude - Freiwillige Feuerwehr Oberriexingen\",\"isPartOf\":{\"@id\":\"https:\/\/feuerwehr-oberriexingen.de\/content\/#website\"},\"primaryImageOfPage\":{\"@id\":\"https:\/\/feuerwehr-oberriexingen.de\/content\/einsaetze\/19-04-2016-b3-brand-in-gebaeude\/#primaryimage\"},\"datePublished\":\"2016-04-19T18:49:00+00:00\",\"dateModified\":\"2017-04-09T18:29:13+00:00\",\"breadcrumb\":{\"@id\":\"https:\/\/feuerwehr-oberriexingen.de\/content\/einsaetze\/19-04-2016-b3-brand-in-gebaeude\/#breadcrumb\"},\"inLanguage\":\"de\",\"potentialAction\":[{\"@type\":\"ReadAction\",\"target\":[\"https:\/\/feuerwehr-oberriexingen.de\/content\/einsaetze\/19-04-2016-b3-brand-in-gebaeude\/\"]}]},{\"@type\":\"BreadcrumbList\",\"@id\":\"https:\/\/feuerwehr-oberriexingen.de\/content\/einsaetze\/19-04-2016-b3-brand-in-gebaeude\/#breadcrumb\",\"itemListElement\":[{\"@type\":\"ListItem\",\"position\":1,\"name\":\"Home\",\"item\":\"https:\/\/feuerwehr-oberriexingen.de\/content\/\"},{\"@type\":\"ListItem\",\"position\":2,\"name\":\"Einsatzberichte\",\"item\":\"https:\/\/feuerwehr-oberriexingen.de\/content\/einsaetze\/\"},{\"@type\":\"ListItem\",\"position\":3,\"name\":\"19.04.2016 &#8211; B3 Brand in Geb\\u00e4ude\"}]}]}<\/script>\n<!-- \/ Yoast SEO plugin. -->","yoast_head_json":{"title":"19.04.2016 - B3 Brand in Geb\u00e4ude - Freiwillige Feuerwehr Oberriexingen","robots":{"index":"index","follow":"follow","max-snippet":"max-snippet:-1","max-image-preview":"max-image-preview:large","max-video-preview":"max-video-preview:-1"},"canonical":"https:\/\/feuerwehr-oberriexingen.de\/content\/einsaetze\/19-04-2016-b3-brand-in-gebaeude\/","og_locale":"de_DE","og_type":"article","og_title":"19.04.2016 - B3 Brand in Geb\u00e4ude - Freiwillige Feuerwehr Oberriexingen","og_description":"Am 19.04.2016 wurde die Feuerwehr Oberriexingen als Atemschutz Notfallrettung zu einem Brandeinsatz nach Sachsenheim alarmiert. In der Grundschule Kleinsachsenheim war eine Rauchentwicklung gemeldet worden. Als Ausl\u00f6ser der Rauchentwicklung konnte vor Ort ein Hackschnitzel\u00a0 Ofen festgestellt werden, ein Einsatz der Feuerwehr &hellip; 19.04.2016 &#8211; B3 Brand in Geb\u00e4ude Weiterlesen &raquo;","og_url":"https:\/\/feuerwehr-oberriexingen.de\/content\/einsaetze\/19-04-2016-b3-brand-in-gebaeude\/","og_site_name":"Freiwillige Feuerwehr Oberriexingen","article_publisher":"https:\/\/www.facebook.com\/ffwoberriexingen\/","article_modified_time":"2017-04-09T18:29:13+00:00","og_image":[{"width":682,"height":415,"url":"https:\/\/feuerwehr-oberriexingen.de\/content\/wp-content\/uploads\/2015\/01\/Brandeinsatz.jpg","type":"image\/jpeg"}],"twitter_misc":{"Gesch\u00e4tzte Lesezeit":"1\u00a0Minute"},"schema":{"@context":"https:\/\/schema.org","@graph":[{"@type":"WebSite","@id":"https:\/\/feuerwehr-oberriexingen.de\/content\/#website","url":"https:\/\/feuerwehr-oberriexingen.de\/content\/","name":"Freiwillige Feuerwehr Oberriexingen","description":"24h f\u00fcr Sie im Einsatz","potentialAction":[{"@type":"SearchAction","target":{"@type":"EntryPoint","urlTemplate":"https:\/\/feuerwehr-oberriexingen.de\/content\/?s={search_term_string}"},"query-input":"required name=search_term_string"}],"inLanguage":"de"},{"@type":"ImageObject","@id":"https:\/\/feuerwehr-oberriexingen.de\/content\/einsaetze\/19-04-2016-b3-brand-in-gebaeude\/#primaryimage","inLanguage":"de","url":"https:\/\/feuerwehr-oberriexingen.de\/content\/wp-content\/uploads\/2015\/01\/Brandeinsatz.jpg","contentUrl":"https:\/\/feuerwehr-oberriexingen.de\/content\/wp-content\/uploads\/2015\/01\/Brandeinsatz.jpg","width":682,"height":415},{"@type":"WebPage","@id":"https:\/\/feuerwehr-oberriexingen.de\/content\/einsaetze\/19-04-2016-b3-brand-in-gebaeude\/#webpage","url":"https:\/\/feuerwehr-oberriexingen.de\/content\/einsaetze\/19-04-2016-b3-brand-in-gebaeude\/","name":"19.04.2016 - B3 Brand in Geb\u00e4ude - Freiwillige Feuerwehr Oberriexingen","isPartOf":{"@id":"https:\/\/feuerwehr-oberriexingen.de\/content\/#website"},"primaryImageOfPage":{"@id":"https:\/\/feuerwehr-oberriexingen.de\/content\/einsaetze\/19-04-2016-b3-brand-in-gebaeude\/#primaryimage"},"datePublished":"2016-04-19T18:49:00+00:00","dateModified":"2017-04-09T18:29:13+00:00","breadcrumb":{"@id":"https:\/\/feuerwehr-oberriexingen.de\/content\/einsaetze\/19-04-2016-b3-brand-in-gebaeude\/#breadcrumb"},"inLanguage":"de","potentialAction":[{"@type":"ReadAction","target":["https:\/\/feuerwehr-oberriexingen.de\/content\/einsaetze\/19-04-2016-b3-brand-in-gebaeude\/"]}]},{"@type":"BreadcrumbList","@id":"https:\/\/feuerwehr-oberriexingen.de\/content\/einsaetze\/19-04-2016-b3-brand-in-gebaeude\/#breadcrumb","itemListElement":[{"@type":"ListItem","position":1,"name":"Home","item":"https:\/\/feuerwehr-oberriexingen.de\/content\/"},{"@type":"ListItem","position":2,"name":"Einsatzberichte","item":"https:\/\/feuerwehr-oberriexingen.de\/content\/einsaetze\/"},{"@type":"ListItem","position":3,"name":"19.04.2016 &#8211; B3 Brand in Geb\u00e4ude"}]}]}},"_links":{"self":[{"href":"https:\/\/feuerwehr-oberriexingen.de\/content\/wp-json\/wp\/v2\/einsatz\/786"}],"collection":[{"href":"https:\/\/feuerwehr-oberriexingen.de\/content\/wp-json\/wp\/v2\/einsatz"}],"about":[{"href":"https:\/\/feuerwehr-oberriexingen.de\/content\/wp-json\/wp\/v2\/types\/einsatz"}],"author":[{"embeddable":true,"href":"https:\/\/feuerwehr-oberriexingen.de\/content\/wp-json\/wp\/v2\/users\/1"}],"version-history":[{"count":2,"href":"https:\/\/feuerwehr-oberriexingen.de\/content\/wp-json\/wp\/v2\/einsatz\/786\/revisions"}],"predecessor-version":[{"id":788,"href":"https:\/\/feuerwehr-oberriexingen.de\/content\/wp-json\/wp\/v2\/einsatz\/786\/revisions\/788"}],"wp:featuredmedia":[{"embeddable":true,"href":"https:\/\/feuerwehr-oberriexingen.de\/content\/wp-json\/wp\/v2\/media\/170"}],"wp:attachment":[{"href":"https:\/\/feuerwehr-oberriexingen.de\/content\/wp-json\/wp\/v2\/media?parent=786"}],"wp:term":[{"taxonomy":"category","embeddable":true,"href":"https:\/\/feuerwehr-oberriexingen.de\/content\/wp-json\/wp\/v2\/categories?post=786"},{"taxonomy":"post_tag","embeddable":true,"href":"https:\/\/feuerwehr-oberriexingen.de\/content\/wp-json\/wp\/v2\/tags?post=786"},{"taxonomy":"einsatzart","embeddable":true,"href":"https:\/\/feuerwehr-oberriexingen.de\/content\/wp-json\/wp\/v2\/einsatzart?post=786"},{"taxonomy":"fahrzeug","embeddable":true,"href":"https:\/\/feuerwehr-oberriexingen.de\/content\/wp-json\/wp\/v2\/fahrzeug?post=786"},{"taxonomy":"exteinsatzmittel","embeddable":true,"href":"https:\/\/feuerwehr-oberriexingen.de\/content\/wp-json\/wp\/v2\/exteinsatzmittel?post=786"},{"taxonomy":"alarmierungsart","embeddable":true,"href":"https:\/\/feuerwehr-oberriexingen.de\/content\/wp-json\/wp\/v2\/alarmierungsart?post=786"},{"taxonomy":"evw_unit","embeddable":true,"href":"https:\/\/feuerwehr-oberriexingen.de\/content\/wp-json\/wp\/v2\/evw_unit?post=786"}],"curies":[{"name":"wp","href":"https:\/\/api.w.org\/{rel}","templated":true}]}}

19.04.2016 &#8211; B3 Brand in Gebäude

<p><a href="https://feuerwehr-oberriexingen.de/content/wp-content/uploads/2015/01/Brandeinsatz.jpg" rel="attachment wp-att-170"><img decoding="async" loading="lazy" class="wp-image-170 size-medium alignleft" src="https://feuerwehr-oberriexingen.de/content/wp-content/uploads/2015/01/Brandeinsatz-300x183.jpg" alt="Brandeinsatz" width="300" height="183" srcset="https://feuerwehr-oberriexingen.de/content/wp-content/uploads/2015/01/Brandeinsatz-300x183.jpg 300w, https://feuerwehr-oberriexingen.de/content/wp-content/uploads/2015/01/Brandeinsatz-100x61.jpg 100w, https://feuerwehr-oberriexingen.de/content/wp-content/uploads/2015/01/Brandeinsatz-150x91.jpg 150w, https://feuerwehr-oberriexingen.de/content/wp-content/uploads/2015/01/Brandeinsatz-200x122.jpg 200w, https://feuerwehr-oberriexingen.de/content/wp-content/uploads/2015/01/Brandeinsatz-450x274.jpg 450w, https://feuerwehr-oberriexingen.de/content/wp-content/uploads/2015/01/Brandeinsatz-600x365.jpg 600w, https://feuerwehr-oberriexingen.de/content/wp-content/uploads/2015/01/Brandeinsatz.jpg 682w" sizes="(max-width: 300px) 100vw, 300px" /></a>Am 19.04.2016 wurde die Feuerwehr Oberriexingen als Atemschutz Notfallrettung zu einem Brandeinsatz nach Sachsenheim alarmiert. In der Grundschule Kleinsachsenheim war eine Rauchentwicklung gemeldet worden. Als Auslöser der Rauchentwicklung konnte vor Ort ein Hackschnitzel  Ofen festgestellt werden, ein Einsatz der Feuerwehr war nicht notwendig. Die Kräfte aus Sachsenheim und Oberriexingen konnten daraufhin den Einsatz beenden und auf die Wache zurückkehren.</p>
<p>In der Rolle als Atemschutz Notfallrettung wird bei einem Brandeinsatz ein zusätzliches Löschgruppenfahrzeug alarmiert, welches 2 Sicherungstrupps bereitstellt und ausschliesslich zur Rettung verunglückter Einsatzkräfte bereitsteht. Die Feuerwehr Oberriexingen übernimmt diese spezielle Aufgabe bei Brandeinsätzen in Sachsenheim.</p>

<!-- This site is optimized with the Yoast SEO plugin v17.8 - https://yoast.com/wordpress/plugins/seo/ -->
<title>19.04.2016 - B3 Brand in Gebäude - Freiwillige Feuerwehr Oberriexingen</title>
<meta name="robots" content="index, follow, max-snippet:-1, max-image-preview:large, max-video-preview:-1" />
<link rel="canonical" href="https://feuerwehr-oberriexingen.de/content/einsaetze/19-04-2016-b3-brand-in-gebaeude/" />
<meta property="og:locale" content="de_DE" />
<meta property="og:type" content="article" />
<meta property="og:title" content="19.04.2016 - B3 Brand in Gebäude - Freiwillige Feuerwehr Oberriexingen" />
<meta property="og:description" content="Am 19.04.2016 wurde die Feuerwehr Oberriexingen als Atemschutz Notfallrettung zu einem Brandeinsatz nach Sachsenheim alarmiert. In der Grundschule Kleinsachsenheim war eine Rauchentwicklung gemeldet worden. Als Auslöser der Rauchentwicklung konnte vor Ort ein Hackschnitzel  Ofen festgestellt werden, ein Einsatz der Feuerwehr &hellip; 19.04.2016 &#8211; B3 Brand in Gebäude Weiterlesen &raquo;" />
<meta property="og:url" content="https://feuerwehr-oberriexingen.de/content/einsaetze/19-04-2016-b3-brand-in-gebaeude/" />
<meta property="og:site_name" content="Freiwillige Feuerwehr Oberriexingen" />
<meta property="article:publisher" content="https://www.facebook.com/ffwoberriexingen/" />
<meta property="article:modified_time" content="2017-04-09T18:29:13+00:00" />
<meta property="og:image" content="https://feuerwehr-oberriexingen.de/content/wp-content/uploads/2015/01/Brandeinsatz.jpg" />
	<meta property="og:image:width" content="682" />
	<meta property="og:image:height" content="415" />
<meta name="twitter:label1" content="Geschätzte Lesezeit" />
	<meta name="twitter:data1" content="1 Minute" />
<script type="application/ld+json" class="yoast-schema-graph">{"@context":"https://schema.org","@graph":[{"@type":"WebSite","@id":"https://feuerwehr-oberriexingen.de/content/#website","url":"https://feuerwehr-oberriexingen.de/content/","name":"Freiwillige Feuerwehr Oberriexingen","description":"24h f\u00fcr Sie im Einsatz","potentialAction":[{"@type":"SearchAction","target":{"@type":"EntryPoint","urlTemplate":"https://feuerwehr-oberriexingen.de/content/?s={search_term_string}"},"query-input":"required name=search_term_string"}],"inLanguage":"de"},{"@type":"ImageObject","@id":"https://feuerwehr-oberriexingen.de/content/einsaetze/19-04-2016-b3-brand-in-gebaeude/#primaryimage","inLanguage":"de","url":"https://feuerwehr-oberriexingen.de/content/wp-content/uploads/2015/01/Brandeinsatz.jpg","contentUrl":"https://feuerwehr-oberriexingen.de/content/wp-content/uploads/2015/01/Brandeinsatz.jpg","width":682,"height":415},{"@type":"WebPage","@id":"https://feuerwehr-oberriexingen.de/content/einsaetze/19-04-2016-b3-brand-in-gebaeude/#webpage","url":"https://feuerwehr-oberriexingen.de/content/einsaetze/19-04-2016-b3-brand-in-gebaeude/","name":"19.04.2016 - B3 Brand in Geb\u00e4ude - Freiwillige Feuerwehr Oberriexingen","isPartOf":{"@id":"https://feuerwehr-oberriexingen.de/content/#website"},"primaryImageOfPage":{"@id":"https://feuerwehr-oberriexingen.de/content/einsaetze/19-04-2016-b3-brand-in-gebaeude/#primaryimage"},"datePublished":"2016-04-19T18:49:00+00:00","dateModified":"2017-04-09T18:29:13+00:00","breadcrumb":{"@id":"https://feuerwehr-oberriexingen.de/content/einsaetze/19-04-2016-b3-brand-in-gebaeude/#breadcrumb"},"inLanguage":"de","potentialAction":[{"@type":"ReadAction","target":["https://feuerwehr-oberriexingen.de/content/einsaetze/19-04-2016-b3-brand-in-gebaeude/"]}]},{"@type":"BreadcrumbList","@id":"https://feuerwehr-oberriexingen.de/content/einsaetze/19-04-2016-b3-brand-in-gebaeude/#breadcrumb","itemListElement":[{"@type":"ListItem","position":1,"name":"Home","item":"https://feuerwehr-oberriexingen.de/content/"},{"@type":"ListItem","position":2,"name":"Einsatzberichte","item":"https://feuerwehr-oberriexingen.de/content/einsaetze/"},{"@type":"ListItem","position":3,"name":"19.04.2016 &#8211; B3 Brand in Geb\u00e4ude"}]}]}</script>
<!-- / Yoast SEO plugin. -->

19.04.2016 - B3 Brand in Gebäude - Freiwillige Feuerwehr Oberriexingen

Am 19.04.2016 wurde die Feuerwehr Oberriexingen als Atemschutz Notfallrettung zu einem Brandeinsatz nach Sachsenheim alarmiert. In der Grundschule Kleinsachsenheim war eine Rauchentwicklung gemeldet worden. Als Auslöser der Rauchentwicklung konnte vor Ort ein Hackschnitzel  Ofen festgestellt werden, ein Einsatz der Feuerwehr &hellip; 19.04.2016 &#8211; B3 Brand in Gebäude Weiterlesen &raquo;

24h für Sie im Einsatz
