{"id":2787,"date":"2024-10-16T20:43:00","date_gmt":"2024-10-16T18:43:00","guid":{"rendered":"https:\/\/feuerwehr-oberriexingen.de\/content\/?post_type=einsatz&#038;p=2787"},"modified":"2024-10-17T17:53:40","modified_gmt":"2024-10-17T15:53:40","slug":"16-10-2024-b4-feuer-rauch-person-in-gefahr","status":"publish","type":"einsatz","link":"https:\/\/feuerwehr-oberriexingen.de\/content\/einsaetze\/16-10-2024-b4-feuer-rauch-person-in-gefahr\/","title":{"rendered":"16.10.2024 &#8211; B4 Feuer\/Rauch Person in Gefahr"},"content":{"rendered":"\n\n\n<p>Am Mittwoch Abend wurde die Feuerwehr Oberriexingen, im Rahmen der Atemschutznotfallrettung, zu einem Einsatz nach Sachsenheim alarmiert. Anrufer meldeten der Leitstelle, dass sie die Alarmt\u00f6ne eines Rauchwarnmelders aus einer Wohnung h\u00f6rbar sind und noch eine Person in dieser Vermutet wird. Die Einsatzkr\u00e4fte der Feuerwehr Sachsenheim \u00f6ffneten die T\u00fcre. Vor Ort konnte kein Rauch oder Feuer festgestellt werden. Die angetroffene Person wurde dem Rettungsdienst \u00fcbergeben.<\/p>\n","protected":false},"author":2,"featured_media":1993,"template":"","meta":{"_cbd_carousel_blocks":"[]","einsatz_weight":1},"categories":[],"tags":[],"einsatzart":[64],"fahrzeug":[44],"exteinsatzmittel":[21,85,56,58],"alarmierungsart":[24],"evw_unit":[],"yoast_head":"<!-- This site is optimized with the Yoast SEO plugin v17.8 - https:\/\/yoast.com\/wordpress\/plugins\/seo\/ -->\n<title>16.10.2024 - B4 Feuer\/Rauch Person in Gefahr - Freiwillige Feuerwehr Oberriexingen<\/title>\n<meta name=\"robots\" content=\"index, follow, max-snippet:-1, max-image-preview:large, max-video-preview:-1\" \/>\n<link rel=\"canonical\" href=\"https:\/\/feuerwehr-oberriexingen.de\/content\/einsaetze\/16-10-2024-b4-feuer-rauch-person-in-gefahr\/\" \/>\n<meta property=\"og:locale\" content=\"de_DE\" \/>\n<meta property=\"og:type\" content=\"article\" \/>\n<meta property=\"og:title\" content=\"16.10.2024 - B4 Feuer\/Rauch Person in Gefahr - Freiwillige Feuerwehr Oberriexingen\" \/>\n<meta property=\"og:description\" content=\"Am Mittwoch Abend wurde die Feuerwehr Oberriexingen, im Rahmen der Atemschutznotfallrettung, zu einem Einsatz nach Sachsenheim alarmiert. Anrufer meldeten der Leitstelle, dass sie die Alarmt\u00f6ne eines Rauchwarnmelders aus einer Wohnung h\u00f6rbar sind und noch eine Person in dieser Vermutet wird. &hellip; 16.10.2024 &#8211; B4 Feuer\/Rauch Person in Gefahr Weiterlesen &raquo;\" \/>\n<meta property=\"og:url\" content=\"https:\/\/feuerwehr-oberriexingen.de\/content\/einsaetze\/16-10-2024-b4-feuer-rauch-person-in-gefahr\/\" \/>\n<meta property=\"og:site_name\" content=\"Freiwillige Feuerwehr Oberriexingen\" \/>\n<meta property=\"article:publisher\" content=\"https:\/\/www.facebook.com\/ffwoberriexingen\/\" \/>\n<meta property=\"article:modified_time\" content=\"2024-10-17T15:53:40+00:00\" \/>\n<meta property=\"og:image\" content=\"https:\/\/feuerwehr-oberriexingen.de\/content\/wp-content\/uploads\/2020\/03\/Atemschutznotfall_5-scaled.jpg\" \/>\n\t<meta property=\"og:image:width\" content=\"2560\" \/>\n\t<meta property=\"og:image:height\" content=\"1707\" \/>\n<meta name=\"twitter:label1\" content=\"Gesch\u00e4tzte Lesezeit\" \/>\n\t<meta name=\"twitter:data1\" content=\"1\u00a0Minute\" \/>\n<script type=\"application\/ld+json\" class=\"yoast-schema-graph\">{\"@context\":\"https:\/\/schema.org\",\"@graph\":[{\"@type\":\"WebSite\",\"@id\":\"https:\/\/feuerwehr-oberriexingen.de\/content\/#website\",\"url\":\"https:\/\/feuerwehr-oberriexingen.de\/content\/\",\"name\":\"Freiwillige Feuerwehr Oberriexingen\",\"description\":\"24h f\\u00fcr Sie im Einsatz\",\"potentialAction\":[{\"@type\":\"SearchAction\",\"target\":{\"@type\":\"EntryPoint\",\"urlTemplate\":\"https:\/\/feuerwehr-oberriexingen.de\/content\/?s={search_term_string}\"},\"query-input\":\"required name=search_term_string\"}],\"inLanguage\":\"de\"},{\"@type\":\"ImageObject\",\"@id\":\"https:\/\/feuerwehr-oberriexingen.de\/content\/einsaetze\/16-10-2024-b4-feuer-rauch-person-in-gefahr\/#primaryimage\",\"inLanguage\":\"de\",\"url\":\"https:\/\/feuerwehr-oberriexingen.de\/content\/wp-content\/uploads\/2020\/03\/Atemschutznotfall_5-scaled.jpg\",\"contentUrl\":\"https:\/\/feuerwehr-oberriexingen.de\/content\/wp-content\/uploads\/2020\/03\/Atemschutznotfall_5-scaled.jpg\",\"width\":2560,\"height\":1707},{\"@type\":\"WebPage\",\"@id\":\"https:\/\/feuerwehr-oberriexingen.de\/content\/einsaetze\/16-10-2024-b4-feuer-rauch-person-in-gefahr\/#webpage\",\"url\":\"https:\/\/feuerwehr-oberriexingen.de\/content\/einsaetze\/16-10-2024-b4-feuer-rauch-person-in-gefahr\/\",\"name\":\"16.10.2024 - B4 Feuer\/Rauch Person in Gefahr - Freiwillige Feuerwehr Oberriexingen\",\"isPartOf\":{\"@id\":\"https:\/\/feuerwehr-oberriexingen.de\/content\/#website\"},\"primaryImageOfPage\":{\"@id\":\"https:\/\/feuerwehr-oberriexingen.de\/content\/einsaetze\/16-10-2024-b4-feuer-rauch-person-in-gefahr\/#primaryimage\"},\"datePublished\":\"2024-10-16T18:43:00+00:00\",\"dateModified\":\"2024-10-17T15:53:40+00:00\",\"breadcrumb\":{\"@id\":\"https:\/\/feuerwehr-oberriexingen.de\/content\/einsaetze\/16-10-2024-b4-feuer-rauch-person-in-gefahr\/#breadcrumb\"},\"inLanguage\":\"de\",\"potentialAction\":[{\"@type\":\"ReadAction\",\"target\":[\"https:\/\/feuerwehr-oberriexingen.de\/content\/einsaetze\/16-10-2024-b4-feuer-rauch-person-in-gefahr\/\"]}]},{\"@type\":\"BreadcrumbList\",\"@id\":\"https:\/\/feuerwehr-oberriexingen.de\/content\/einsaetze\/16-10-2024-b4-feuer-rauch-person-in-gefahr\/#breadcrumb\",\"itemListElement\":[{\"@type\":\"ListItem\",\"position\":1,\"name\":\"Home\",\"item\":\"https:\/\/feuerwehr-oberriexingen.de\/content\/\"},{\"@type\":\"ListItem\",\"position\":2,\"name\":\"Einsatzberichte\",\"item\":\"https:\/\/feuerwehr-oberriexingen.de\/content\/einsaetze\/\"},{\"@type\":\"ListItem\",\"position\":3,\"name\":\"16.10.2024 &#8211; B4 Feuer\/Rauch Person in Gefahr\"}]}]}<\/script>\n<!-- \/ Yoast SEO plugin. -->","yoast_head_json":{"title":"16.10.2024 - B4 Feuer\/Rauch Person in Gefahr - Freiwillige Feuerwehr Oberriexingen","robots":{"index":"index","follow":"follow","max-snippet":"max-snippet:-1","max-image-preview":"max-image-preview:large","max-video-preview":"max-video-preview:-1"},"canonical":"https:\/\/feuerwehr-oberriexingen.de\/content\/einsaetze\/16-10-2024-b4-feuer-rauch-person-in-gefahr\/","og_locale":"de_DE","og_type":"article","og_title":"16.10.2024 - B4 Feuer\/Rauch Person in Gefahr - Freiwillige Feuerwehr Oberriexingen","og_description":"Am Mittwoch Abend wurde die Feuerwehr Oberriexingen, im Rahmen der Atemschutznotfallrettung, zu einem Einsatz nach Sachsenheim alarmiert. Anrufer meldeten der Leitstelle, dass sie die Alarmt\u00f6ne eines Rauchwarnmelders aus einer Wohnung h\u00f6rbar sind und noch eine Person in dieser Vermutet wird. &hellip; 16.10.2024 &#8211; B4 Feuer\/Rauch Person in Gefahr Weiterlesen &raquo;","og_url":"https:\/\/feuerwehr-oberriexingen.de\/content\/einsaetze\/16-10-2024-b4-feuer-rauch-person-in-gefahr\/","og_site_name":"Freiwillige Feuerwehr Oberriexingen","article_publisher":"https:\/\/www.facebook.com\/ffwoberriexingen\/","article_modified_time":"2024-10-17T15:53:40+00:00","og_image":[{"width":2560,"height":1707,"url":"https:\/\/feuerwehr-oberriexingen.de\/content\/wp-content\/uploads\/2020\/03\/Atemschutznotfall_5-scaled.jpg","type":"image\/jpeg"}],"twitter_misc":{"Gesch\u00e4tzte Lesezeit":"1\u00a0Minute"},"schema":{"@context":"https:\/\/schema.org","@graph":[{"@type":"WebSite","@id":"https:\/\/feuerwehr-oberriexingen.de\/content\/#website","url":"https:\/\/feuerwehr-oberriexingen.de\/content\/","name":"Freiwillige Feuerwehr Oberriexingen","description":"24h f\u00fcr Sie im Einsatz","potentialAction":[{"@type":"SearchAction","target":{"@type":"EntryPoint","urlTemplate":"https:\/\/feuerwehr-oberriexingen.de\/content\/?s={search_term_string}"},"query-input":"required name=search_term_string"}],"inLanguage":"de"},{"@type":"ImageObject","@id":"https:\/\/feuerwehr-oberriexingen.de\/content\/einsaetze\/16-10-2024-b4-feuer-rauch-person-in-gefahr\/#primaryimage","inLanguage":"de","url":"https:\/\/feuerwehr-oberriexingen.de\/content\/wp-content\/uploads\/2020\/03\/Atemschutznotfall_5-scaled.jpg","contentUrl":"https:\/\/feuerwehr-oberriexingen.de\/content\/wp-content\/uploads\/2020\/03\/Atemschutznotfall_5-scaled.jpg","width":2560,"height":1707},{"@type":"WebPage","@id":"https:\/\/feuerwehr-oberriexingen.de\/content\/einsaetze\/16-10-2024-b4-feuer-rauch-person-in-gefahr\/#webpage","url":"https:\/\/feuerwehr-oberriexingen.de\/content\/einsaetze\/16-10-2024-b4-feuer-rauch-person-in-gefahr\/","name":"16.10.2024 - B4 Feuer\/Rauch Person in Gefahr - Freiwillige Feuerwehr Oberriexingen","isPartOf":{"@id":"https:\/\/feuerwehr-oberriexingen.de\/content\/#website"},"primaryImageOfPage":{"@id":"https:\/\/feuerwehr-oberriexingen.de\/content\/einsaetze\/16-10-2024-b4-feuer-rauch-person-in-gefahr\/#primaryimage"},"datePublished":"2024-10-16T18:43:00+00:00","dateModified":"2024-10-17T15:53:40+00:00","breadcrumb":{"@id":"https:\/\/feuerwehr-oberriexingen.de\/content\/einsaetze\/16-10-2024-b4-feuer-rauch-person-in-gefahr\/#breadcrumb"},"inLanguage":"de","potentialAction":[{"@type":"ReadAction","target":["https:\/\/feuerwehr-oberriexingen.de\/content\/einsaetze\/16-10-2024-b4-feuer-rauch-person-in-gefahr\/"]}]},{"@type":"BreadcrumbList","@id":"https:\/\/feuerwehr-oberriexingen.de\/content\/einsaetze\/16-10-2024-b4-feuer-rauch-person-in-gefahr\/#breadcrumb","itemListElement":[{"@type":"ListItem","position":1,"name":"Home","item":"https:\/\/feuerwehr-oberriexingen.de\/content\/"},{"@type":"ListItem","position":2,"name":"Einsatzberichte","item":"https:\/\/feuerwehr-oberriexingen.de\/content\/einsaetze\/"},{"@type":"ListItem","position":3,"name":"16.10.2024 &#8211; B4 Feuer\/Rauch Person in Gefahr"}]}]}},"_links":{"self":[{"href":"https:\/\/feuerwehr-oberriexingen.de\/content\/wp-json\/wp\/v2\/einsatz\/2787"}],"collection":[{"href":"https:\/\/feuerwehr-oberriexingen.de\/content\/wp-json\/wp\/v2\/einsatz"}],"about":[{"href":"https:\/\/feuerwehr-oberriexingen.de\/content\/wp-json\/wp\/v2\/types\/einsatz"}],"author":[{"embeddable":true,"href":"https:\/\/feuerwehr-oberriexingen.de\/content\/wp-json\/wp\/v2\/users\/2"}],"version-history":[{"count":2,"href":"https:\/\/feuerwehr-oberriexingen.de\/content\/wp-json\/wp\/v2\/einsatz\/2787\/revisions"}],"predecessor-version":[{"id":2789,"href":"https:\/\/feuerwehr-oberriexingen.de\/content\/wp-json\/wp\/v2\/einsatz\/2787\/revisions\/2789"}],"wp:featuredmedia":[{"embeddable":true,"href":"https:\/\/feuerwehr-oberriexingen.de\/content\/wp-json\/wp\/v2\/media\/1993"}],"wp:attachment":[{"href":"https:\/\/feuerwehr-oberriexingen.de\/content\/wp-json\/wp\/v2\/media?parent=2787"}],"wp:term":[{"taxonomy":"category","embeddable":true,"href":"https:\/\/feuerwehr-oberriexingen.de\/content\/wp-json\/wp\/v2\/categories?post=2787"},{"taxonomy":"post_tag","embeddable":true,"href":"https:\/\/feuerwehr-oberriexingen.de\/content\/wp-json\/wp\/v2\/tags?post=2787"},{"taxonomy":"einsatzart","embeddable":true,"href":"https:\/\/feuerwehr-oberriexingen.de\/content\/wp-json\/wp\/v2\/einsatzart?post=2787"},{"taxonomy":"fahrzeug","embeddable":true,"href":"https:\/\/feuerwehr-oberriexingen.de\/content\/wp-json\/wp\/v2\/fahrzeug?post=2787"},{"taxonomy":"exteinsatzmittel","embeddable":true,"href":"https:\/\/feuerwehr-oberriexingen.de\/content\/wp-json\/wp\/v2\/exteinsatzmittel?post=2787"},{"taxonomy":"alarmierungsart","embeddable":true,"href":"https:\/\/feuerwehr-oberriexingen.de\/content\/wp-json\/wp\/v2\/alarmierungsart?post=2787"},{"taxonomy":"evw_unit","embeddable":true,"href":"https:\/\/feuerwehr-oberriexingen.de\/content\/wp-json\/wp\/v2\/evw_unit?post=2787"}],"curies":[{"name":"wp","href":"https:\/\/api.w.org\/{rel}","templated":true}]}}

<p>Am Mittwoch Abend wurde die Feuerwehr Oberriexingen, im Rahmen der Atemschutznotfallrettung, zu einem Einsatz nach Sachsenheim alarmiert. Anrufer meldeten der Leitstelle, dass sie die Alarmtöne eines Rauchwarnmelders aus einer Wohnung hörbar sind und noch eine Person in dieser Vermutet wird. Die Einsatzkräfte der Feuerwehr Sachsenheim öffneten die Türe. Vor Ort konnte kein Rauch oder Feuer festgestellt werden. Die angetroffene Person wurde dem Rettungsdienst übergeben.</p>

<!-- This site is optimized with the Yoast SEO plugin v17.8 - https://yoast.com/wordpress/plugins/seo/ -->
<title>16.10.2024 - B4 Feuer/Rauch Person in Gefahr - Freiwillige Feuerwehr Oberriexingen</title>
<meta name="robots" content="index, follow, max-snippet:-1, max-image-preview:large, max-video-preview:-1" />
<link rel="canonical" href="https://feuerwehr-oberriexingen.de/content/einsaetze/16-10-2024-b4-feuer-rauch-person-in-gefahr/" />
<meta property="og:locale" content="de_DE" />
<meta property="og:type" content="article" />
<meta property="og:title" content="16.10.2024 - B4 Feuer/Rauch Person in Gefahr - Freiwillige Feuerwehr Oberriexingen" />
<meta property="og:description" content="Am Mittwoch Abend wurde die Feuerwehr Oberriexingen, im Rahmen der Atemschutznotfallrettung, zu einem Einsatz nach Sachsenheim alarmiert. Anrufer meldeten der Leitstelle, dass sie die Alarmtöne eines Rauchwarnmelders aus einer Wohnung hörbar sind und noch eine Person in dieser Vermutet wird. &hellip; 16.10.2024 &#8211; B4 Feuer/Rauch Person in Gefahr Weiterlesen &raquo;" />
<meta property="og:url" content="https://feuerwehr-oberriexingen.de/content/einsaetze/16-10-2024-b4-feuer-rauch-person-in-gefahr/" />
<meta property="og:site_name" content="Freiwillige Feuerwehr Oberriexingen" />
<meta property="article:publisher" content="https://www.facebook.com/ffwoberriexingen/" />
<meta property="article:modified_time" content="2024-10-17T15:53:40+00:00" />
<meta property="og:image" content="https://feuerwehr-oberriexingen.de/content/wp-content/uploads/2020/03/Atemschutznotfall_5-scaled.jpg" />
	<meta property="og:image:width" content="2560" />
	<meta property="og:image:height" content="1707" />
<meta name="twitter:label1" content="Geschätzte Lesezeit" />
	<meta name="twitter:data1" content="1 Minute" />
<script type="application/ld+json" class="yoast-schema-graph">{"@context":"https://schema.org","@graph":[{"@type":"WebSite","@id":"https://feuerwehr-oberriexingen.de/content/#website","url":"https://feuerwehr-oberriexingen.de/content/","name":"Freiwillige Feuerwehr Oberriexingen","description":"24h f\u00fcr Sie im Einsatz","potentialAction":[{"@type":"SearchAction","target":{"@type":"EntryPoint","urlTemplate":"https://feuerwehr-oberriexingen.de/content/?s={search_term_string}"},"query-input":"required name=search_term_string"}],"inLanguage":"de"},{"@type":"ImageObject","@id":"https://feuerwehr-oberriexingen.de/content/einsaetze/16-10-2024-b4-feuer-rauch-person-in-gefahr/#primaryimage","inLanguage":"de","url":"https://feuerwehr-oberriexingen.de/content/wp-content/uploads/2020/03/Atemschutznotfall_5-scaled.jpg","contentUrl":"https://feuerwehr-oberriexingen.de/content/wp-content/uploads/2020/03/Atemschutznotfall_5-scaled.jpg","width":2560,"height":1707},{"@type":"WebPage","@id":"https://feuerwehr-oberriexingen.de/content/einsaetze/16-10-2024-b4-feuer-rauch-person-in-gefahr/#webpage","url":"https://feuerwehr-oberriexingen.de/content/einsaetze/16-10-2024-b4-feuer-rauch-person-in-gefahr/","name":"16.10.2024 - B4 Feuer/Rauch Person in Gefahr - Freiwillige Feuerwehr Oberriexingen","isPartOf":{"@id":"https://feuerwehr-oberriexingen.de/content/#website"},"primaryImageOfPage":{"@id":"https://feuerwehr-oberriexingen.de/content/einsaetze/16-10-2024-b4-feuer-rauch-person-in-gefahr/#primaryimage"},"datePublished":"2024-10-16T18:43:00+00:00","dateModified":"2024-10-17T15:53:40+00:00","breadcrumb":{"@id":"https://feuerwehr-oberriexingen.de/content/einsaetze/16-10-2024-b4-feuer-rauch-person-in-gefahr/#breadcrumb"},"inLanguage":"de","potentialAction":[{"@type":"ReadAction","target":["https://feuerwehr-oberriexingen.de/content/einsaetze/16-10-2024-b4-feuer-rauch-person-in-gefahr/"]}]},{"@type":"BreadcrumbList","@id":"https://feuerwehr-oberriexingen.de/content/einsaetze/16-10-2024-b4-feuer-rauch-person-in-gefahr/#breadcrumb","itemListElement":[{"@type":"ListItem","position":1,"name":"Home","item":"https://feuerwehr-oberriexingen.de/content/"},{"@type":"ListItem","position":2,"name":"Einsatzberichte","item":"https://feuerwehr-oberriexingen.de/content/einsaetze/"},{"@type":"ListItem","position":3,"name":"16.10.2024 &#8211; B4 Feuer/Rauch Person in Gefahr"}]}]}</script>
<!-- / Yoast SEO plugin. -->

Am Mittwoch Abend wurde die Feuerwehr Oberriexingen, im Rahmen der Atemschutznotfallrettung, zu einem Einsatz nach Sachsenheim alarmiert. Anrufer meldeten der Leitstelle, dass sie die Alarmtöne eines Rauchwarnmelders aus einer Wohnung hörbar sind und noch eine Person in dieser Vermutet wird. &hellip; 16.10.2024 &#8211; B4 Feuer/Rauch Person in Gefahr Weiterlesen &raquo;

24h für Sie im Einsatz
