{"id":2692,"date":"2024-02-20T20:35:00","date_gmt":"2024-02-20T19:35:00","guid":{"rendered":"https:\/\/feuerwehr-oberriexingen.de\/content\/?post_type=einsatz&#038;p=2692"},"modified":"2024-02-21T21:34:08","modified_gmt":"2024-02-21T20:34:08","slug":"20-02-2024-b3-feuer-rauch-mfh","status":"publish","type":"einsatz","link":"https:\/\/feuerwehr-oberriexingen.de\/content\/einsaetze\/20-02-2024-b3-feuer-rauch-mfh\/","title":{"rendered":"20.02.2024 &#8211; B3 Feuer\/Rauch MFH"},"content":{"rendered":"\n<p>Am Dienstag Abend wurde die Feuerwehr Oberriexingen, im Rahmen des Atemschutznotfallkonzepts, zu einem Einsatz nach Sachsenheim alarmiert. In einem Wohnhaus kam es aufgrund eines Defekts an einer Heizanlage zu einer Rauchentwicklung. Die Einsatzkr\u00e4fte der Feuerwehr Sachsenheim r\u00e4umten die Heizungsanlage leer und bel\u00fcfteten den betroffenen Bereich.\u00a0<\/p>\n\n\n","protected":false},"author":2,"featured_media":2020,"template":"","meta":{"_cbd_carousel_blocks":"[]","einsatz_weight":1},"categories":[],"tags":[],"einsatzart":[],"fahrzeug":[],"exteinsatzmittel":[21,56,58],"alarmierungsart":[24],"evw_unit":[],"yoast_head":"<!-- This site is optimized with the Yoast SEO plugin v17.8 - https:\/\/yoast.com\/wordpress\/plugins\/seo\/ -->\n<title>20.02.2024 - B3 Feuer\/Rauch MFH - Freiwillige Feuerwehr Oberriexingen<\/title>\n<meta name=\"robots\" content=\"index, follow, max-snippet:-1, max-image-preview:large, max-video-preview:-1\" \/>\n<link rel=\"canonical\" href=\"https:\/\/feuerwehr-oberriexingen.de\/content\/einsaetze\/20-02-2024-b3-feuer-rauch-mfh\/\" \/>\n<meta property=\"og:locale\" content=\"de_DE\" \/>\n<meta property=\"og:type\" content=\"article\" \/>\n<meta property=\"og:title\" content=\"20.02.2024 - B3 Feuer\/Rauch MFH - Freiwillige Feuerwehr Oberriexingen\" \/>\n<meta property=\"og:description\" content=\"Am Dienstag Abend wurde die Feuerwehr Oberriexingen, im Rahmen des Atemschutznotfallkonzepts, zu einem Einsatz nach Sachsenheim alarmiert. In einem Wohnhaus kam es aufgrund eines Defekts an einer Heizanlage zu einer Rauchentwicklung. Die Einsatzkr\u00e4fte der Feuerwehr Sachsenheim r\u00e4umten die Heizungsanlage leer &hellip; 20.02.2024 &#8211; B3 Feuer\/Rauch MFH Weiterlesen &raquo;\" \/>\n<meta property=\"og:url\" content=\"https:\/\/feuerwehr-oberriexingen.de\/content\/einsaetze\/20-02-2024-b3-feuer-rauch-mfh\/\" \/>\n<meta property=\"og:site_name\" content=\"Freiwillige Feuerwehr Oberriexingen\" \/>\n<meta property=\"article:publisher\" content=\"https:\/\/www.facebook.com\/ffwoberriexingen\/\" \/>\n<meta property=\"article:modified_time\" content=\"2024-02-21T20:34:08+00:00\" \/>\n<meta property=\"og:image\" content=\"https:\/\/feuerwehr-oberriexingen.de\/content\/wp-content\/uploads\/2020\/04\/Atemschutznotfall_3-1-scaled.jpg\" \/>\n\t<meta property=\"og:image:width\" content=\"2560\" \/>\n\t<meta property=\"og:image:height\" content=\"1707\" \/>\n<meta name=\"twitter:label1\" content=\"Gesch\u00e4tzte Lesezeit\" \/>\n\t<meta name=\"twitter:data1\" content=\"1\u00a0Minute\" \/>\n<script type=\"application\/ld+json\" class=\"yoast-schema-graph\">{\"@context\":\"https:\/\/schema.org\",\"@graph\":[{\"@type\":\"WebSite\",\"@id\":\"https:\/\/feuerwehr-oberriexingen.de\/content\/#website\",\"url\":\"https:\/\/feuerwehr-oberriexingen.de\/content\/\",\"name\":\"Freiwillige Feuerwehr Oberriexingen\",\"description\":\"24h f\\u00fcr Sie im Einsatz\",\"potentialAction\":[{\"@type\":\"SearchAction\",\"target\":{\"@type\":\"EntryPoint\",\"urlTemplate\":\"https:\/\/feuerwehr-oberriexingen.de\/content\/?s={search_term_string}\"},\"query-input\":\"required name=search_term_string\"}],\"inLanguage\":\"de\"},{\"@type\":\"ImageObject\",\"@id\":\"https:\/\/feuerwehr-oberriexingen.de\/content\/einsaetze\/20-02-2024-b3-feuer-rauch-mfh\/#primaryimage\",\"inLanguage\":\"de\",\"url\":\"https:\/\/feuerwehr-oberriexingen.de\/content\/wp-content\/uploads\/2020\/04\/Atemschutznotfall_3-1-scaled.jpg\",\"contentUrl\":\"https:\/\/feuerwehr-oberriexingen.de\/content\/wp-content\/uploads\/2020\/04\/Atemschutznotfall_3-1-scaled.jpg\",\"width\":2560,\"height\":1707},{\"@type\":\"WebPage\",\"@id\":\"https:\/\/feuerwehr-oberriexingen.de\/content\/einsaetze\/20-02-2024-b3-feuer-rauch-mfh\/#webpage\",\"url\":\"https:\/\/feuerwehr-oberriexingen.de\/content\/einsaetze\/20-02-2024-b3-feuer-rauch-mfh\/\",\"name\":\"20.02.2024 - B3 Feuer\/Rauch MFH - Freiwillige Feuerwehr Oberriexingen\",\"isPartOf\":{\"@id\":\"https:\/\/feuerwehr-oberriexingen.de\/content\/#website\"},\"primaryImageOfPage\":{\"@id\":\"https:\/\/feuerwehr-oberriexingen.de\/content\/einsaetze\/20-02-2024-b3-feuer-rauch-mfh\/#primaryimage\"},\"datePublished\":\"2024-02-20T19:35:00+00:00\",\"dateModified\":\"2024-02-21T20:34:08+00:00\",\"breadcrumb\":{\"@id\":\"https:\/\/feuerwehr-oberriexingen.de\/content\/einsaetze\/20-02-2024-b3-feuer-rauch-mfh\/#breadcrumb\"},\"inLanguage\":\"de\",\"potentialAction\":[{\"@type\":\"ReadAction\",\"target\":[\"https:\/\/feuerwehr-oberriexingen.de\/content\/einsaetze\/20-02-2024-b3-feuer-rauch-mfh\/\"]}]},{\"@type\":\"BreadcrumbList\",\"@id\":\"https:\/\/feuerwehr-oberriexingen.de\/content\/einsaetze\/20-02-2024-b3-feuer-rauch-mfh\/#breadcrumb\",\"itemListElement\":[{\"@type\":\"ListItem\",\"position\":1,\"name\":\"Home\",\"item\":\"https:\/\/feuerwehr-oberriexingen.de\/content\/\"},{\"@type\":\"ListItem\",\"position\":2,\"name\":\"Einsatzberichte\",\"item\":\"https:\/\/feuerwehr-oberriexingen.de\/content\/einsaetze\/\"},{\"@type\":\"ListItem\",\"position\":3,\"name\":\"20.02.2024 &#8211; B3 Feuer\/Rauch MFH\"}]}]}<\/script>\n<!-- \/ Yoast SEO plugin. -->","yoast_head_json":{"title":"20.02.2024 - B3 Feuer\/Rauch MFH - Freiwillige Feuerwehr Oberriexingen","robots":{"index":"index","follow":"follow","max-snippet":"max-snippet:-1","max-image-preview":"max-image-preview:large","max-video-preview":"max-video-preview:-1"},"canonical":"https:\/\/feuerwehr-oberriexingen.de\/content\/einsaetze\/20-02-2024-b3-feuer-rauch-mfh\/","og_locale":"de_DE","og_type":"article","og_title":"20.02.2024 - B3 Feuer\/Rauch MFH - Freiwillige Feuerwehr Oberriexingen","og_description":"Am Dienstag Abend wurde die Feuerwehr Oberriexingen, im Rahmen des Atemschutznotfallkonzepts, zu einem Einsatz nach Sachsenheim alarmiert. In einem Wohnhaus kam es aufgrund eines Defekts an einer Heizanlage zu einer Rauchentwicklung. Die Einsatzkr\u00e4fte der Feuerwehr Sachsenheim r\u00e4umten die Heizungsanlage leer &hellip; 20.02.2024 &#8211; B3 Feuer\/Rauch MFH Weiterlesen &raquo;","og_url":"https:\/\/feuerwehr-oberriexingen.de\/content\/einsaetze\/20-02-2024-b3-feuer-rauch-mfh\/","og_site_name":"Freiwillige Feuerwehr Oberriexingen","article_publisher":"https:\/\/www.facebook.com\/ffwoberriexingen\/","article_modified_time":"2024-02-21T20:34:08+00:00","og_image":[{"width":2560,"height":1707,"url":"https:\/\/feuerwehr-oberriexingen.de\/content\/wp-content\/uploads\/2020\/04\/Atemschutznotfall_3-1-scaled.jpg","type":"image\/jpeg"}],"twitter_misc":{"Gesch\u00e4tzte Lesezeit":"1\u00a0Minute"},"schema":{"@context":"https:\/\/schema.org","@graph":[{"@type":"WebSite","@id":"https:\/\/feuerwehr-oberriexingen.de\/content\/#website","url":"https:\/\/feuerwehr-oberriexingen.de\/content\/","name":"Freiwillige Feuerwehr Oberriexingen","description":"24h f\u00fcr Sie im Einsatz","potentialAction":[{"@type":"SearchAction","target":{"@type":"EntryPoint","urlTemplate":"https:\/\/feuerwehr-oberriexingen.de\/content\/?s={search_term_string}"},"query-input":"required name=search_term_string"}],"inLanguage":"de"},{"@type":"ImageObject","@id":"https:\/\/feuerwehr-oberriexingen.de\/content\/einsaetze\/20-02-2024-b3-feuer-rauch-mfh\/#primaryimage","inLanguage":"de","url":"https:\/\/feuerwehr-oberriexingen.de\/content\/wp-content\/uploads\/2020\/04\/Atemschutznotfall_3-1-scaled.jpg","contentUrl":"https:\/\/feuerwehr-oberriexingen.de\/content\/wp-content\/uploads\/2020\/04\/Atemschutznotfall_3-1-scaled.jpg","width":2560,"height":1707},{"@type":"WebPage","@id":"https:\/\/feuerwehr-oberriexingen.de\/content\/einsaetze\/20-02-2024-b3-feuer-rauch-mfh\/#webpage","url":"https:\/\/feuerwehr-oberriexingen.de\/content\/einsaetze\/20-02-2024-b3-feuer-rauch-mfh\/","name":"20.02.2024 - B3 Feuer\/Rauch MFH - Freiwillige Feuerwehr Oberriexingen","isPartOf":{"@id":"https:\/\/feuerwehr-oberriexingen.de\/content\/#website"},"primaryImageOfPage":{"@id":"https:\/\/feuerwehr-oberriexingen.de\/content\/einsaetze\/20-02-2024-b3-feuer-rauch-mfh\/#primaryimage"},"datePublished":"2024-02-20T19:35:00+00:00","dateModified":"2024-02-21T20:34:08+00:00","breadcrumb":{"@id":"https:\/\/feuerwehr-oberriexingen.de\/content\/einsaetze\/20-02-2024-b3-feuer-rauch-mfh\/#breadcrumb"},"inLanguage":"de","potentialAction":[{"@type":"ReadAction","target":["https:\/\/feuerwehr-oberriexingen.de\/content\/einsaetze\/20-02-2024-b3-feuer-rauch-mfh\/"]}]},{"@type":"BreadcrumbList","@id":"https:\/\/feuerwehr-oberriexingen.de\/content\/einsaetze\/20-02-2024-b3-feuer-rauch-mfh\/#breadcrumb","itemListElement":[{"@type":"ListItem","position":1,"name":"Home","item":"https:\/\/feuerwehr-oberriexingen.de\/content\/"},{"@type":"ListItem","position":2,"name":"Einsatzberichte","item":"https:\/\/feuerwehr-oberriexingen.de\/content\/einsaetze\/"},{"@type":"ListItem","position":3,"name":"20.02.2024 &#8211; B3 Feuer\/Rauch MFH"}]}]}},"_links":{"self":[{"href":"https:\/\/feuerwehr-oberriexingen.de\/content\/wp-json\/wp\/v2\/einsatz\/2692"}],"collection":[{"href":"https:\/\/feuerwehr-oberriexingen.de\/content\/wp-json\/wp\/v2\/einsatz"}],"about":[{"href":"https:\/\/feuerwehr-oberriexingen.de\/content\/wp-json\/wp\/v2\/types\/einsatz"}],"author":[{"embeddable":true,"href":"https:\/\/feuerwehr-oberriexingen.de\/content\/wp-json\/wp\/v2\/users\/2"}],"version-history":[{"count":1,"href":"https:\/\/feuerwehr-oberriexingen.de\/content\/wp-json\/wp\/v2\/einsatz\/2692\/revisions"}],"predecessor-version":[{"id":2693,"href":"https:\/\/feuerwehr-oberriexingen.de\/content\/wp-json\/wp\/v2\/einsatz\/2692\/revisions\/2693"}],"wp:featuredmedia":[{"embeddable":true,"href":"https:\/\/feuerwehr-oberriexingen.de\/content\/wp-json\/wp\/v2\/media\/2020"}],"wp:attachment":[{"href":"https:\/\/feuerwehr-oberriexingen.de\/content\/wp-json\/wp\/v2\/media?parent=2692"}],"wp:term":[{"taxonomy":"category","embeddable":true,"href":"https:\/\/feuerwehr-oberriexingen.de\/content\/wp-json\/wp\/v2\/categories?post=2692"},{"taxonomy":"post_tag","embeddable":true,"href":"https:\/\/feuerwehr-oberriexingen.de\/content\/wp-json\/wp\/v2\/tags?post=2692"},{"taxonomy":"einsatzart","embeddable":true,"href":"https:\/\/feuerwehr-oberriexingen.de\/content\/wp-json\/wp\/v2\/einsatzart?post=2692"},{"taxonomy":"fahrzeug","embeddable":true,"href":"https:\/\/feuerwehr-oberriexingen.de\/content\/wp-json\/wp\/v2\/fahrzeug?post=2692"},{"taxonomy":"exteinsatzmittel","embeddable":true,"href":"https:\/\/feuerwehr-oberriexingen.de\/content\/wp-json\/wp\/v2\/exteinsatzmittel?post=2692"},{"taxonomy":"alarmierungsart","embeddable":true,"href":"https:\/\/feuerwehr-oberriexingen.de\/content\/wp-json\/wp\/v2\/alarmierungsart?post=2692"},{"taxonomy":"evw_unit","embeddable":true,"href":"https:\/\/feuerwehr-oberriexingen.de\/content\/wp-json\/wp\/v2\/evw_unit?post=2692"}],"curies":[{"name":"wp","href":"https:\/\/api.w.org\/{rel}","templated":true}]}}

<p>Am Dienstag Abend wurde die Feuerwehr Oberriexingen, im Rahmen des Atemschutznotfallkonzepts, zu einem Einsatz nach Sachsenheim alarmiert. In einem Wohnhaus kam es aufgrund eines Defekts an einer Heizanlage zu einer Rauchentwicklung. Die Einsatzkräfte der Feuerwehr Sachsenheim räumten die Heizungsanlage leer und belüfteten den betroffenen Bereich. </p>

<!-- This site is optimized with the Yoast SEO plugin v17.8 - https://yoast.com/wordpress/plugins/seo/ -->
<title>20.02.2024 - B3 Feuer/Rauch MFH - Freiwillige Feuerwehr Oberriexingen</title>
<meta name="robots" content="index, follow, max-snippet:-1, max-image-preview:large, max-video-preview:-1" />
<link rel="canonical" href="https://feuerwehr-oberriexingen.de/content/einsaetze/20-02-2024-b3-feuer-rauch-mfh/" />
<meta property="og:locale" content="de_DE" />
<meta property="og:type" content="article" />
<meta property="og:title" content="20.02.2024 - B3 Feuer/Rauch MFH - Freiwillige Feuerwehr Oberriexingen" />
<meta property="og:description" content="Am Dienstag Abend wurde die Feuerwehr Oberriexingen, im Rahmen des Atemschutznotfallkonzepts, zu einem Einsatz nach Sachsenheim alarmiert. In einem Wohnhaus kam es aufgrund eines Defekts an einer Heizanlage zu einer Rauchentwicklung. Die Einsatzkräfte der Feuerwehr Sachsenheim räumten die Heizungsanlage leer &hellip; 20.02.2024 &#8211; B3 Feuer/Rauch MFH Weiterlesen &raquo;" />
<meta property="og:url" content="https://feuerwehr-oberriexingen.de/content/einsaetze/20-02-2024-b3-feuer-rauch-mfh/" />
<meta property="og:site_name" content="Freiwillige Feuerwehr Oberriexingen" />
<meta property="article:publisher" content="https://www.facebook.com/ffwoberriexingen/" />
<meta property="article:modified_time" content="2024-02-21T20:34:08+00:00" />
<meta property="og:image" content="https://feuerwehr-oberriexingen.de/content/wp-content/uploads/2020/04/Atemschutznotfall_3-1-scaled.jpg" />
	<meta property="og:image:width" content="2560" />
	<meta property="og:image:height" content="1707" />
<meta name="twitter:label1" content="Geschätzte Lesezeit" />
	<meta name="twitter:data1" content="1 Minute" />
<script type="application/ld+json" class="yoast-schema-graph">{"@context":"https://schema.org","@graph":[{"@type":"WebSite","@id":"https://feuerwehr-oberriexingen.de/content/#website","url":"https://feuerwehr-oberriexingen.de/content/","name":"Freiwillige Feuerwehr Oberriexingen","description":"24h f\u00fcr Sie im Einsatz","potentialAction":[{"@type":"SearchAction","target":{"@type":"EntryPoint","urlTemplate":"https://feuerwehr-oberriexingen.de/content/?s={search_term_string}"},"query-input":"required name=search_term_string"}],"inLanguage":"de"},{"@type":"ImageObject","@id":"https://feuerwehr-oberriexingen.de/content/einsaetze/20-02-2024-b3-feuer-rauch-mfh/#primaryimage","inLanguage":"de","url":"https://feuerwehr-oberriexingen.de/content/wp-content/uploads/2020/04/Atemschutznotfall_3-1-scaled.jpg","contentUrl":"https://feuerwehr-oberriexingen.de/content/wp-content/uploads/2020/04/Atemschutznotfall_3-1-scaled.jpg","width":2560,"height":1707},{"@type":"WebPage","@id":"https://feuerwehr-oberriexingen.de/content/einsaetze/20-02-2024-b3-feuer-rauch-mfh/#webpage","url":"https://feuerwehr-oberriexingen.de/content/einsaetze/20-02-2024-b3-feuer-rauch-mfh/","name":"20.02.2024 - B3 Feuer/Rauch MFH - Freiwillige Feuerwehr Oberriexingen","isPartOf":{"@id":"https://feuerwehr-oberriexingen.de/content/#website"},"primaryImageOfPage":{"@id":"https://feuerwehr-oberriexingen.de/content/einsaetze/20-02-2024-b3-feuer-rauch-mfh/#primaryimage"},"datePublished":"2024-02-20T19:35:00+00:00","dateModified":"2024-02-21T20:34:08+00:00","breadcrumb":{"@id":"https://feuerwehr-oberriexingen.de/content/einsaetze/20-02-2024-b3-feuer-rauch-mfh/#breadcrumb"},"inLanguage":"de","potentialAction":[{"@type":"ReadAction","target":["https://feuerwehr-oberriexingen.de/content/einsaetze/20-02-2024-b3-feuer-rauch-mfh/"]}]},{"@type":"BreadcrumbList","@id":"https://feuerwehr-oberriexingen.de/content/einsaetze/20-02-2024-b3-feuer-rauch-mfh/#breadcrumb","itemListElement":[{"@type":"ListItem","position":1,"name":"Home","item":"https://feuerwehr-oberriexingen.de/content/"},{"@type":"ListItem","position":2,"name":"Einsatzberichte","item":"https://feuerwehr-oberriexingen.de/content/einsaetze/"},{"@type":"ListItem","position":3,"name":"20.02.2024 &#8211; B3 Feuer/Rauch MFH"}]}]}</script>
<!-- / Yoast SEO plugin. -->

Am Dienstag Abend wurde die Feuerwehr Oberriexingen, im Rahmen des Atemschutznotfallkonzepts, zu einem Einsatz nach Sachsenheim alarmiert. In einem Wohnhaus kam es aufgrund eines Defekts an einer Heizanlage zu einer Rauchentwicklung. Die Einsatzkräfte der Feuerwehr Sachsenheim räumten die Heizungsanlage leer &hellip; 20.02.2024 &#8211; B3 Feuer/Rauch MFH Weiterlesen &raquo;

24h für Sie im Einsatz
