{"id":2677,"date":"2024-01-13T13:55:00","date_gmt":"2024-01-13T12:55:00","guid":{"rendered":"https:\/\/feuerwehr-oberriexingen.de\/content\/?post_type=einsatz&#038;p=2677"},"modified":"2024-01-15T19:33:27","modified_gmt":"2024-01-15T18:33:27","slug":"13-01-2024-b3-feuer-rauch-einfamilienhaus","status":"publish","type":"einsatz","link":"https:\/\/feuerwehr-oberriexingen.de\/content\/einsaetze\/13-01-2024-b3-feuer-rauch-einfamilienhaus\/","title":{"rendered":"13.01.2024 &#8211; B3 Feuer\/Rauch Einfamilienhaus"},"content":{"rendered":"\n\n\n<p>Die Feuerwehr Oberriexingen wurde am vergangenen Samstag, im Rahmen der interkommunalen Zusammenarbeit, zu einem Einsatz nach Sersheim alarmiert. Die Einsatzkr\u00e4fte der Feuerwehr Sersheim kontrollierten den betroffenen Bereich und f\u00fchrten Nachl\u00f6scharbeiten durch.<\/p>\n<p>\u00a0<\/p>\n","protected":false},"author":2,"featured_media":2359,"template":"","meta":{"_cbd_carousel_blocks":"[]","einsatz_weight":1},"categories":[],"tags":[],"einsatzart":[8],"fahrzeug":[44],"exteinsatzmittel":[21,20,22,56,58],"alarmierungsart":[24],"evw_unit":[],"yoast_head":"<!-- This site is optimized with the Yoast SEO plugin v17.8 - https:\/\/yoast.com\/wordpress\/plugins\/seo\/ -->\n<title>13.01.2024 - B3 Feuer\/Rauch Einfamilienhaus - Freiwillige Feuerwehr Oberriexingen<\/title>\n<meta name=\"robots\" content=\"index, follow, max-snippet:-1, max-image-preview:large, max-video-preview:-1\" \/>\n<link rel=\"canonical\" href=\"https:\/\/feuerwehr-oberriexingen.de\/content\/einsaetze\/13-01-2024-b3-feuer-rauch-einfamilienhaus\/\" \/>\n<meta property=\"og:locale\" content=\"de_DE\" \/>\n<meta property=\"og:type\" content=\"article\" \/>\n<meta property=\"og:title\" content=\"13.01.2024 - B3 Feuer\/Rauch Einfamilienhaus - Freiwillige Feuerwehr Oberriexingen\" \/>\n<meta property=\"og:description\" content=\"Die Feuerwehr Oberriexingen wurde am vergangenen Samstag, im Rahmen der interkommunalen Zusammenarbeit, zu einem Einsatz nach Sersheim alarmiert. Die Einsatzkr\u00e4fte der Feuerwehr Sersheim kontrollierten den betroffenen Bereich und f\u00fchrten Nachl\u00f6scharbeiten durch. \u00a0\" \/>\n<meta property=\"og:url\" content=\"https:\/\/feuerwehr-oberriexingen.de\/content\/einsaetze\/13-01-2024-b3-feuer-rauch-einfamilienhaus\/\" \/>\n<meta property=\"og:site_name\" content=\"Freiwillige Feuerwehr Oberriexingen\" \/>\n<meta property=\"article:publisher\" content=\"https:\/\/www.facebook.com\/ffwoberriexingen\/\" \/>\n<meta property=\"article:modified_time\" content=\"2024-01-15T18:33:27+00:00\" \/>\n<meta property=\"og:image\" content=\"https:\/\/feuerwehr-oberriexingen.de\/content\/wp-content\/uploads\/2022\/04\/Brandeinsatz_2-150x150-1.jpg\" \/>\n\t<meta property=\"og:image:width\" content=\"150\" \/>\n\t<meta property=\"og:image:height\" content=\"150\" \/>\n<meta name=\"twitter:label1\" content=\"Gesch\u00e4tzte Lesezeit\" \/>\n\t<meta name=\"twitter:data1\" content=\"1\u00a0Minute\" \/>\n<script type=\"application\/ld+json\" class=\"yoast-schema-graph\">{\"@context\":\"https:\/\/schema.org\",\"@graph\":[{\"@type\":\"WebSite\",\"@id\":\"https:\/\/feuerwehr-oberriexingen.de\/content\/#website\",\"url\":\"https:\/\/feuerwehr-oberriexingen.de\/content\/\",\"name\":\"Freiwillige Feuerwehr Oberriexingen\",\"description\":\"24h f\\u00fcr Sie im Einsatz\",\"potentialAction\":[{\"@type\":\"SearchAction\",\"target\":{\"@type\":\"EntryPoint\",\"urlTemplate\":\"https:\/\/feuerwehr-oberriexingen.de\/content\/?s={search_term_string}\"},\"query-input\":\"required name=search_term_string\"}],\"inLanguage\":\"de\"},{\"@type\":\"ImageObject\",\"@id\":\"https:\/\/feuerwehr-oberriexingen.de\/content\/einsaetze\/13-01-2024-b3-feuer-rauch-einfamilienhaus\/#primaryimage\",\"inLanguage\":\"de\",\"url\":\"https:\/\/feuerwehr-oberriexingen.de\/content\/wp-content\/uploads\/2022\/04\/Brandeinsatz_2-150x150-1.jpg\",\"contentUrl\":\"https:\/\/feuerwehr-oberriexingen.de\/content\/wp-content\/uploads\/2022\/04\/Brandeinsatz_2-150x150-1.jpg\",\"width\":150,\"height\":150},{\"@type\":\"WebPage\",\"@id\":\"https:\/\/feuerwehr-oberriexingen.de\/content\/einsaetze\/13-01-2024-b3-feuer-rauch-einfamilienhaus\/#webpage\",\"url\":\"https:\/\/feuerwehr-oberriexingen.de\/content\/einsaetze\/13-01-2024-b3-feuer-rauch-einfamilienhaus\/\",\"name\":\"13.01.2024 - B3 Feuer\/Rauch Einfamilienhaus - Freiwillige Feuerwehr Oberriexingen\",\"isPartOf\":{\"@id\":\"https:\/\/feuerwehr-oberriexingen.de\/content\/#website\"},\"primaryImageOfPage\":{\"@id\":\"https:\/\/feuerwehr-oberriexingen.de\/content\/einsaetze\/13-01-2024-b3-feuer-rauch-einfamilienhaus\/#primaryimage\"},\"datePublished\":\"2024-01-13T12:55:00+00:00\",\"dateModified\":\"2024-01-15T18:33:27+00:00\",\"breadcrumb\":{\"@id\":\"https:\/\/feuerwehr-oberriexingen.de\/content\/einsaetze\/13-01-2024-b3-feuer-rauch-einfamilienhaus\/#breadcrumb\"},\"inLanguage\":\"de\",\"potentialAction\":[{\"@type\":\"ReadAction\",\"target\":[\"https:\/\/feuerwehr-oberriexingen.de\/content\/einsaetze\/13-01-2024-b3-feuer-rauch-einfamilienhaus\/\"]}]},{\"@type\":\"BreadcrumbList\",\"@id\":\"https:\/\/feuerwehr-oberriexingen.de\/content\/einsaetze\/13-01-2024-b3-feuer-rauch-einfamilienhaus\/#breadcrumb\",\"itemListElement\":[{\"@type\":\"ListItem\",\"position\":1,\"name\":\"Home\",\"item\":\"https:\/\/feuerwehr-oberriexingen.de\/content\/\"},{\"@type\":\"ListItem\",\"position\":2,\"name\":\"Einsatzberichte\",\"item\":\"https:\/\/feuerwehr-oberriexingen.de\/content\/einsaetze\/\"},{\"@type\":\"ListItem\",\"position\":3,\"name\":\"13.01.2024 &#8211; B3 Feuer\/Rauch Einfamilienhaus\"}]}]}<\/script>\n<!-- \/ Yoast SEO plugin. -->","yoast_head_json":{"title":"13.01.2024 - B3 Feuer\/Rauch Einfamilienhaus - Freiwillige Feuerwehr Oberriexingen","robots":{"index":"index","follow":"follow","max-snippet":"max-snippet:-1","max-image-preview":"max-image-preview:large","max-video-preview":"max-video-preview:-1"},"canonical":"https:\/\/feuerwehr-oberriexingen.de\/content\/einsaetze\/13-01-2024-b3-feuer-rauch-einfamilienhaus\/","og_locale":"de_DE","og_type":"article","og_title":"13.01.2024 - B3 Feuer\/Rauch Einfamilienhaus - Freiwillige Feuerwehr Oberriexingen","og_description":"Die Feuerwehr Oberriexingen wurde am vergangenen Samstag, im Rahmen der interkommunalen Zusammenarbeit, zu einem Einsatz nach Sersheim alarmiert. Die Einsatzkr\u00e4fte der Feuerwehr Sersheim kontrollierten den betroffenen Bereich und f\u00fchrten Nachl\u00f6scharbeiten durch. \u00a0","og_url":"https:\/\/feuerwehr-oberriexingen.de\/content\/einsaetze\/13-01-2024-b3-feuer-rauch-einfamilienhaus\/","og_site_name":"Freiwillige Feuerwehr Oberriexingen","article_publisher":"https:\/\/www.facebook.com\/ffwoberriexingen\/","article_modified_time":"2024-01-15T18:33:27+00:00","og_image":[{"width":150,"height":150,"url":"https:\/\/feuerwehr-oberriexingen.de\/content\/wp-content\/uploads\/2022\/04\/Brandeinsatz_2-150x150-1.jpg","type":"image\/jpeg"}],"twitter_misc":{"Gesch\u00e4tzte Lesezeit":"1\u00a0Minute"},"schema":{"@context":"https:\/\/schema.org","@graph":[{"@type":"WebSite","@id":"https:\/\/feuerwehr-oberriexingen.de\/content\/#website","url":"https:\/\/feuerwehr-oberriexingen.de\/content\/","name":"Freiwillige Feuerwehr Oberriexingen","description":"24h f\u00fcr Sie im Einsatz","potentialAction":[{"@type":"SearchAction","target":{"@type":"EntryPoint","urlTemplate":"https:\/\/feuerwehr-oberriexingen.de\/content\/?s={search_term_string}"},"query-input":"required name=search_term_string"}],"inLanguage":"de"},{"@type":"ImageObject","@id":"https:\/\/feuerwehr-oberriexingen.de\/content\/einsaetze\/13-01-2024-b3-feuer-rauch-einfamilienhaus\/#primaryimage","inLanguage":"de","url":"https:\/\/feuerwehr-oberriexingen.de\/content\/wp-content\/uploads\/2022\/04\/Brandeinsatz_2-150x150-1.jpg","contentUrl":"https:\/\/feuerwehr-oberriexingen.de\/content\/wp-content\/uploads\/2022\/04\/Brandeinsatz_2-150x150-1.jpg","width":150,"height":150},{"@type":"WebPage","@id":"https:\/\/feuerwehr-oberriexingen.de\/content\/einsaetze\/13-01-2024-b3-feuer-rauch-einfamilienhaus\/#webpage","url":"https:\/\/feuerwehr-oberriexingen.de\/content\/einsaetze\/13-01-2024-b3-feuer-rauch-einfamilienhaus\/","name":"13.01.2024 - B3 Feuer\/Rauch Einfamilienhaus - Freiwillige Feuerwehr Oberriexingen","isPartOf":{"@id":"https:\/\/feuerwehr-oberriexingen.de\/content\/#website"},"primaryImageOfPage":{"@id":"https:\/\/feuerwehr-oberriexingen.de\/content\/einsaetze\/13-01-2024-b3-feuer-rauch-einfamilienhaus\/#primaryimage"},"datePublished":"2024-01-13T12:55:00+00:00","dateModified":"2024-01-15T18:33:27+00:00","breadcrumb":{"@id":"https:\/\/feuerwehr-oberriexingen.de\/content\/einsaetze\/13-01-2024-b3-feuer-rauch-einfamilienhaus\/#breadcrumb"},"inLanguage":"de","potentialAction":[{"@type":"ReadAction","target":["https:\/\/feuerwehr-oberriexingen.de\/content\/einsaetze\/13-01-2024-b3-feuer-rauch-einfamilienhaus\/"]}]},{"@type":"BreadcrumbList","@id":"https:\/\/feuerwehr-oberriexingen.de\/content\/einsaetze\/13-01-2024-b3-feuer-rauch-einfamilienhaus\/#breadcrumb","itemListElement":[{"@type":"ListItem","position":1,"name":"Home","item":"https:\/\/feuerwehr-oberriexingen.de\/content\/"},{"@type":"ListItem","position":2,"name":"Einsatzberichte","item":"https:\/\/feuerwehr-oberriexingen.de\/content\/einsaetze\/"},{"@type":"ListItem","position":3,"name":"13.01.2024 &#8211; B3 Feuer\/Rauch Einfamilienhaus"}]}]}},"_links":{"self":[{"href":"https:\/\/feuerwehr-oberriexingen.de\/content\/wp-json\/wp\/v2\/einsatz\/2677"}],"collection":[{"href":"https:\/\/feuerwehr-oberriexingen.de\/content\/wp-json\/wp\/v2\/einsatz"}],"about":[{"href":"https:\/\/feuerwehr-oberriexingen.de\/content\/wp-json\/wp\/v2\/types\/einsatz"}],"author":[{"embeddable":true,"href":"https:\/\/feuerwehr-oberriexingen.de\/content\/wp-json\/wp\/v2\/users\/2"}],"version-history":[{"count":1,"href":"https:\/\/feuerwehr-oberriexingen.de\/content\/wp-json\/wp\/v2\/einsatz\/2677\/revisions"}],"predecessor-version":[{"id":2678,"href":"https:\/\/feuerwehr-oberriexingen.de\/content\/wp-json\/wp\/v2\/einsatz\/2677\/revisions\/2678"}],"wp:featuredmedia":[{"embeddable":true,"href":"https:\/\/feuerwehr-oberriexingen.de\/content\/wp-json\/wp\/v2\/media\/2359"}],"wp:attachment":[{"href":"https:\/\/feuerwehr-oberriexingen.de\/content\/wp-json\/wp\/v2\/media?parent=2677"}],"wp:term":[{"taxonomy":"category","embeddable":true,"href":"https:\/\/feuerwehr-oberriexingen.de\/content\/wp-json\/wp\/v2\/categories?post=2677"},{"taxonomy":"post_tag","embeddable":true,"href":"https:\/\/feuerwehr-oberriexingen.de\/content\/wp-json\/wp\/v2\/tags?post=2677"},{"taxonomy":"einsatzart","embeddable":true,"href":"https:\/\/feuerwehr-oberriexingen.de\/content\/wp-json\/wp\/v2\/einsatzart?post=2677"},{"taxonomy":"fahrzeug","embeddable":true,"href":"https:\/\/feuerwehr-oberriexingen.de\/content\/wp-json\/wp\/v2\/fahrzeug?post=2677"},{"taxonomy":"exteinsatzmittel","embeddable":true,"href":"https:\/\/feuerwehr-oberriexingen.de\/content\/wp-json\/wp\/v2\/exteinsatzmittel?post=2677"},{"taxonomy":"alarmierungsart","embeddable":true,"href":"https:\/\/feuerwehr-oberriexingen.de\/content\/wp-json\/wp\/v2\/alarmierungsart?post=2677"},{"taxonomy":"evw_unit","embeddable":true,"href":"https:\/\/feuerwehr-oberriexingen.de\/content\/wp-json\/wp\/v2\/evw_unit?post=2677"}],"curies":[{"name":"wp","href":"https:\/\/api.w.org\/{rel}","templated":true}]}}

<p>Die Feuerwehr Oberriexingen wurde am vergangenen Samstag, im Rahmen der interkommunalen Zusammenarbeit, zu einem Einsatz nach Sersheim alarmiert. Die Einsatzkräfte der Feuerwehr Sersheim kontrollierten den betroffenen Bereich und führten Nachlöscharbeiten durch.</p>
<p> </p>

<!-- This site is optimized with the Yoast SEO plugin v17.8 - https://yoast.com/wordpress/plugins/seo/ -->
<title>13.01.2024 - B3 Feuer/Rauch Einfamilienhaus - Freiwillige Feuerwehr Oberriexingen</title>
<meta name="robots" content="index, follow, max-snippet:-1, max-image-preview:large, max-video-preview:-1" />
<link rel="canonical" href="https://feuerwehr-oberriexingen.de/content/einsaetze/13-01-2024-b3-feuer-rauch-einfamilienhaus/" />
<meta property="og:locale" content="de_DE" />
<meta property="og:type" content="article" />
<meta property="og:title" content="13.01.2024 - B3 Feuer/Rauch Einfamilienhaus - Freiwillige Feuerwehr Oberriexingen" />
<meta property="og:description" content="Die Feuerwehr Oberriexingen wurde am vergangenen Samstag, im Rahmen der interkommunalen Zusammenarbeit, zu einem Einsatz nach Sersheim alarmiert. Die Einsatzkräfte der Feuerwehr Sersheim kontrollierten den betroffenen Bereich und führten Nachlöscharbeiten durch.  " />
<meta property="og:url" content="https://feuerwehr-oberriexingen.de/content/einsaetze/13-01-2024-b3-feuer-rauch-einfamilienhaus/" />
<meta property="og:site_name" content="Freiwillige Feuerwehr Oberriexingen" />
<meta property="article:publisher" content="https://www.facebook.com/ffwoberriexingen/" />
<meta property="article:modified_time" content="2024-01-15T18:33:27+00:00" />
<meta property="og:image" content="https://feuerwehr-oberriexingen.de/content/wp-content/uploads/2022/04/Brandeinsatz_2-150x150-1.jpg" />
	<meta property="og:image:width" content="150" />
	<meta property="og:image:height" content="150" />
<meta name="twitter:label1" content="Geschätzte Lesezeit" />
	<meta name="twitter:data1" content="1 Minute" />
<script type="application/ld+json" class="yoast-schema-graph">{"@context":"https://schema.org","@graph":[{"@type":"WebSite","@id":"https://feuerwehr-oberriexingen.de/content/#website","url":"https://feuerwehr-oberriexingen.de/content/","name":"Freiwillige Feuerwehr Oberriexingen","description":"24h f\u00fcr Sie im Einsatz","potentialAction":[{"@type":"SearchAction","target":{"@type":"EntryPoint","urlTemplate":"https://feuerwehr-oberriexingen.de/content/?s={search_term_string}"},"query-input":"required name=search_term_string"}],"inLanguage":"de"},{"@type":"ImageObject","@id":"https://feuerwehr-oberriexingen.de/content/einsaetze/13-01-2024-b3-feuer-rauch-einfamilienhaus/#primaryimage","inLanguage":"de","url":"https://feuerwehr-oberriexingen.de/content/wp-content/uploads/2022/04/Brandeinsatz_2-150x150-1.jpg","contentUrl":"https://feuerwehr-oberriexingen.de/content/wp-content/uploads/2022/04/Brandeinsatz_2-150x150-1.jpg","width":150,"height":150},{"@type":"WebPage","@id":"https://feuerwehr-oberriexingen.de/content/einsaetze/13-01-2024-b3-feuer-rauch-einfamilienhaus/#webpage","url":"https://feuerwehr-oberriexingen.de/content/einsaetze/13-01-2024-b3-feuer-rauch-einfamilienhaus/","name":"13.01.2024 - B3 Feuer/Rauch Einfamilienhaus - Freiwillige Feuerwehr Oberriexingen","isPartOf":{"@id":"https://feuerwehr-oberriexingen.de/content/#website"},"primaryImageOfPage":{"@id":"https://feuerwehr-oberriexingen.de/content/einsaetze/13-01-2024-b3-feuer-rauch-einfamilienhaus/#primaryimage"},"datePublished":"2024-01-13T12:55:00+00:00","dateModified":"2024-01-15T18:33:27+00:00","breadcrumb":{"@id":"https://feuerwehr-oberriexingen.de/content/einsaetze/13-01-2024-b3-feuer-rauch-einfamilienhaus/#breadcrumb"},"inLanguage":"de","potentialAction":[{"@type":"ReadAction","target":["https://feuerwehr-oberriexingen.de/content/einsaetze/13-01-2024-b3-feuer-rauch-einfamilienhaus/"]}]},{"@type":"BreadcrumbList","@id":"https://feuerwehr-oberriexingen.de/content/einsaetze/13-01-2024-b3-feuer-rauch-einfamilienhaus/#breadcrumb","itemListElement":[{"@type":"ListItem","position":1,"name":"Home","item":"https://feuerwehr-oberriexingen.de/content/"},{"@type":"ListItem","position":2,"name":"Einsatzberichte","item":"https://feuerwehr-oberriexingen.de/content/einsaetze/"},{"@type":"ListItem","position":3,"name":"13.01.2024 &#8211; B3 Feuer/Rauch Einfamilienhaus"}]}]}</script>
<!-- / Yoast SEO plugin. -->

Die Feuerwehr Oberriexingen wurde am vergangenen Samstag, im Rahmen der interkommunalen Zusammenarbeit, zu einem Einsatz nach Sersheim alarmiert. Die Einsatzkräfte der Feuerwehr Sersheim kontrollierten den betroffenen Bereich und führten Nachlöscharbeiten durch.

24h für Sie im Einsatz
