{"id":2418,"date":"2022-07-19T20:29:00","date_gmt":"2022-07-19T18:29:00","guid":{"rendered":"https:\/\/feuerwehr-oberriexingen.de\/content\/?post_type=einsatz&#038;p=2418"},"modified":"2022-07-20T17:06:01","modified_gmt":"2022-07-20T15:06:01","slug":"19-07-2022-b3-bma","status":"publish","type":"einsatz","link":"https:\/\/feuerwehr-oberriexingen.de\/content\/einsaetze\/19-07-2022-b3-bma\/","title":{"rendered":"19.07.2022 &#8211; B3 BMA"},"content":{"rendered":"\n<p>Am Dienstagabend wurde die Feuerwehr Oberriexingen, im Rahmen des Atemschutznotfallkonzepts, zu einer ausgel\u00f6sten Brandmeldeanlage in einem Industriebetrieb in Sachsenheim alarmiert. Die Einsatzkr\u00e4fte der Feuerwehr Sachsenheim konnten vor Ort keinen Grund f\u00fcr die Ausl\u00f6sung feststellen und haben die Anlage an den Betreiber \u00fcbergeben. Ein Einsatz f\u00fcr die Kr\u00e4fte aus Oberriexingen war nicht notwendig.<\/p>\n","protected":false},"author":2,"featured_media":1996,"template":"","meta":{"_cbd_carousel_blocks":"[]","einsatz_weight":1},"categories":[],"tags":[],"einsatzart":[64],"fahrzeug":[44],"exteinsatzmittel":[34,21,56,58],"alarmierungsart":[24],"evw_unit":[],"yoast_head":"<!-- This site is optimized with the Yoast SEO plugin v17.8 - https:\/\/yoast.com\/wordpress\/plugins\/seo\/ -->\n<title>19.07.2022 - B3 BMA - Freiwillige Feuerwehr Oberriexingen<\/title>\n<meta name=\"robots\" content=\"index, follow, max-snippet:-1, max-image-preview:large, max-video-preview:-1\" \/>\n<link rel=\"canonical\" href=\"https:\/\/feuerwehr-oberriexingen.de\/content\/einsaetze\/19-07-2022-b3-bma\/\" \/>\n<meta property=\"og:locale\" content=\"de_DE\" \/>\n<meta property=\"og:type\" content=\"article\" \/>\n<meta property=\"og:title\" content=\"19.07.2022 - B3 BMA - Freiwillige Feuerwehr Oberriexingen\" \/>\n<meta property=\"og:description\" content=\"Am Dienstagabend wurde die Feuerwehr Oberriexingen, im Rahmen des Atemschutznotfallkonzepts, zu einer ausgel\u00f6sten Brandmeldeanlage in einem Industriebetrieb in Sachsenheim alarmiert. Die Einsatzkr\u00e4fte der Feuerwehr Sachsenheim konnten vor Ort keinen Grund f\u00fcr die Ausl\u00f6sung feststellen und haben die Anlage an den &hellip; 19.07.2022 &#8211; B3 BMA Weiterlesen &raquo;\" \/>\n<meta property=\"og:url\" content=\"https:\/\/feuerwehr-oberriexingen.de\/content\/einsaetze\/19-07-2022-b3-bma\/\" \/>\n<meta property=\"og:site_name\" content=\"Freiwillige Feuerwehr Oberriexingen\" \/>\n<meta property=\"article:publisher\" content=\"https:\/\/www.facebook.com\/ffwoberriexingen\/\" \/>\n<meta property=\"article:modified_time\" content=\"2022-07-20T15:06:01+00:00\" \/>\n<meta property=\"og:image\" content=\"https:\/\/feuerwehr-oberriexingen.de\/content\/wp-content\/uploads\/2020\/03\/Atemschutznotfall_2-scaled.jpg\" \/>\n\t<meta property=\"og:image:width\" content=\"2560\" \/>\n\t<meta property=\"og:image:height\" content=\"1707\" \/>\n<meta name=\"twitter:label1\" content=\"Gesch\u00e4tzte Lesezeit\" \/>\n\t<meta name=\"twitter:data1\" content=\"1\u00a0Minute\" \/>\n<script type=\"application\/ld+json\" class=\"yoast-schema-graph\">{\"@context\":\"https:\/\/schema.org\",\"@graph\":[{\"@type\":\"WebSite\",\"@id\":\"https:\/\/feuerwehr-oberriexingen.de\/content\/#website\",\"url\":\"https:\/\/feuerwehr-oberriexingen.de\/content\/\",\"name\":\"Freiwillige Feuerwehr Oberriexingen\",\"description\":\"24h f\\u00fcr Sie im Einsatz\",\"potentialAction\":[{\"@type\":\"SearchAction\",\"target\":{\"@type\":\"EntryPoint\",\"urlTemplate\":\"https:\/\/feuerwehr-oberriexingen.de\/content\/?s={search_term_string}\"},\"query-input\":\"required name=search_term_string\"}],\"inLanguage\":\"de\"},{\"@type\":\"ImageObject\",\"@id\":\"https:\/\/feuerwehr-oberriexingen.de\/content\/einsaetze\/19-07-2022-b3-bma\/#primaryimage\",\"inLanguage\":\"de\",\"url\":\"https:\/\/feuerwehr-oberriexingen.de\/content\/wp-content\/uploads\/2020\/03\/Atemschutznotfall_2-scaled.jpg\",\"contentUrl\":\"https:\/\/feuerwehr-oberriexingen.de\/content\/wp-content\/uploads\/2020\/03\/Atemschutznotfall_2-scaled.jpg\",\"width\":2560,\"height\":1707},{\"@type\":\"WebPage\",\"@id\":\"https:\/\/feuerwehr-oberriexingen.de\/content\/einsaetze\/19-07-2022-b3-bma\/#webpage\",\"url\":\"https:\/\/feuerwehr-oberriexingen.de\/content\/einsaetze\/19-07-2022-b3-bma\/\",\"name\":\"19.07.2022 - B3 BMA - Freiwillige Feuerwehr Oberriexingen\",\"isPartOf\":{\"@id\":\"https:\/\/feuerwehr-oberriexingen.de\/content\/#website\"},\"primaryImageOfPage\":{\"@id\":\"https:\/\/feuerwehr-oberriexingen.de\/content\/einsaetze\/19-07-2022-b3-bma\/#primaryimage\"},\"datePublished\":\"2022-07-19T18:29:00+00:00\",\"dateModified\":\"2022-07-20T15:06:01+00:00\",\"breadcrumb\":{\"@id\":\"https:\/\/feuerwehr-oberriexingen.de\/content\/einsaetze\/19-07-2022-b3-bma\/#breadcrumb\"},\"inLanguage\":\"de\",\"potentialAction\":[{\"@type\":\"ReadAction\",\"target\":[\"https:\/\/feuerwehr-oberriexingen.de\/content\/einsaetze\/19-07-2022-b3-bma\/\"]}]},{\"@type\":\"BreadcrumbList\",\"@id\":\"https:\/\/feuerwehr-oberriexingen.de\/content\/einsaetze\/19-07-2022-b3-bma\/#breadcrumb\",\"itemListElement\":[{\"@type\":\"ListItem\",\"position\":1,\"name\":\"Home\",\"item\":\"https:\/\/feuerwehr-oberriexingen.de\/content\/\"},{\"@type\":\"ListItem\",\"position\":2,\"name\":\"Einsatzberichte\",\"item\":\"https:\/\/feuerwehr-oberriexingen.de\/content\/einsaetze\/\"},{\"@type\":\"ListItem\",\"position\":3,\"name\":\"19.07.2022 &#8211; B3 BMA\"}]}]}<\/script>\n<!-- \/ Yoast SEO plugin. -->","yoast_head_json":{"title":"19.07.2022 - B3 BMA - Freiwillige Feuerwehr Oberriexingen","robots":{"index":"index","follow":"follow","max-snippet":"max-snippet:-1","max-image-preview":"max-image-preview:large","max-video-preview":"max-video-preview:-1"},"canonical":"https:\/\/feuerwehr-oberriexingen.de\/content\/einsaetze\/19-07-2022-b3-bma\/","og_locale":"de_DE","og_type":"article","og_title":"19.07.2022 - B3 BMA - Freiwillige Feuerwehr Oberriexingen","og_description":"Am Dienstagabend wurde die Feuerwehr Oberriexingen, im Rahmen des Atemschutznotfallkonzepts, zu einer ausgel\u00f6sten Brandmeldeanlage in einem Industriebetrieb in Sachsenheim alarmiert. Die Einsatzkr\u00e4fte der Feuerwehr Sachsenheim konnten vor Ort keinen Grund f\u00fcr die Ausl\u00f6sung feststellen und haben die Anlage an den &hellip; 19.07.2022 &#8211; B3 BMA Weiterlesen &raquo;","og_url":"https:\/\/feuerwehr-oberriexingen.de\/content\/einsaetze\/19-07-2022-b3-bma\/","og_site_name":"Freiwillige Feuerwehr Oberriexingen","article_publisher":"https:\/\/www.facebook.com\/ffwoberriexingen\/","article_modified_time":"2022-07-20T15:06:01+00:00","og_image":[{"width":2560,"height":1707,"url":"https:\/\/feuerwehr-oberriexingen.de\/content\/wp-content\/uploads\/2020\/03\/Atemschutznotfall_2-scaled.jpg","type":"image\/jpeg"}],"twitter_misc":{"Gesch\u00e4tzte Lesezeit":"1\u00a0Minute"},"schema":{"@context":"https:\/\/schema.org","@graph":[{"@type":"WebSite","@id":"https:\/\/feuerwehr-oberriexingen.de\/content\/#website","url":"https:\/\/feuerwehr-oberriexingen.de\/content\/","name":"Freiwillige Feuerwehr Oberriexingen","description":"24h f\u00fcr Sie im Einsatz","potentialAction":[{"@type":"SearchAction","target":{"@type":"EntryPoint","urlTemplate":"https:\/\/feuerwehr-oberriexingen.de\/content\/?s={search_term_string}"},"query-input":"required name=search_term_string"}],"inLanguage":"de"},{"@type":"ImageObject","@id":"https:\/\/feuerwehr-oberriexingen.de\/content\/einsaetze\/19-07-2022-b3-bma\/#primaryimage","inLanguage":"de","url":"https:\/\/feuerwehr-oberriexingen.de\/content\/wp-content\/uploads\/2020\/03\/Atemschutznotfall_2-scaled.jpg","contentUrl":"https:\/\/feuerwehr-oberriexingen.de\/content\/wp-content\/uploads\/2020\/03\/Atemschutznotfall_2-scaled.jpg","width":2560,"height":1707},{"@type":"WebPage","@id":"https:\/\/feuerwehr-oberriexingen.de\/content\/einsaetze\/19-07-2022-b3-bma\/#webpage","url":"https:\/\/feuerwehr-oberriexingen.de\/content\/einsaetze\/19-07-2022-b3-bma\/","name":"19.07.2022 - B3 BMA - Freiwillige Feuerwehr Oberriexingen","isPartOf":{"@id":"https:\/\/feuerwehr-oberriexingen.de\/content\/#website"},"primaryImageOfPage":{"@id":"https:\/\/feuerwehr-oberriexingen.de\/content\/einsaetze\/19-07-2022-b3-bma\/#primaryimage"},"datePublished":"2022-07-19T18:29:00+00:00","dateModified":"2022-07-20T15:06:01+00:00","breadcrumb":{"@id":"https:\/\/feuerwehr-oberriexingen.de\/content\/einsaetze\/19-07-2022-b3-bma\/#breadcrumb"},"inLanguage":"de","potentialAction":[{"@type":"ReadAction","target":["https:\/\/feuerwehr-oberriexingen.de\/content\/einsaetze\/19-07-2022-b3-bma\/"]}]},{"@type":"BreadcrumbList","@id":"https:\/\/feuerwehr-oberriexingen.de\/content\/einsaetze\/19-07-2022-b3-bma\/#breadcrumb","itemListElement":[{"@type":"ListItem","position":1,"name":"Home","item":"https:\/\/feuerwehr-oberriexingen.de\/content\/"},{"@type":"ListItem","position":2,"name":"Einsatzberichte","item":"https:\/\/feuerwehr-oberriexingen.de\/content\/einsaetze\/"},{"@type":"ListItem","position":3,"name":"19.07.2022 &#8211; B3 BMA"}]}]}},"_links":{"self":[{"href":"https:\/\/feuerwehr-oberriexingen.de\/content\/wp-json\/wp\/v2\/einsatz\/2418"}],"collection":[{"href":"https:\/\/feuerwehr-oberriexingen.de\/content\/wp-json\/wp\/v2\/einsatz"}],"about":[{"href":"https:\/\/feuerwehr-oberriexingen.de\/content\/wp-json\/wp\/v2\/types\/einsatz"}],"author":[{"embeddable":true,"href":"https:\/\/feuerwehr-oberriexingen.de\/content\/wp-json\/wp\/v2\/users\/2"}],"version-history":[{"count":1,"href":"https:\/\/feuerwehr-oberriexingen.de\/content\/wp-json\/wp\/v2\/einsatz\/2418\/revisions"}],"predecessor-version":[{"id":2419,"href":"https:\/\/feuerwehr-oberriexingen.de\/content\/wp-json\/wp\/v2\/einsatz\/2418\/revisions\/2419"}],"wp:featuredmedia":[{"embeddable":true,"href":"https:\/\/feuerwehr-oberriexingen.de\/content\/wp-json\/wp\/v2\/media\/1996"}],"wp:attachment":[{"href":"https:\/\/feuerwehr-oberriexingen.de\/content\/wp-json\/wp\/v2\/media?parent=2418"}],"wp:term":[{"taxonomy":"category","embeddable":true,"href":"https:\/\/feuerwehr-oberriexingen.de\/content\/wp-json\/wp\/v2\/categories?post=2418"},{"taxonomy":"post_tag","embeddable":true,"href":"https:\/\/feuerwehr-oberriexingen.de\/content\/wp-json\/wp\/v2\/tags?post=2418"},{"taxonomy":"einsatzart","embeddable":true,"href":"https:\/\/feuerwehr-oberriexingen.de\/content\/wp-json\/wp\/v2\/einsatzart?post=2418"},{"taxonomy":"fahrzeug","embeddable":true,"href":"https:\/\/feuerwehr-oberriexingen.de\/content\/wp-json\/wp\/v2\/fahrzeug?post=2418"},{"taxonomy":"exteinsatzmittel","embeddable":true,"href":"https:\/\/feuerwehr-oberriexingen.de\/content\/wp-json\/wp\/v2\/exteinsatzmittel?post=2418"},{"taxonomy":"alarmierungsart","embeddable":true,"href":"https:\/\/feuerwehr-oberriexingen.de\/content\/wp-json\/wp\/v2\/alarmierungsart?post=2418"},{"taxonomy":"evw_unit","embeddable":true,"href":"https:\/\/feuerwehr-oberriexingen.de\/content\/wp-json\/wp\/v2\/evw_unit?post=2418"}],"curies":[{"name":"wp","href":"https:\/\/api.w.org\/{rel}","templated":true}]}}

<p>Am Dienstagabend wurde die Feuerwehr Oberriexingen, im Rahmen des Atemschutznotfallkonzepts, zu einer ausgelösten Brandmeldeanlage in einem Industriebetrieb in Sachsenheim alarmiert. Die Einsatzkräfte der Feuerwehr Sachsenheim konnten vor Ort keinen Grund für die Auslösung feststellen und haben die Anlage an den Betreiber übergeben. Ein Einsatz für die Kräfte aus Oberriexingen war nicht notwendig.</p>

<!-- This site is optimized with the Yoast SEO plugin v17.8 - https://yoast.com/wordpress/plugins/seo/ -->
<title>19.07.2022 - B3 BMA - Freiwillige Feuerwehr Oberriexingen</title>
<meta name="robots" content="index, follow, max-snippet:-1, max-image-preview:large, max-video-preview:-1" />
<link rel="canonical" href="https://feuerwehr-oberriexingen.de/content/einsaetze/19-07-2022-b3-bma/" />
<meta property="og:locale" content="de_DE" />
<meta property="og:type" content="article" />
<meta property="og:title" content="19.07.2022 - B3 BMA - Freiwillige Feuerwehr Oberriexingen" />
<meta property="og:description" content="Am Dienstagabend wurde die Feuerwehr Oberriexingen, im Rahmen des Atemschutznotfallkonzepts, zu einer ausgelösten Brandmeldeanlage in einem Industriebetrieb in Sachsenheim alarmiert. Die Einsatzkräfte der Feuerwehr Sachsenheim konnten vor Ort keinen Grund für die Auslösung feststellen und haben die Anlage an den &hellip; 19.07.2022 &#8211; B3 BMA Weiterlesen &raquo;" />
<meta property="og:url" content="https://feuerwehr-oberriexingen.de/content/einsaetze/19-07-2022-b3-bma/" />
<meta property="og:site_name" content="Freiwillige Feuerwehr Oberriexingen" />
<meta property="article:publisher" content="https://www.facebook.com/ffwoberriexingen/" />
<meta property="article:modified_time" content="2022-07-20T15:06:01+00:00" />
<meta property="og:image" content="https://feuerwehr-oberriexingen.de/content/wp-content/uploads/2020/03/Atemschutznotfall_2-scaled.jpg" />
	<meta property="og:image:width" content="2560" />
	<meta property="og:image:height" content="1707" />
<meta name="twitter:label1" content="Geschätzte Lesezeit" />
	<meta name="twitter:data1" content="1 Minute" />
<script type="application/ld+json" class="yoast-schema-graph">{"@context":"https://schema.org","@graph":[{"@type":"WebSite","@id":"https://feuerwehr-oberriexingen.de/content/#website","url":"https://feuerwehr-oberriexingen.de/content/","name":"Freiwillige Feuerwehr Oberriexingen","description":"24h f\u00fcr Sie im Einsatz","potentialAction":[{"@type":"SearchAction","target":{"@type":"EntryPoint","urlTemplate":"https://feuerwehr-oberriexingen.de/content/?s={search_term_string}"},"query-input":"required name=search_term_string"}],"inLanguage":"de"},{"@type":"ImageObject","@id":"https://feuerwehr-oberriexingen.de/content/einsaetze/19-07-2022-b3-bma/#primaryimage","inLanguage":"de","url":"https://feuerwehr-oberriexingen.de/content/wp-content/uploads/2020/03/Atemschutznotfall_2-scaled.jpg","contentUrl":"https://feuerwehr-oberriexingen.de/content/wp-content/uploads/2020/03/Atemschutznotfall_2-scaled.jpg","width":2560,"height":1707},{"@type":"WebPage","@id":"https://feuerwehr-oberriexingen.de/content/einsaetze/19-07-2022-b3-bma/#webpage","url":"https://feuerwehr-oberriexingen.de/content/einsaetze/19-07-2022-b3-bma/","name":"19.07.2022 - B3 BMA - Freiwillige Feuerwehr Oberriexingen","isPartOf":{"@id":"https://feuerwehr-oberriexingen.de/content/#website"},"primaryImageOfPage":{"@id":"https://feuerwehr-oberriexingen.de/content/einsaetze/19-07-2022-b3-bma/#primaryimage"},"datePublished":"2022-07-19T18:29:00+00:00","dateModified":"2022-07-20T15:06:01+00:00","breadcrumb":{"@id":"https://feuerwehr-oberriexingen.de/content/einsaetze/19-07-2022-b3-bma/#breadcrumb"},"inLanguage":"de","potentialAction":[{"@type":"ReadAction","target":["https://feuerwehr-oberriexingen.de/content/einsaetze/19-07-2022-b3-bma/"]}]},{"@type":"BreadcrumbList","@id":"https://feuerwehr-oberriexingen.de/content/einsaetze/19-07-2022-b3-bma/#breadcrumb","itemListElement":[{"@type":"ListItem","position":1,"name":"Home","item":"https://feuerwehr-oberriexingen.de/content/"},{"@type":"ListItem","position":2,"name":"Einsatzberichte","item":"https://feuerwehr-oberriexingen.de/content/einsaetze/"},{"@type":"ListItem","position":3,"name":"19.07.2022 &#8211; B3 BMA"}]}]}</script>
<!-- / Yoast SEO plugin. -->

Am Dienstagabend wurde die Feuerwehr Oberriexingen, im Rahmen des Atemschutznotfallkonzepts, zu einer ausgelösten Brandmeldeanlage in einem Industriebetrieb in Sachsenheim alarmiert. Die Einsatzkräfte der Feuerwehr Sachsenheim konnten vor Ort keinen Grund für die Auslösung feststellen und haben die Anlage an den &hellip; 19.07.2022 &#8211; B3 BMA Weiterlesen &raquo;

24h für Sie im Einsatz
