{"id":2138,"date":"2021-01-04T18:15:00","date_gmt":"2021-01-04T17:15:00","guid":{"rendered":"http:\/\/feuerwehr-oberriexingen.de\/content\/?post_type=einsatz&#038;p=2138"},"modified":"2021-01-06T07:40:49","modified_gmt":"2021-01-06T06:40:49","slug":"04-01-2020-b2-feuer-rauch-kfz","status":"publish","type":"einsatz","link":"https:\/\/feuerwehr-oberriexingen.de\/content\/einsaetze\/04-01-2020-b2-feuer-rauch-kfz\/","title":{"rendered":"04.01.2021 &#8211; B2 Feuer\/Rauch Kfz."},"content":{"rendered":"\n<p>Zu einem brennenden Fahrzeug wurde die Feuerwehr Oberriexingen, im Rahmen der interkommunalen Zusammenarbeit, nach Sersheim alarmiert. Es handelte sich um einen kleinen Lastwagen, dessen Kabine sich bereits im Vollbrand befand. Die Einsatzkr\u00e4fte der Feuerwehr Sersheim l\u00f6schten das Objekt ab und k\u00fchlten die Hauswand eines nahe stehenden Geb\u00e4udes. Die Feuerwehr Oberriexingen war mit dem TLF und einem Trupp vor Ort.&nbsp;<\/p>\n<p><a href=\"https:\/\/feuerwehr-oberriexingen.de\/content\/wp-content\/uploads\/2021\/01\/IMG-20210104-WA0012-1.jpg\"><img decoding=\"async\" loading=\"lazy\" class=\"alignnone size-full wp-image-2140\" src=\"https:\/\/feuerwehr-oberriexingen.de\/content\/wp-content\/uploads\/2021\/01\/IMG-20210104-WA0012-1.jpg\" alt=\"\" width=\"750\" height=\"805\" srcset=\"https:\/\/feuerwehr-oberriexingen.de\/content\/wp-content\/uploads\/2021\/01\/IMG-20210104-WA0012-1.jpg 750w, https:\/\/feuerwehr-oberriexingen.de\/content\/wp-content\/uploads\/2021\/01\/IMG-20210104-WA0012-1-280x300.jpg 280w, https:\/\/feuerwehr-oberriexingen.de\/content\/wp-content\/uploads\/2021\/01\/IMG-20210104-WA0012-1-100x107.jpg 100w, https:\/\/feuerwehr-oberriexingen.de\/content\/wp-content\/uploads\/2021\/01\/IMG-20210104-WA0012-1-150x161.jpg 150w, https:\/\/feuerwehr-oberriexingen.de\/content\/wp-content\/uploads\/2021\/01\/IMG-20210104-WA0012-1-200x215.jpg 200w, https:\/\/feuerwehr-oberriexingen.de\/content\/wp-content\/uploads\/2021\/01\/IMG-20210104-WA0012-1-300x322.jpg 300w, https:\/\/feuerwehr-oberriexingen.de\/content\/wp-content\/uploads\/2021\/01\/IMG-20210104-WA0012-1-450x483.jpg 450w, https:\/\/feuerwehr-oberriexingen.de\/content\/wp-content\/uploads\/2021\/01\/IMG-20210104-WA0012-1-600x644.jpg 600w\" sizes=\"(max-width: 750px) 100vw, 750px\" \/><\/a>&nbsp;<\/p>\n","protected":false},"author":2,"featured_media":1990,"template":"","meta":{"_cbd_carousel_blocks":"[]","einsatz_weight":1},"categories":[],"tags":[],"einsatzart":[8],"fahrzeug":[5],"exteinsatzmittel":[20,56],"alarmierungsart":[23],"evw_unit":[],"yoast_head":"<!-- This site is optimized with the Yoast SEO plugin v17.8 - https:\/\/yoast.com\/wordpress\/plugins\/seo\/ -->\n<title>04.01.2021 - B2 Feuer\/Rauch Kfz. - Freiwillige Feuerwehr Oberriexingen<\/title>\n<meta name=\"robots\" content=\"index, follow, max-snippet:-1, max-image-preview:large, max-video-preview:-1\" \/>\n<link rel=\"canonical\" href=\"https:\/\/feuerwehr-oberriexingen.de\/content\/einsaetze\/04-01-2020-b2-feuer-rauch-kfz\/\" \/>\n<meta property=\"og:locale\" content=\"de_DE\" \/>\n<meta property=\"og:type\" content=\"article\" \/>\n<meta property=\"og:title\" content=\"04.01.2021 - B2 Feuer\/Rauch Kfz. - Freiwillige Feuerwehr Oberriexingen\" \/>\n<meta property=\"og:description\" content=\"Zu einem brennenden Fahrzeug wurde die Feuerwehr Oberriexingen, im Rahmen der interkommunalen Zusammenarbeit, nach Sersheim alarmiert. Es handelte sich um einen kleinen Lastwagen, dessen Kabine sich bereits im Vollbrand befand. Die Einsatzkr\u00e4fte der Feuerwehr Sersheim l\u00f6schten das Objekt ab und &hellip; 04.01.2021 &#8211; B2 Feuer\/Rauch Kfz. Weiterlesen &raquo;\" \/>\n<meta property=\"og:url\" content=\"https:\/\/feuerwehr-oberriexingen.de\/content\/einsaetze\/04-01-2020-b2-feuer-rauch-kfz\/\" \/>\n<meta property=\"og:site_name\" content=\"Freiwillige Feuerwehr Oberriexingen\" \/>\n<meta property=\"article:publisher\" content=\"https:\/\/www.facebook.com\/ffwoberriexingen\/\" \/>\n<meta property=\"article:modified_time\" content=\"2021-01-06T06:40:49+00:00\" \/>\n<meta property=\"og:image\" content=\"https:\/\/feuerwehr-oberriexingen.de\/content\/wp-content\/uploads\/2020\/03\/Brandeinsatz_2-scaled.jpg\" \/>\n\t<meta property=\"og:image:width\" content=\"2560\" \/>\n\t<meta property=\"og:image:height\" content=\"1707\" \/>\n<script type=\"application\/ld+json\" class=\"yoast-schema-graph\">{\"@context\":\"https:\/\/schema.org\",\"@graph\":[{\"@type\":\"WebSite\",\"@id\":\"https:\/\/feuerwehr-oberriexingen.de\/content\/#website\",\"url\":\"https:\/\/feuerwehr-oberriexingen.de\/content\/\",\"name\":\"Freiwillige Feuerwehr Oberriexingen\",\"description\":\"24h f\\u00fcr Sie im Einsatz\",\"potentialAction\":[{\"@type\":\"SearchAction\",\"target\":{\"@type\":\"EntryPoint\",\"urlTemplate\":\"https:\/\/feuerwehr-oberriexingen.de\/content\/?s={search_term_string}\"},\"query-input\":\"required name=search_term_string\"}],\"inLanguage\":\"de\"},{\"@type\":\"ImageObject\",\"@id\":\"https:\/\/feuerwehr-oberriexingen.de\/content\/einsaetze\/04-01-2020-b2-feuer-rauch-kfz\/#primaryimage\",\"inLanguage\":\"de\",\"url\":\"https:\/\/feuerwehr-oberriexingen.de\/content\/wp-content\/uploads\/2020\/03\/Brandeinsatz_2-scaled.jpg\",\"contentUrl\":\"https:\/\/feuerwehr-oberriexingen.de\/content\/wp-content\/uploads\/2020\/03\/Brandeinsatz_2-scaled.jpg\",\"width\":2560,\"height\":1707},{\"@type\":\"WebPage\",\"@id\":\"https:\/\/feuerwehr-oberriexingen.de\/content\/einsaetze\/04-01-2020-b2-feuer-rauch-kfz\/#webpage\",\"url\":\"https:\/\/feuerwehr-oberriexingen.de\/content\/einsaetze\/04-01-2020-b2-feuer-rauch-kfz\/\",\"name\":\"04.01.2021 - B2 Feuer\/Rauch Kfz. - Freiwillige Feuerwehr Oberriexingen\",\"isPartOf\":{\"@id\":\"https:\/\/feuerwehr-oberriexingen.de\/content\/#website\"},\"primaryImageOfPage\":{\"@id\":\"https:\/\/feuerwehr-oberriexingen.de\/content\/einsaetze\/04-01-2020-b2-feuer-rauch-kfz\/#primaryimage\"},\"datePublished\":\"2021-01-04T17:15:00+00:00\",\"dateModified\":\"2021-01-06T06:40:49+00:00\",\"breadcrumb\":{\"@id\":\"https:\/\/feuerwehr-oberriexingen.de\/content\/einsaetze\/04-01-2020-b2-feuer-rauch-kfz\/#breadcrumb\"},\"inLanguage\":\"de\",\"potentialAction\":[{\"@type\":\"ReadAction\",\"target\":[\"https:\/\/feuerwehr-oberriexingen.de\/content\/einsaetze\/04-01-2020-b2-feuer-rauch-kfz\/\"]}]},{\"@type\":\"BreadcrumbList\",\"@id\":\"https:\/\/feuerwehr-oberriexingen.de\/content\/einsaetze\/04-01-2020-b2-feuer-rauch-kfz\/#breadcrumb\",\"itemListElement\":[{\"@type\":\"ListItem\",\"position\":1,\"name\":\"Home\",\"item\":\"https:\/\/feuerwehr-oberriexingen.de\/content\/\"},{\"@type\":\"ListItem\",\"position\":2,\"name\":\"Einsatzberichte\",\"item\":\"https:\/\/feuerwehr-oberriexingen.de\/content\/einsaetze\/\"},{\"@type\":\"ListItem\",\"position\":3,\"name\":\"04.01.2021 &#8211; B2 Feuer\/Rauch Kfz.\"}]}]}<\/script>\n<!-- \/ Yoast SEO plugin. -->","yoast_head_json":{"title":"04.01.2021 - B2 Feuer\/Rauch Kfz. - Freiwillige Feuerwehr Oberriexingen","robots":{"index":"index","follow":"follow","max-snippet":"max-snippet:-1","max-image-preview":"max-image-preview:large","max-video-preview":"max-video-preview:-1"},"canonical":"https:\/\/feuerwehr-oberriexingen.de\/content\/einsaetze\/04-01-2020-b2-feuer-rauch-kfz\/","og_locale":"de_DE","og_type":"article","og_title":"04.01.2021 - B2 Feuer\/Rauch Kfz. - Freiwillige Feuerwehr Oberriexingen","og_description":"Zu einem brennenden Fahrzeug wurde die Feuerwehr Oberriexingen, im Rahmen der interkommunalen Zusammenarbeit, nach Sersheim alarmiert. Es handelte sich um einen kleinen Lastwagen, dessen Kabine sich bereits im Vollbrand befand. Die Einsatzkr\u00e4fte der Feuerwehr Sersheim l\u00f6schten das Objekt ab und &hellip; 04.01.2021 &#8211; B2 Feuer\/Rauch Kfz. Weiterlesen &raquo;","og_url":"https:\/\/feuerwehr-oberriexingen.de\/content\/einsaetze\/04-01-2020-b2-feuer-rauch-kfz\/","og_site_name":"Freiwillige Feuerwehr Oberriexingen","article_publisher":"https:\/\/www.facebook.com\/ffwoberriexingen\/","article_modified_time":"2021-01-06T06:40:49+00:00","og_image":[{"width":2560,"height":1707,"url":"https:\/\/feuerwehr-oberriexingen.de\/content\/wp-content\/uploads\/2020\/03\/Brandeinsatz_2-scaled.jpg","type":"image\/jpeg"}],"schema":{"@context":"https:\/\/schema.org","@graph":[{"@type":"WebSite","@id":"https:\/\/feuerwehr-oberriexingen.de\/content\/#website","url":"https:\/\/feuerwehr-oberriexingen.de\/content\/","name":"Freiwillige Feuerwehr Oberriexingen","description":"24h f\u00fcr Sie im Einsatz","potentialAction":[{"@type":"SearchAction","target":{"@type":"EntryPoint","urlTemplate":"https:\/\/feuerwehr-oberriexingen.de\/content\/?s={search_term_string}"},"query-input":"required name=search_term_string"}],"inLanguage":"de"},{"@type":"ImageObject","@id":"https:\/\/feuerwehr-oberriexingen.de\/content\/einsaetze\/04-01-2020-b2-feuer-rauch-kfz\/#primaryimage","inLanguage":"de","url":"https:\/\/feuerwehr-oberriexingen.de\/content\/wp-content\/uploads\/2020\/03\/Brandeinsatz_2-scaled.jpg","contentUrl":"https:\/\/feuerwehr-oberriexingen.de\/content\/wp-content\/uploads\/2020\/03\/Brandeinsatz_2-scaled.jpg","width":2560,"height":1707},{"@type":"WebPage","@id":"https:\/\/feuerwehr-oberriexingen.de\/content\/einsaetze\/04-01-2020-b2-feuer-rauch-kfz\/#webpage","url":"https:\/\/feuerwehr-oberriexingen.de\/content\/einsaetze\/04-01-2020-b2-feuer-rauch-kfz\/","name":"04.01.2021 - B2 Feuer\/Rauch Kfz. - Freiwillige Feuerwehr Oberriexingen","isPartOf":{"@id":"https:\/\/feuerwehr-oberriexingen.de\/content\/#website"},"primaryImageOfPage":{"@id":"https:\/\/feuerwehr-oberriexingen.de\/content\/einsaetze\/04-01-2020-b2-feuer-rauch-kfz\/#primaryimage"},"datePublished":"2021-01-04T17:15:00+00:00","dateModified":"2021-01-06T06:40:49+00:00","breadcrumb":{"@id":"https:\/\/feuerwehr-oberriexingen.de\/content\/einsaetze\/04-01-2020-b2-feuer-rauch-kfz\/#breadcrumb"},"inLanguage":"de","potentialAction":[{"@type":"ReadAction","target":["https:\/\/feuerwehr-oberriexingen.de\/content\/einsaetze\/04-01-2020-b2-feuer-rauch-kfz\/"]}]},{"@type":"BreadcrumbList","@id":"https:\/\/feuerwehr-oberriexingen.de\/content\/einsaetze\/04-01-2020-b2-feuer-rauch-kfz\/#breadcrumb","itemListElement":[{"@type":"ListItem","position":1,"name":"Home","item":"https:\/\/feuerwehr-oberriexingen.de\/content\/"},{"@type":"ListItem","position":2,"name":"Einsatzberichte","item":"https:\/\/feuerwehr-oberriexingen.de\/content\/einsaetze\/"},{"@type":"ListItem","position":3,"name":"04.01.2021 &#8211; B2 Feuer\/Rauch Kfz."}]}]}},"_links":{"self":[{"href":"https:\/\/feuerwehr-oberriexingen.de\/content\/wp-json\/wp\/v2\/einsatz\/2138"}],"collection":[{"href":"https:\/\/feuerwehr-oberriexingen.de\/content\/wp-json\/wp\/v2\/einsatz"}],"about":[{"href":"https:\/\/feuerwehr-oberriexingen.de\/content\/wp-json\/wp\/v2\/types\/einsatz"}],"author":[{"embeddable":true,"href":"https:\/\/feuerwehr-oberriexingen.de\/content\/wp-json\/wp\/v2\/users\/2"}],"version-history":[{"count":2,"href":"https:\/\/feuerwehr-oberriexingen.de\/content\/wp-json\/wp\/v2\/einsatz\/2138\/revisions"}],"predecessor-version":[{"id":2142,"href":"https:\/\/feuerwehr-oberriexingen.de\/content\/wp-json\/wp\/v2\/einsatz\/2138\/revisions\/2142"}],"wp:featuredmedia":[{"embeddable":true,"href":"https:\/\/feuerwehr-oberriexingen.de\/content\/wp-json\/wp\/v2\/media\/1990"}],"wp:attachment":[{"href":"https:\/\/feuerwehr-oberriexingen.de\/content\/wp-json\/wp\/v2\/media?parent=2138"}],"wp:term":[{"taxonomy":"category","embeddable":true,"href":"https:\/\/feuerwehr-oberriexingen.de\/content\/wp-json\/wp\/v2\/categories?post=2138"},{"taxonomy":"post_tag","embeddable":true,"href":"https:\/\/feuerwehr-oberriexingen.de\/content\/wp-json\/wp\/v2\/tags?post=2138"},{"taxonomy":"einsatzart","embeddable":true,"href":"https:\/\/feuerwehr-oberriexingen.de\/content\/wp-json\/wp\/v2\/einsatzart?post=2138"},{"taxonomy":"fahrzeug","embeddable":true,"href":"https:\/\/feuerwehr-oberriexingen.de\/content\/wp-json\/wp\/v2\/fahrzeug?post=2138"},{"taxonomy":"exteinsatzmittel","embeddable":true,"href":"https:\/\/feuerwehr-oberriexingen.de\/content\/wp-json\/wp\/v2\/exteinsatzmittel?post=2138"},{"taxonomy":"alarmierungsart","embeddable":true,"href":"https:\/\/feuerwehr-oberriexingen.de\/content\/wp-json\/wp\/v2\/alarmierungsart?post=2138"},{"taxonomy":"evw_unit","embeddable":true,"href":"https:\/\/feuerwehr-oberriexingen.de\/content\/wp-json\/wp\/v2\/evw_unit?post=2138"}],"curies":[{"name":"wp","href":"https:\/\/api.w.org\/{rel}","templated":true}]}}

<p>Zu einem brennenden Fahrzeug wurde die Feuerwehr Oberriexingen, im Rahmen der interkommunalen Zusammenarbeit, nach Sersheim alarmiert. Es handelte sich um einen kleinen Lastwagen, dessen Kabine sich bereits im Vollbrand befand. Die Einsatzkräfte der Feuerwehr Sersheim löschten das Objekt ab und kühlten die Hauswand eines nahe stehenden Gebäudes. Die Feuerwehr Oberriexingen war mit dem TLF und einem Trupp vor Ort.&nbsp;</p>
<p><a href="https://feuerwehr-oberriexingen.de/content/wp-content/uploads/2021/01/IMG-20210104-WA0012-1.jpg"><img decoding="async" loading="lazy" class="alignnone size-full wp-image-2140" src="https://feuerwehr-oberriexingen.de/content/wp-content/uploads/2021/01/IMG-20210104-WA0012-1.jpg" alt="" width="750" height="805" srcset="https://feuerwehr-oberriexingen.de/content/wp-content/uploads/2021/01/IMG-20210104-WA0012-1.jpg 750w, https://feuerwehr-oberriexingen.de/content/wp-content/uploads/2021/01/IMG-20210104-WA0012-1-280x300.jpg 280w, https://feuerwehr-oberriexingen.de/content/wp-content/uploads/2021/01/IMG-20210104-WA0012-1-100x107.jpg 100w, https://feuerwehr-oberriexingen.de/content/wp-content/uploads/2021/01/IMG-20210104-WA0012-1-150x161.jpg 150w, https://feuerwehr-oberriexingen.de/content/wp-content/uploads/2021/01/IMG-20210104-WA0012-1-200x215.jpg 200w, https://feuerwehr-oberriexingen.de/content/wp-content/uploads/2021/01/IMG-20210104-WA0012-1-300x322.jpg 300w, https://feuerwehr-oberriexingen.de/content/wp-content/uploads/2021/01/IMG-20210104-WA0012-1-450x483.jpg 450w, https://feuerwehr-oberriexingen.de/content/wp-content/uploads/2021/01/IMG-20210104-WA0012-1-600x644.jpg 600w" sizes="(max-width: 750px) 100vw, 750px" /></a>&nbsp;</p>

<!-- This site is optimized with the Yoast SEO plugin v17.8 - https://yoast.com/wordpress/plugins/seo/ -->
<title>04.01.2021 - B2 Feuer/Rauch Kfz. - Freiwillige Feuerwehr Oberriexingen</title>
<meta name="robots" content="index, follow, max-snippet:-1, max-image-preview:large, max-video-preview:-1" />
<link rel="canonical" href="https://feuerwehr-oberriexingen.de/content/einsaetze/04-01-2020-b2-feuer-rauch-kfz/" />
<meta property="og:locale" content="de_DE" />
<meta property="og:type" content="article" />
<meta property="og:title" content="04.01.2021 - B2 Feuer/Rauch Kfz. - Freiwillige Feuerwehr Oberriexingen" />
<meta property="og:description" content="Zu einem brennenden Fahrzeug wurde die Feuerwehr Oberriexingen, im Rahmen der interkommunalen Zusammenarbeit, nach Sersheim alarmiert. Es handelte sich um einen kleinen Lastwagen, dessen Kabine sich bereits im Vollbrand befand. Die Einsatzkräfte der Feuerwehr Sersheim löschten das Objekt ab und &hellip; 04.01.2021 &#8211; B2 Feuer/Rauch Kfz. Weiterlesen &raquo;" />
<meta property="og:url" content="https://feuerwehr-oberriexingen.de/content/einsaetze/04-01-2020-b2-feuer-rauch-kfz/" />
<meta property="og:site_name" content="Freiwillige Feuerwehr Oberriexingen" />
<meta property="article:publisher" content="https://www.facebook.com/ffwoberriexingen/" />
<meta property="article:modified_time" content="2021-01-06T06:40:49+00:00" />
<meta property="og:image" content="https://feuerwehr-oberriexingen.de/content/wp-content/uploads/2020/03/Brandeinsatz_2-scaled.jpg" />
	<meta property="og:image:width" content="2560" />
	<meta property="og:image:height" content="1707" />
<script type="application/ld+json" class="yoast-schema-graph">{"@context":"https://schema.org","@graph":[{"@type":"WebSite","@id":"https://feuerwehr-oberriexingen.de/content/#website","url":"https://feuerwehr-oberriexingen.de/content/","name":"Freiwillige Feuerwehr Oberriexingen","description":"24h f\u00fcr Sie im Einsatz","potentialAction":[{"@type":"SearchAction","target":{"@type":"EntryPoint","urlTemplate":"https://feuerwehr-oberriexingen.de/content/?s={search_term_string}"},"query-input":"required name=search_term_string"}],"inLanguage":"de"},{"@type":"ImageObject","@id":"https://feuerwehr-oberriexingen.de/content/einsaetze/04-01-2020-b2-feuer-rauch-kfz/#primaryimage","inLanguage":"de","url":"https://feuerwehr-oberriexingen.de/content/wp-content/uploads/2020/03/Brandeinsatz_2-scaled.jpg","contentUrl":"https://feuerwehr-oberriexingen.de/content/wp-content/uploads/2020/03/Brandeinsatz_2-scaled.jpg","width":2560,"height":1707},{"@type":"WebPage","@id":"https://feuerwehr-oberriexingen.de/content/einsaetze/04-01-2020-b2-feuer-rauch-kfz/#webpage","url":"https://feuerwehr-oberriexingen.de/content/einsaetze/04-01-2020-b2-feuer-rauch-kfz/","name":"04.01.2021 - B2 Feuer/Rauch Kfz. - Freiwillige Feuerwehr Oberriexingen","isPartOf":{"@id":"https://feuerwehr-oberriexingen.de/content/#website"},"primaryImageOfPage":{"@id":"https://feuerwehr-oberriexingen.de/content/einsaetze/04-01-2020-b2-feuer-rauch-kfz/#primaryimage"},"datePublished":"2021-01-04T17:15:00+00:00","dateModified":"2021-01-06T06:40:49+00:00","breadcrumb":{"@id":"https://feuerwehr-oberriexingen.de/content/einsaetze/04-01-2020-b2-feuer-rauch-kfz/#breadcrumb"},"inLanguage":"de","potentialAction":[{"@type":"ReadAction","target":["https://feuerwehr-oberriexingen.de/content/einsaetze/04-01-2020-b2-feuer-rauch-kfz/"]}]},{"@type":"BreadcrumbList","@id":"https://feuerwehr-oberriexingen.de/content/einsaetze/04-01-2020-b2-feuer-rauch-kfz/#breadcrumb","itemListElement":[{"@type":"ListItem","position":1,"name":"Home","item":"https://feuerwehr-oberriexingen.de/content/"},{"@type":"ListItem","position":2,"name":"Einsatzberichte","item":"https://feuerwehr-oberriexingen.de/content/einsaetze/"},{"@type":"ListItem","position":3,"name":"04.01.2021 &#8211; B2 Feuer/Rauch Kfz."}]}]}</script>
<!-- / Yoast SEO plugin. -->

Zu einem brennenden Fahrzeug wurde die Feuerwehr Oberriexingen, im Rahmen der interkommunalen Zusammenarbeit, nach Sersheim alarmiert. Es handelte sich um einen kleinen Lastwagen, dessen Kabine sich bereits im Vollbrand befand. Die Einsatzkräfte der Feuerwehr Sersheim löschten das Objekt ab und &hellip; 04.01.2021 &#8211; B2 Feuer/Rauch Kfz. Weiterlesen &raquo;

24h für Sie im Einsatz
