{"id":1844,"date":"2019-06-04T18:17:00","date_gmt":"2019-06-04T16:17:00","guid":{"rendered":"http:\/\/feuerwehr-oberriexingen.de\/content\/?post_type=einsatz&#038;p=1844"},"modified":"2019-06-06T16:39:49","modified_gmt":"2019-06-06T14:39:49","slug":"04-06-2019-b3-feuer-rauch-gebaeude","status":"publish","type":"einsatz","link":"https:\/\/feuerwehr-oberriexingen.de\/content\/einsaetze\/04-06-2019-b3-feuer-rauch-gebaeude\/","title":{"rendered":"04.06.2019 &#8211; B3 Feuer\/Rauch Geb\u00e4ude"},"content":{"rendered":"\n<p>Am 04.06.2019 wurde die Feuerwehr Oberriexingen, im Rahmen des Atemschutznotfallkonzepts, zu einem Einsatz im Gewerbegebiet Eichwald alarmiert.<\/p>\n\n\n\n<p>Grund f\u00fcr den Einsatz war ein Kabelschachtbrand, welcher durch die Einsatzkr\u00e4fte der Feuerwehr Sachsenheim bek\u00e4mpft wurde. <\/p>\n\n\n\n<p>Ein Einsatz der Kr\u00e4fte aus Oberriexingen war nicht notwendig.<\/p>\n\n\n\n<figure class=\"wp-block-image\"><img decoding=\"async\" loading=\"lazy\" width=\"682\" height=\"415\" src=\"https:\/\/feuerwehr-oberriexingen.de\/content\/wp-content\/uploads\/2015\/01\/Brandeinsatz.jpg\" alt=\"\" class=\"wp-image-170\" srcset=\"https:\/\/feuerwehr-oberriexingen.de\/content\/wp-content\/uploads\/2015\/01\/Brandeinsatz.jpg 682w, https:\/\/feuerwehr-oberriexingen.de\/content\/wp-content\/uploads\/2015\/01\/Brandeinsatz-300x183.jpg 300w, https:\/\/feuerwehr-oberriexingen.de\/content\/wp-content\/uploads\/2015\/01\/Brandeinsatz-100x61.jpg 100w, https:\/\/feuerwehr-oberriexingen.de\/content\/wp-content\/uploads\/2015\/01\/Brandeinsatz-150x91.jpg 150w, https:\/\/feuerwehr-oberriexingen.de\/content\/wp-content\/uploads\/2015\/01\/Brandeinsatz-200x122.jpg 200w, https:\/\/feuerwehr-oberriexingen.de\/content\/wp-content\/uploads\/2015\/01\/Brandeinsatz-450x274.jpg 450w, https:\/\/feuerwehr-oberriexingen.de\/content\/wp-content\/uploads\/2015\/01\/Brandeinsatz-600x365.jpg 600w\" sizes=\"(max-width: 682px) 100vw, 682px\" \/><\/figure>\n","protected":false},"author":2,"featured_media":170,"template":"","meta":{"_cbd_carousel_blocks":"[]","einsatz_weight":1},"categories":[],"tags":[],"einsatzart":[64],"fahrzeug":[44],"exteinsatzmittel":[34,21,56,58],"alarmierungsart":[24],"evw_unit":[],"yoast_head":"<!-- This site is optimized with the Yoast SEO plugin v17.8 - https:\/\/yoast.com\/wordpress\/plugins\/seo\/ -->\n<title>04.06.2019 - B3 Feuer\/Rauch Geb\u00e4ude - Freiwillige Feuerwehr Oberriexingen<\/title>\n<meta name=\"robots\" content=\"index, follow, max-snippet:-1, max-image-preview:large, max-video-preview:-1\" \/>\n<link rel=\"canonical\" href=\"https:\/\/feuerwehr-oberriexingen.de\/content\/einsaetze\/04-06-2019-b3-feuer-rauch-gebaeude\/\" \/>\n<meta property=\"og:locale\" content=\"de_DE\" \/>\n<meta property=\"og:type\" content=\"article\" \/>\n<meta property=\"og:title\" content=\"04.06.2019 - B3 Feuer\/Rauch Geb\u00e4ude - Freiwillige Feuerwehr Oberriexingen\" \/>\n<meta property=\"og:description\" content=\"Am 04.06.2019 wurde die Feuerwehr Oberriexingen, im Rahmen des Atemschutznotfallkonzepts, zu einem Einsatz im Gewerbegebiet Eichwald alarmiert. Grund f\u00fcr den Einsatz war ein Kabelschachtbrand, welcher durch die Einsatzkr\u00e4fte der Feuerwehr Sachsenheim bek\u00e4mpft wurde. Ein Einsatz der Kr\u00e4fte aus Oberriexingen war &hellip; 04.06.2019 &#8211; B3 Feuer\/Rauch Geb\u00e4ude Weiterlesen &raquo;\" \/>\n<meta property=\"og:url\" content=\"https:\/\/feuerwehr-oberriexingen.de\/content\/einsaetze\/04-06-2019-b3-feuer-rauch-gebaeude\/\" \/>\n<meta property=\"og:site_name\" content=\"Freiwillige Feuerwehr Oberriexingen\" \/>\n<meta property=\"article:publisher\" content=\"https:\/\/www.facebook.com\/ffwoberriexingen\/\" \/>\n<meta property=\"article:modified_time\" content=\"2019-06-06T14:39:49+00:00\" \/>\n<meta property=\"og:image\" content=\"https:\/\/feuerwehr-oberriexingen.de\/content\/wp-content\/uploads\/2015\/01\/Brandeinsatz.jpg\" \/>\n\t<meta property=\"og:image:width\" content=\"682\" \/>\n\t<meta property=\"og:image:height\" content=\"415\" \/>\n<script type=\"application\/ld+json\" class=\"yoast-schema-graph\">{\"@context\":\"https:\/\/schema.org\",\"@graph\":[{\"@type\":\"WebSite\",\"@id\":\"https:\/\/feuerwehr-oberriexingen.de\/content\/#website\",\"url\":\"https:\/\/feuerwehr-oberriexingen.de\/content\/\",\"name\":\"Freiwillige Feuerwehr Oberriexingen\",\"description\":\"24h f\\u00fcr Sie im Einsatz\",\"potentialAction\":[{\"@type\":\"SearchAction\",\"target\":{\"@type\":\"EntryPoint\",\"urlTemplate\":\"https:\/\/feuerwehr-oberriexingen.de\/content\/?s={search_term_string}\"},\"query-input\":\"required name=search_term_string\"}],\"inLanguage\":\"de\"},{\"@type\":\"ImageObject\",\"@id\":\"https:\/\/feuerwehr-oberriexingen.de\/content\/einsaetze\/04-06-2019-b3-feuer-rauch-gebaeude\/#primaryimage\",\"inLanguage\":\"de\",\"url\":\"https:\/\/feuerwehr-oberriexingen.de\/content\/wp-content\/uploads\/2015\/01\/Brandeinsatz.jpg\",\"contentUrl\":\"https:\/\/feuerwehr-oberriexingen.de\/content\/wp-content\/uploads\/2015\/01\/Brandeinsatz.jpg\",\"width\":682,\"height\":415},{\"@type\":\"WebPage\",\"@id\":\"https:\/\/feuerwehr-oberriexingen.de\/content\/einsaetze\/04-06-2019-b3-feuer-rauch-gebaeude\/#webpage\",\"url\":\"https:\/\/feuerwehr-oberriexingen.de\/content\/einsaetze\/04-06-2019-b3-feuer-rauch-gebaeude\/\",\"name\":\"04.06.2019 - B3 Feuer\/Rauch Geb\\u00e4ude - Freiwillige Feuerwehr Oberriexingen\",\"isPartOf\":{\"@id\":\"https:\/\/feuerwehr-oberriexingen.de\/content\/#website\"},\"primaryImageOfPage\":{\"@id\":\"https:\/\/feuerwehr-oberriexingen.de\/content\/einsaetze\/04-06-2019-b3-feuer-rauch-gebaeude\/#primaryimage\"},\"datePublished\":\"2019-06-04T16:17:00+00:00\",\"dateModified\":\"2019-06-06T14:39:49+00:00\",\"breadcrumb\":{\"@id\":\"https:\/\/feuerwehr-oberriexingen.de\/content\/einsaetze\/04-06-2019-b3-feuer-rauch-gebaeude\/#breadcrumb\"},\"inLanguage\":\"de\",\"potentialAction\":[{\"@type\":\"ReadAction\",\"target\":[\"https:\/\/feuerwehr-oberriexingen.de\/content\/einsaetze\/04-06-2019-b3-feuer-rauch-gebaeude\/\"]}]},{\"@type\":\"BreadcrumbList\",\"@id\":\"https:\/\/feuerwehr-oberriexingen.de\/content\/einsaetze\/04-06-2019-b3-feuer-rauch-gebaeude\/#breadcrumb\",\"itemListElement\":[{\"@type\":\"ListItem\",\"position\":1,\"name\":\"Home\",\"item\":\"https:\/\/feuerwehr-oberriexingen.de\/content\/\"},{\"@type\":\"ListItem\",\"position\":2,\"name\":\"Einsatzberichte\",\"item\":\"https:\/\/feuerwehr-oberriexingen.de\/content\/einsaetze\/\"},{\"@type\":\"ListItem\",\"position\":3,\"name\":\"04.06.2019 &#8211; B3 Feuer\/Rauch Geb\\u00e4ude\"}]}]}<\/script>\n<!-- \/ Yoast SEO plugin. -->","yoast_head_json":{"title":"04.06.2019 - B3 Feuer\/Rauch Geb\u00e4ude - Freiwillige Feuerwehr Oberriexingen","robots":{"index":"index","follow":"follow","max-snippet":"max-snippet:-1","max-image-preview":"max-image-preview:large","max-video-preview":"max-video-preview:-1"},"canonical":"https:\/\/feuerwehr-oberriexingen.de\/content\/einsaetze\/04-06-2019-b3-feuer-rauch-gebaeude\/","og_locale":"de_DE","og_type":"article","og_title":"04.06.2019 - B3 Feuer\/Rauch Geb\u00e4ude - Freiwillige Feuerwehr Oberriexingen","og_description":"Am 04.06.2019 wurde die Feuerwehr Oberriexingen, im Rahmen des Atemschutznotfallkonzepts, zu einem Einsatz im Gewerbegebiet Eichwald alarmiert. Grund f\u00fcr den Einsatz war ein Kabelschachtbrand, welcher durch die Einsatzkr\u00e4fte der Feuerwehr Sachsenheim bek\u00e4mpft wurde. Ein Einsatz der Kr\u00e4fte aus Oberriexingen war &hellip; 04.06.2019 &#8211; B3 Feuer\/Rauch Geb\u00e4ude Weiterlesen &raquo;","og_url":"https:\/\/feuerwehr-oberriexingen.de\/content\/einsaetze\/04-06-2019-b3-feuer-rauch-gebaeude\/","og_site_name":"Freiwillige Feuerwehr Oberriexingen","article_publisher":"https:\/\/www.facebook.com\/ffwoberriexingen\/","article_modified_time":"2019-06-06T14:39:49+00:00","og_image":[{"width":682,"height":415,"url":"https:\/\/feuerwehr-oberriexingen.de\/content\/wp-content\/uploads\/2015\/01\/Brandeinsatz.jpg","type":"image\/jpeg"}],"schema":{"@context":"https:\/\/schema.org","@graph":[{"@type":"WebSite","@id":"https:\/\/feuerwehr-oberriexingen.de\/content\/#website","url":"https:\/\/feuerwehr-oberriexingen.de\/content\/","name":"Freiwillige Feuerwehr Oberriexingen","description":"24h f\u00fcr Sie im Einsatz","potentialAction":[{"@type":"SearchAction","target":{"@type":"EntryPoint","urlTemplate":"https:\/\/feuerwehr-oberriexingen.de\/content\/?s={search_term_string}"},"query-input":"required name=search_term_string"}],"inLanguage":"de"},{"@type":"ImageObject","@id":"https:\/\/feuerwehr-oberriexingen.de\/content\/einsaetze\/04-06-2019-b3-feuer-rauch-gebaeude\/#primaryimage","inLanguage":"de","url":"https:\/\/feuerwehr-oberriexingen.de\/content\/wp-content\/uploads\/2015\/01\/Brandeinsatz.jpg","contentUrl":"https:\/\/feuerwehr-oberriexingen.de\/content\/wp-content\/uploads\/2015\/01\/Brandeinsatz.jpg","width":682,"height":415},{"@type":"WebPage","@id":"https:\/\/feuerwehr-oberriexingen.de\/content\/einsaetze\/04-06-2019-b3-feuer-rauch-gebaeude\/#webpage","url":"https:\/\/feuerwehr-oberriexingen.de\/content\/einsaetze\/04-06-2019-b3-feuer-rauch-gebaeude\/","name":"04.06.2019 - B3 Feuer\/Rauch Geb\u00e4ude - Freiwillige Feuerwehr Oberriexingen","isPartOf":{"@id":"https:\/\/feuerwehr-oberriexingen.de\/content\/#website"},"primaryImageOfPage":{"@id":"https:\/\/feuerwehr-oberriexingen.de\/content\/einsaetze\/04-06-2019-b3-feuer-rauch-gebaeude\/#primaryimage"},"datePublished":"2019-06-04T16:17:00+00:00","dateModified":"2019-06-06T14:39:49+00:00","breadcrumb":{"@id":"https:\/\/feuerwehr-oberriexingen.de\/content\/einsaetze\/04-06-2019-b3-feuer-rauch-gebaeude\/#breadcrumb"},"inLanguage":"de","potentialAction":[{"@type":"ReadAction","target":["https:\/\/feuerwehr-oberriexingen.de\/content\/einsaetze\/04-06-2019-b3-feuer-rauch-gebaeude\/"]}]},{"@type":"BreadcrumbList","@id":"https:\/\/feuerwehr-oberriexingen.de\/content\/einsaetze\/04-06-2019-b3-feuer-rauch-gebaeude\/#breadcrumb","itemListElement":[{"@type":"ListItem","position":1,"name":"Home","item":"https:\/\/feuerwehr-oberriexingen.de\/content\/"},{"@type":"ListItem","position":2,"name":"Einsatzberichte","item":"https:\/\/feuerwehr-oberriexingen.de\/content\/einsaetze\/"},{"@type":"ListItem","position":3,"name":"04.06.2019 &#8211; B3 Feuer\/Rauch Geb\u00e4ude"}]}]}},"_links":{"self":[{"href":"https:\/\/feuerwehr-oberriexingen.de\/content\/wp-json\/wp\/v2\/einsatz\/1844"}],"collection":[{"href":"https:\/\/feuerwehr-oberriexingen.de\/content\/wp-json\/wp\/v2\/einsatz"}],"about":[{"href":"https:\/\/feuerwehr-oberriexingen.de\/content\/wp-json\/wp\/v2\/types\/einsatz"}],"author":[{"embeddable":true,"href":"https:\/\/feuerwehr-oberriexingen.de\/content\/wp-json\/wp\/v2\/users\/2"}],"version-history":[{"count":1,"href":"https:\/\/feuerwehr-oberriexingen.de\/content\/wp-json\/wp\/v2\/einsatz\/1844\/revisions"}],"predecessor-version":[{"id":1845,"href":"https:\/\/feuerwehr-oberriexingen.de\/content\/wp-json\/wp\/v2\/einsatz\/1844\/revisions\/1845"}],"wp:featuredmedia":[{"embeddable":true,"href":"https:\/\/feuerwehr-oberriexingen.de\/content\/wp-json\/wp\/v2\/media\/170"}],"wp:attachment":[{"href":"https:\/\/feuerwehr-oberriexingen.de\/content\/wp-json\/wp\/v2\/media?parent=1844"}],"wp:term":[{"taxonomy":"category","embeddable":true,"href":"https:\/\/feuerwehr-oberriexingen.de\/content\/wp-json\/wp\/v2\/categories?post=1844"},{"taxonomy":"post_tag","embeddable":true,"href":"https:\/\/feuerwehr-oberriexingen.de\/content\/wp-json\/wp\/v2\/tags?post=1844"},{"taxonomy":"einsatzart","embeddable":true,"href":"https:\/\/feuerwehr-oberriexingen.de\/content\/wp-json\/wp\/v2\/einsatzart?post=1844"},{"taxonomy":"fahrzeug","embeddable":true,"href":"https:\/\/feuerwehr-oberriexingen.de\/content\/wp-json\/wp\/v2\/fahrzeug?post=1844"},{"taxonomy":"exteinsatzmittel","embeddable":true,"href":"https:\/\/feuerwehr-oberriexingen.de\/content\/wp-json\/wp\/v2\/exteinsatzmittel?post=1844"},{"taxonomy":"alarmierungsart","embeddable":true,"href":"https:\/\/feuerwehr-oberriexingen.de\/content\/wp-json\/wp\/v2\/alarmierungsart?post=1844"},{"taxonomy":"evw_unit","embeddable":true,"href":"https:\/\/feuerwehr-oberriexingen.de\/content\/wp-json\/wp\/v2\/evw_unit?post=1844"}],"curies":[{"name":"wp","href":"https:\/\/api.w.org\/{rel}","templated":true}]}}

04.06.2019 &#8211; B3 Feuer/Rauch Gebäude

<p>Am 04.06.2019 wurde die Feuerwehr Oberriexingen, im Rahmen des Atemschutznotfallkonzepts, zu einem Einsatz im Gewerbegebiet Eichwald alarmiert.</p>



<p>Grund für den Einsatz war ein Kabelschachtbrand, welcher durch die Einsatzkräfte der Feuerwehr Sachsenheim bekämpft wurde. </p>



<p>Ein Einsatz der Kräfte aus Oberriexingen war nicht notwendig.</p>



<figure class="wp-block-image"><img decoding="async" loading="lazy" width="682" height="415" src="https://feuerwehr-oberriexingen.de/content/wp-content/uploads/2015/01/Brandeinsatz.jpg" alt="" class="wp-image-170" srcset="https://feuerwehr-oberriexingen.de/content/wp-content/uploads/2015/01/Brandeinsatz.jpg 682w, https://feuerwehr-oberriexingen.de/content/wp-content/uploads/2015/01/Brandeinsatz-300x183.jpg 300w, https://feuerwehr-oberriexingen.de/content/wp-content/uploads/2015/01/Brandeinsatz-100x61.jpg 100w, https://feuerwehr-oberriexingen.de/content/wp-content/uploads/2015/01/Brandeinsatz-150x91.jpg 150w, https://feuerwehr-oberriexingen.de/content/wp-content/uploads/2015/01/Brandeinsatz-200x122.jpg 200w, https://feuerwehr-oberriexingen.de/content/wp-content/uploads/2015/01/Brandeinsatz-450x274.jpg 450w, https://feuerwehr-oberriexingen.de/content/wp-content/uploads/2015/01/Brandeinsatz-600x365.jpg 600w" sizes="(max-width: 682px) 100vw, 682px" /></figure>

<!-- This site is optimized with the Yoast SEO plugin v17.8 - https://yoast.com/wordpress/plugins/seo/ -->
<title>04.06.2019 - B3 Feuer/Rauch Gebäude - Freiwillige Feuerwehr Oberriexingen</title>
<meta name="robots" content="index, follow, max-snippet:-1, max-image-preview:large, max-video-preview:-1" />
<link rel="canonical" href="https://feuerwehr-oberriexingen.de/content/einsaetze/04-06-2019-b3-feuer-rauch-gebaeude/" />
<meta property="og:locale" content="de_DE" />
<meta property="og:type" content="article" />
<meta property="og:title" content="04.06.2019 - B3 Feuer/Rauch Gebäude - Freiwillige Feuerwehr Oberriexingen" />
<meta property="og:description" content="Am 04.06.2019 wurde die Feuerwehr Oberriexingen, im Rahmen des Atemschutznotfallkonzepts, zu einem Einsatz im Gewerbegebiet Eichwald alarmiert. Grund für den Einsatz war ein Kabelschachtbrand, welcher durch die Einsatzkräfte der Feuerwehr Sachsenheim bekämpft wurde. Ein Einsatz der Kräfte aus Oberriexingen war &hellip; 04.06.2019 &#8211; B3 Feuer/Rauch Gebäude Weiterlesen &raquo;" />
<meta property="og:url" content="https://feuerwehr-oberriexingen.de/content/einsaetze/04-06-2019-b3-feuer-rauch-gebaeude/" />
<meta property="og:site_name" content="Freiwillige Feuerwehr Oberriexingen" />
<meta property="article:publisher" content="https://www.facebook.com/ffwoberriexingen/" />
<meta property="article:modified_time" content="2019-06-06T14:39:49+00:00" />
<meta property="og:image" content="https://feuerwehr-oberriexingen.de/content/wp-content/uploads/2015/01/Brandeinsatz.jpg" />
	<meta property="og:image:width" content="682" />
	<meta property="og:image:height" content="415" />
<script type="application/ld+json" class="yoast-schema-graph">{"@context":"https://schema.org","@graph":[{"@type":"WebSite","@id":"https://feuerwehr-oberriexingen.de/content/#website","url":"https://feuerwehr-oberriexingen.de/content/","name":"Freiwillige Feuerwehr Oberriexingen","description":"24h f\u00fcr Sie im Einsatz","potentialAction":[{"@type":"SearchAction","target":{"@type":"EntryPoint","urlTemplate":"https://feuerwehr-oberriexingen.de/content/?s={search_term_string}"},"query-input":"required name=search_term_string"}],"inLanguage":"de"},{"@type":"ImageObject","@id":"https://feuerwehr-oberriexingen.de/content/einsaetze/04-06-2019-b3-feuer-rauch-gebaeude/#primaryimage","inLanguage":"de","url":"https://feuerwehr-oberriexingen.de/content/wp-content/uploads/2015/01/Brandeinsatz.jpg","contentUrl":"https://feuerwehr-oberriexingen.de/content/wp-content/uploads/2015/01/Brandeinsatz.jpg","width":682,"height":415},{"@type":"WebPage","@id":"https://feuerwehr-oberriexingen.de/content/einsaetze/04-06-2019-b3-feuer-rauch-gebaeude/#webpage","url":"https://feuerwehr-oberriexingen.de/content/einsaetze/04-06-2019-b3-feuer-rauch-gebaeude/","name":"04.06.2019 - B3 Feuer/Rauch Geb\u00e4ude - Freiwillige Feuerwehr Oberriexingen","isPartOf":{"@id":"https://feuerwehr-oberriexingen.de/content/#website"},"primaryImageOfPage":{"@id":"https://feuerwehr-oberriexingen.de/content/einsaetze/04-06-2019-b3-feuer-rauch-gebaeude/#primaryimage"},"datePublished":"2019-06-04T16:17:00+00:00","dateModified":"2019-06-06T14:39:49+00:00","breadcrumb":{"@id":"https://feuerwehr-oberriexingen.de/content/einsaetze/04-06-2019-b3-feuer-rauch-gebaeude/#breadcrumb"},"inLanguage":"de","potentialAction":[{"@type":"ReadAction","target":["https://feuerwehr-oberriexingen.de/content/einsaetze/04-06-2019-b3-feuer-rauch-gebaeude/"]}]},{"@type":"BreadcrumbList","@id":"https://feuerwehr-oberriexingen.de/content/einsaetze/04-06-2019-b3-feuer-rauch-gebaeude/#breadcrumb","itemListElement":[{"@type":"ListItem","position":1,"name":"Home","item":"https://feuerwehr-oberriexingen.de/content/"},{"@type":"ListItem","position":2,"name":"Einsatzberichte","item":"https://feuerwehr-oberriexingen.de/content/einsaetze/"},{"@type":"ListItem","position":3,"name":"04.06.2019 &#8211; B3 Feuer/Rauch Geb\u00e4ude"}]}]}</script>
<!-- / Yoast SEO plugin. -->

04.06.2019 - B3 Feuer/Rauch Gebäude - Freiwillige Feuerwehr Oberriexingen

Am 04.06.2019 wurde die Feuerwehr Oberriexingen, im Rahmen des Atemschutznotfallkonzepts, zu einem Einsatz im Gewerbegebiet Eichwald alarmiert. Grund für den Einsatz war ein Kabelschachtbrand, welcher durch die Einsatzkräfte der Feuerwehr Sachsenheim bekämpft wurde. Ein Einsatz der Kräfte aus Oberriexingen war &hellip; 04.06.2019 &#8211; B3 Feuer/Rauch Gebäude Weiterlesen &raquo;

24h für Sie im Einsatz
