{"id":1366,"date":"2017-10-30T13:37:00","date_gmt":"2017-10-30T12:37:00","guid":{"rendered":"http:\/\/feuerwehr-oberriexingen.de\/content\/?post_type=einsatz&#038;p=1366"},"modified":"2017-10-30T18:06:41","modified_gmt":"2017-10-30T17:06:41","slug":"30-10-2017-h3-sonstiges","status":"publish","type":"einsatz","link":"https:\/\/feuerwehr-oberriexingen.de\/content\/einsaetze\/30-10-2017-h3-sonstiges\/","title":{"rendered":"30.10.2017 &#8211; H3 sonstiges"},"content":{"rendered":"<p><a href=\"https:\/\/feuerwehr-oberriexingen.de\/content\/wp-content\/uploads\/2015\/01\/Technische-Hilfeleistung.jpg\"><img decoding=\"async\" loading=\"lazy\" class=\"alignleft size-medium wp-image-172\" src=\"https:\/\/feuerwehr-oberriexingen.de\/content\/wp-content\/uploads\/2015\/01\/Technische-Hilfeleistung-300x183.jpg\" alt=\"\" width=\"300\" height=\"183\" srcset=\"https:\/\/feuerwehr-oberriexingen.de\/content\/wp-content\/uploads\/2015\/01\/Technische-Hilfeleistung-300x183.jpg 300w, https:\/\/feuerwehr-oberriexingen.de\/content\/wp-content\/uploads\/2015\/01\/Technische-Hilfeleistung-100x61.jpg 100w, https:\/\/feuerwehr-oberriexingen.de\/content\/wp-content\/uploads\/2015\/01\/Technische-Hilfeleistung-150x91.jpg 150w, https:\/\/feuerwehr-oberriexingen.de\/content\/wp-content\/uploads\/2015\/01\/Technische-Hilfeleistung-200x122.jpg 200w, https:\/\/feuerwehr-oberriexingen.de\/content\/wp-content\/uploads\/2015\/01\/Technische-Hilfeleistung-450x274.jpg 450w, https:\/\/feuerwehr-oberriexingen.de\/content\/wp-content\/uploads\/2015\/01\/Technische-Hilfeleistung-600x365.jpg 600w, https:\/\/feuerwehr-oberriexingen.de\/content\/wp-content\/uploads\/2015\/01\/Technische-Hilfeleistung.jpg 682w\" sizes=\"(max-width: 300px) 100vw, 300px\" \/><\/a>Am 30.10.2017 wurde die Feuerwehr Oberriexingen mit dem Stichwort H3 sonstiges zur Unterst\u00fctzung der Kameraden aus Sersheim alarmiert. Im Stadtgebiet Sersheim war es zu einem Unfall mit einem Roller gekommen. Eine Unterst\u00fctzung durch die Kr\u00e4fte aus Oberriexingen war nicht notwendig, so dass der Einsatz bereits auf der Anfahrt abgebrochen werden konnte.<\/p>\n<p>Im Rahmen der interkommunalen Zusammenarbeit unterst\u00fctzten sich die Feuerwehren Oberriexingen und Sersheim tags\u00fcber bei bestimmten Eins\u00e4tzen. Diese Zusammenarbeit ist notwendig um die geringere Tagesverf\u00fcgbarkeit der Einsatzkr\u00e4fte zu kompensieren und ausreichende Kr\u00e4fte im vorgeschriebenen Zeitfenster am Einsatzort verf\u00fcgbar zu haben.<\/p>\n","protected":false},"author":1,"featured_media":172,"template":"","meta":{"_cbd_carousel_blocks":"[]","einsatz_weight":1},"categories":[],"tags":[],"einsatzart":[9],"fahrzeug":[44],"exteinsatzmittel":[20,56,58],"alarmierungsart":[24],"evw_unit":[],"yoast_head":"<!-- This site is optimized with the Yoast SEO plugin v17.8 - https:\/\/yoast.com\/wordpress\/plugins\/seo\/ -->\n<title>30.10.2017 - H3 sonstiges - Freiwillige Feuerwehr Oberriexingen<\/title>\n<meta name=\"robots\" content=\"index, follow, max-snippet:-1, max-image-preview:large, max-video-preview:-1\" \/>\n<link rel=\"canonical\" href=\"https:\/\/feuerwehr-oberriexingen.de\/content\/einsaetze\/30-10-2017-h3-sonstiges\/\" \/>\n<meta property=\"og:locale\" content=\"de_DE\" \/>\n<meta property=\"og:type\" content=\"article\" \/>\n<meta property=\"og:title\" content=\"30.10.2017 - H3 sonstiges - Freiwillige Feuerwehr Oberriexingen\" \/>\n<meta property=\"og:description\" content=\"Am 30.10.2017 wurde die Feuerwehr Oberriexingen mit dem Stichwort H3 sonstiges zur Unterst\u00fctzung der Kameraden aus Sersheim alarmiert. Im Stadtgebiet Sersheim war es zu einem Unfall mit einem Roller gekommen. Eine Unterst\u00fctzung durch die Kr\u00e4fte aus Oberriexingen war nicht notwendig, &hellip; 30.10.2017 &#8211; H3 sonstiges Weiterlesen &raquo;\" \/>\n<meta property=\"og:url\" content=\"https:\/\/feuerwehr-oberriexingen.de\/content\/einsaetze\/30-10-2017-h3-sonstiges\/\" \/>\n<meta property=\"og:site_name\" content=\"Freiwillige Feuerwehr Oberriexingen\" \/>\n<meta property=\"article:publisher\" content=\"https:\/\/www.facebook.com\/ffwoberriexingen\/\" \/>\n<meta property=\"article:modified_time\" content=\"2017-10-30T17:06:41+00:00\" \/>\n<meta property=\"og:image\" content=\"https:\/\/feuerwehr-oberriexingen.de\/content\/wp-content\/uploads\/2015\/01\/Technische-Hilfeleistung.jpg\" \/>\n\t<meta property=\"og:image:width\" content=\"682\" \/>\n\t<meta property=\"og:image:height\" content=\"415\" \/>\n<script type=\"application\/ld+json\" class=\"yoast-schema-graph\">{\"@context\":\"https:\/\/schema.org\",\"@graph\":[{\"@type\":\"WebSite\",\"@id\":\"https:\/\/feuerwehr-oberriexingen.de\/content\/#website\",\"url\":\"https:\/\/feuerwehr-oberriexingen.de\/content\/\",\"name\":\"Freiwillige Feuerwehr Oberriexingen\",\"description\":\"24h f\\u00fcr Sie im Einsatz\",\"potentialAction\":[{\"@type\":\"SearchAction\",\"target\":{\"@type\":\"EntryPoint\",\"urlTemplate\":\"https:\/\/feuerwehr-oberriexingen.de\/content\/?s={search_term_string}\"},\"query-input\":\"required name=search_term_string\"}],\"inLanguage\":\"de\"},{\"@type\":\"ImageObject\",\"@id\":\"https:\/\/feuerwehr-oberriexingen.de\/content\/einsaetze\/30-10-2017-h3-sonstiges\/#primaryimage\",\"inLanguage\":\"de\",\"url\":\"https:\/\/feuerwehr-oberriexingen.de\/content\/wp-content\/uploads\/2015\/01\/Technische-Hilfeleistung.jpg\",\"contentUrl\":\"https:\/\/feuerwehr-oberriexingen.de\/content\/wp-content\/uploads\/2015\/01\/Technische-Hilfeleistung.jpg\",\"width\":682,\"height\":415},{\"@type\":\"WebPage\",\"@id\":\"https:\/\/feuerwehr-oberriexingen.de\/content\/einsaetze\/30-10-2017-h3-sonstiges\/#webpage\",\"url\":\"https:\/\/feuerwehr-oberriexingen.de\/content\/einsaetze\/30-10-2017-h3-sonstiges\/\",\"name\":\"30.10.2017 - H3 sonstiges - Freiwillige Feuerwehr Oberriexingen\",\"isPartOf\":{\"@id\":\"https:\/\/feuerwehr-oberriexingen.de\/content\/#website\"},\"primaryImageOfPage\":{\"@id\":\"https:\/\/feuerwehr-oberriexingen.de\/content\/einsaetze\/30-10-2017-h3-sonstiges\/#primaryimage\"},\"datePublished\":\"2017-10-30T12:37:00+00:00\",\"dateModified\":\"2017-10-30T17:06:41+00:00\",\"breadcrumb\":{\"@id\":\"https:\/\/feuerwehr-oberriexingen.de\/content\/einsaetze\/30-10-2017-h3-sonstiges\/#breadcrumb\"},\"inLanguage\":\"de\",\"potentialAction\":[{\"@type\":\"ReadAction\",\"target\":[\"https:\/\/feuerwehr-oberriexingen.de\/content\/einsaetze\/30-10-2017-h3-sonstiges\/\"]}]},{\"@type\":\"BreadcrumbList\",\"@id\":\"https:\/\/feuerwehr-oberriexingen.de\/content\/einsaetze\/30-10-2017-h3-sonstiges\/#breadcrumb\",\"itemListElement\":[{\"@type\":\"ListItem\",\"position\":1,\"name\":\"Home\",\"item\":\"https:\/\/feuerwehr-oberriexingen.de\/content\/\"},{\"@type\":\"ListItem\",\"position\":2,\"name\":\"Einsatzberichte\",\"item\":\"https:\/\/feuerwehr-oberriexingen.de\/content\/einsaetze\/\"},{\"@type\":\"ListItem\",\"position\":3,\"name\":\"30.10.2017 &#8211; H3 sonstiges\"}]}]}<\/script>\n<!-- \/ Yoast SEO plugin. -->","yoast_head_json":{"title":"30.10.2017 - H3 sonstiges - Freiwillige Feuerwehr Oberriexingen","robots":{"index":"index","follow":"follow","max-snippet":"max-snippet:-1","max-image-preview":"max-image-preview:large","max-video-preview":"max-video-preview:-1"},"canonical":"https:\/\/feuerwehr-oberriexingen.de\/content\/einsaetze\/30-10-2017-h3-sonstiges\/","og_locale":"de_DE","og_type":"article","og_title":"30.10.2017 - H3 sonstiges - Freiwillige Feuerwehr Oberriexingen","og_description":"Am 30.10.2017 wurde die Feuerwehr Oberriexingen mit dem Stichwort H3 sonstiges zur Unterst\u00fctzung der Kameraden aus Sersheim alarmiert. Im Stadtgebiet Sersheim war es zu einem Unfall mit einem Roller gekommen. Eine Unterst\u00fctzung durch die Kr\u00e4fte aus Oberriexingen war nicht notwendig, &hellip; 30.10.2017 &#8211; H3 sonstiges Weiterlesen &raquo;","og_url":"https:\/\/feuerwehr-oberriexingen.de\/content\/einsaetze\/30-10-2017-h3-sonstiges\/","og_site_name":"Freiwillige Feuerwehr Oberriexingen","article_publisher":"https:\/\/www.facebook.com\/ffwoberriexingen\/","article_modified_time":"2017-10-30T17:06:41+00:00","og_image":[{"width":682,"height":415,"url":"https:\/\/feuerwehr-oberriexingen.de\/content\/wp-content\/uploads\/2015\/01\/Technische-Hilfeleistung.jpg","type":"image\/jpeg"}],"schema":{"@context":"https:\/\/schema.org","@graph":[{"@type":"WebSite","@id":"https:\/\/feuerwehr-oberriexingen.de\/content\/#website","url":"https:\/\/feuerwehr-oberriexingen.de\/content\/","name":"Freiwillige Feuerwehr Oberriexingen","description":"24h f\u00fcr Sie im Einsatz","potentialAction":[{"@type":"SearchAction","target":{"@type":"EntryPoint","urlTemplate":"https:\/\/feuerwehr-oberriexingen.de\/content\/?s={search_term_string}"},"query-input":"required name=search_term_string"}],"inLanguage":"de"},{"@type":"ImageObject","@id":"https:\/\/feuerwehr-oberriexingen.de\/content\/einsaetze\/30-10-2017-h3-sonstiges\/#primaryimage","inLanguage":"de","url":"https:\/\/feuerwehr-oberriexingen.de\/content\/wp-content\/uploads\/2015\/01\/Technische-Hilfeleistung.jpg","contentUrl":"https:\/\/feuerwehr-oberriexingen.de\/content\/wp-content\/uploads\/2015\/01\/Technische-Hilfeleistung.jpg","width":682,"height":415},{"@type":"WebPage","@id":"https:\/\/feuerwehr-oberriexingen.de\/content\/einsaetze\/30-10-2017-h3-sonstiges\/#webpage","url":"https:\/\/feuerwehr-oberriexingen.de\/content\/einsaetze\/30-10-2017-h3-sonstiges\/","name":"30.10.2017 - H3 sonstiges - Freiwillige Feuerwehr Oberriexingen","isPartOf":{"@id":"https:\/\/feuerwehr-oberriexingen.de\/content\/#website"},"primaryImageOfPage":{"@id":"https:\/\/feuerwehr-oberriexingen.de\/content\/einsaetze\/30-10-2017-h3-sonstiges\/#primaryimage"},"datePublished":"2017-10-30T12:37:00+00:00","dateModified":"2017-10-30T17:06:41+00:00","breadcrumb":{"@id":"https:\/\/feuerwehr-oberriexingen.de\/content\/einsaetze\/30-10-2017-h3-sonstiges\/#breadcrumb"},"inLanguage":"de","potentialAction":[{"@type":"ReadAction","target":["https:\/\/feuerwehr-oberriexingen.de\/content\/einsaetze\/30-10-2017-h3-sonstiges\/"]}]},{"@type":"BreadcrumbList","@id":"https:\/\/feuerwehr-oberriexingen.de\/content\/einsaetze\/30-10-2017-h3-sonstiges\/#breadcrumb","itemListElement":[{"@type":"ListItem","position":1,"name":"Home","item":"https:\/\/feuerwehr-oberriexingen.de\/content\/"},{"@type":"ListItem","position":2,"name":"Einsatzberichte","item":"https:\/\/feuerwehr-oberriexingen.de\/content\/einsaetze\/"},{"@type":"ListItem","position":3,"name":"30.10.2017 &#8211; H3 sonstiges"}]}]}},"_links":{"self":[{"href":"https:\/\/feuerwehr-oberriexingen.de\/content\/wp-json\/wp\/v2\/einsatz\/1366"}],"collection":[{"href":"https:\/\/feuerwehr-oberriexingen.de\/content\/wp-json\/wp\/v2\/einsatz"}],"about":[{"href":"https:\/\/feuerwehr-oberriexingen.de\/content\/wp-json\/wp\/v2\/types\/einsatz"}],"author":[{"embeddable":true,"href":"https:\/\/feuerwehr-oberriexingen.de\/content\/wp-json\/wp\/v2\/users\/1"}],"version-history":[{"count":2,"href":"https:\/\/feuerwehr-oberriexingen.de\/content\/wp-json\/wp\/v2\/einsatz\/1366\/revisions"}],"predecessor-version":[{"id":1368,"href":"https:\/\/feuerwehr-oberriexingen.de\/content\/wp-json\/wp\/v2\/einsatz\/1366\/revisions\/1368"}],"wp:featuredmedia":[{"embeddable":true,"href":"https:\/\/feuerwehr-oberriexingen.de\/content\/wp-json\/wp\/v2\/media\/172"}],"wp:attachment":[{"href":"https:\/\/feuerwehr-oberriexingen.de\/content\/wp-json\/wp\/v2\/media?parent=1366"}],"wp:term":[{"taxonomy":"category","embeddable":true,"href":"https:\/\/feuerwehr-oberriexingen.de\/content\/wp-json\/wp\/v2\/categories?post=1366"},{"taxonomy":"post_tag","embeddable":true,"href":"https:\/\/feuerwehr-oberriexingen.de\/content\/wp-json\/wp\/v2\/tags?post=1366"},{"taxonomy":"einsatzart","embeddable":true,"href":"https:\/\/feuerwehr-oberriexingen.de\/content\/wp-json\/wp\/v2\/einsatzart?post=1366"},{"taxonomy":"fahrzeug","embeddable":true,"href":"https:\/\/feuerwehr-oberriexingen.de\/content\/wp-json\/wp\/v2\/fahrzeug?post=1366"},{"taxonomy":"exteinsatzmittel","embeddable":true,"href":"https:\/\/feuerwehr-oberriexingen.de\/content\/wp-json\/wp\/v2\/exteinsatzmittel?post=1366"},{"taxonomy":"alarmierungsart","embeddable":true,"href":"https:\/\/feuerwehr-oberriexingen.de\/content\/wp-json\/wp\/v2\/alarmierungsart?post=1366"},{"taxonomy":"evw_unit","embeddable":true,"href":"https:\/\/feuerwehr-oberriexingen.de\/content\/wp-json\/wp\/v2\/evw_unit?post=1366"}],"curies":[{"name":"wp","href":"https:\/\/api.w.org\/{rel}","templated":true}]}}

<p><a href="https://feuerwehr-oberriexingen.de/content/wp-content/uploads/2015/01/Technische-Hilfeleistung.jpg"><img decoding="async" loading="lazy" class="alignleft size-medium wp-image-172" src="https://feuerwehr-oberriexingen.de/content/wp-content/uploads/2015/01/Technische-Hilfeleistung-300x183.jpg" alt="" width="300" height="183" srcset="https://feuerwehr-oberriexingen.de/content/wp-content/uploads/2015/01/Technische-Hilfeleistung-300x183.jpg 300w, https://feuerwehr-oberriexingen.de/content/wp-content/uploads/2015/01/Technische-Hilfeleistung-100x61.jpg 100w, https://feuerwehr-oberriexingen.de/content/wp-content/uploads/2015/01/Technische-Hilfeleistung-150x91.jpg 150w, https://feuerwehr-oberriexingen.de/content/wp-content/uploads/2015/01/Technische-Hilfeleistung-200x122.jpg 200w, https://feuerwehr-oberriexingen.de/content/wp-content/uploads/2015/01/Technische-Hilfeleistung-450x274.jpg 450w, https://feuerwehr-oberriexingen.de/content/wp-content/uploads/2015/01/Technische-Hilfeleistung-600x365.jpg 600w, https://feuerwehr-oberriexingen.de/content/wp-content/uploads/2015/01/Technische-Hilfeleistung.jpg 682w" sizes="(max-width: 300px) 100vw, 300px" /></a>Am 30.10.2017 wurde die Feuerwehr Oberriexingen mit dem Stichwort H3 sonstiges zur Unterstützung der Kameraden aus Sersheim alarmiert. Im Stadtgebiet Sersheim war es zu einem Unfall mit einem Roller gekommen. Eine Unterstützung durch die Kräfte aus Oberriexingen war nicht notwendig, so dass der Einsatz bereits auf der Anfahrt abgebrochen werden konnte.</p>
<p>Im Rahmen der interkommunalen Zusammenarbeit unterstützten sich die Feuerwehren Oberriexingen und Sersheim tagsüber bei bestimmten Einsätzen. Diese Zusammenarbeit ist notwendig um die geringere Tagesverfügbarkeit der Einsatzkräfte zu kompensieren und ausreichende Kräfte im vorgeschriebenen Zeitfenster am Einsatzort verfügbar zu haben.</p>

<!-- This site is optimized with the Yoast SEO plugin v17.8 - https://yoast.com/wordpress/plugins/seo/ -->
<title>30.10.2017 - H3 sonstiges - Freiwillige Feuerwehr Oberriexingen</title>
<meta name="robots" content="index, follow, max-snippet:-1, max-image-preview:large, max-video-preview:-1" />
<link rel="canonical" href="https://feuerwehr-oberriexingen.de/content/einsaetze/30-10-2017-h3-sonstiges/" />
<meta property="og:locale" content="de_DE" />
<meta property="og:type" content="article" />
<meta property="og:title" content="30.10.2017 - H3 sonstiges - Freiwillige Feuerwehr Oberriexingen" />
<meta property="og:description" content="Am 30.10.2017 wurde die Feuerwehr Oberriexingen mit dem Stichwort H3 sonstiges zur Unterstützung der Kameraden aus Sersheim alarmiert. Im Stadtgebiet Sersheim war es zu einem Unfall mit einem Roller gekommen. Eine Unterstützung durch die Kräfte aus Oberriexingen war nicht notwendig, &hellip; 30.10.2017 &#8211; H3 sonstiges Weiterlesen &raquo;" />
<meta property="og:url" content="https://feuerwehr-oberriexingen.de/content/einsaetze/30-10-2017-h3-sonstiges/" />
<meta property="og:site_name" content="Freiwillige Feuerwehr Oberriexingen" />
<meta property="article:publisher" content="https://www.facebook.com/ffwoberriexingen/" />
<meta property="article:modified_time" content="2017-10-30T17:06:41+00:00" />
<meta property="og:image" content="https://feuerwehr-oberriexingen.de/content/wp-content/uploads/2015/01/Technische-Hilfeleistung.jpg" />
	<meta property="og:image:width" content="682" />
	<meta property="og:image:height" content="415" />
<script type="application/ld+json" class="yoast-schema-graph">{"@context":"https://schema.org","@graph":[{"@type":"WebSite","@id":"https://feuerwehr-oberriexingen.de/content/#website","url":"https://feuerwehr-oberriexingen.de/content/","name":"Freiwillige Feuerwehr Oberriexingen","description":"24h f\u00fcr Sie im Einsatz","potentialAction":[{"@type":"SearchAction","target":{"@type":"EntryPoint","urlTemplate":"https://feuerwehr-oberriexingen.de/content/?s={search_term_string}"},"query-input":"required name=search_term_string"}],"inLanguage":"de"},{"@type":"ImageObject","@id":"https://feuerwehr-oberriexingen.de/content/einsaetze/30-10-2017-h3-sonstiges/#primaryimage","inLanguage":"de","url":"https://feuerwehr-oberriexingen.de/content/wp-content/uploads/2015/01/Technische-Hilfeleistung.jpg","contentUrl":"https://feuerwehr-oberriexingen.de/content/wp-content/uploads/2015/01/Technische-Hilfeleistung.jpg","width":682,"height":415},{"@type":"WebPage","@id":"https://feuerwehr-oberriexingen.de/content/einsaetze/30-10-2017-h3-sonstiges/#webpage","url":"https://feuerwehr-oberriexingen.de/content/einsaetze/30-10-2017-h3-sonstiges/","name":"30.10.2017 - H3 sonstiges - Freiwillige Feuerwehr Oberriexingen","isPartOf":{"@id":"https://feuerwehr-oberriexingen.de/content/#website"},"primaryImageOfPage":{"@id":"https://feuerwehr-oberriexingen.de/content/einsaetze/30-10-2017-h3-sonstiges/#primaryimage"},"datePublished":"2017-10-30T12:37:00+00:00","dateModified":"2017-10-30T17:06:41+00:00","breadcrumb":{"@id":"https://feuerwehr-oberriexingen.de/content/einsaetze/30-10-2017-h3-sonstiges/#breadcrumb"},"inLanguage":"de","potentialAction":[{"@type":"ReadAction","target":["https://feuerwehr-oberriexingen.de/content/einsaetze/30-10-2017-h3-sonstiges/"]}]},{"@type":"BreadcrumbList","@id":"https://feuerwehr-oberriexingen.de/content/einsaetze/30-10-2017-h3-sonstiges/#breadcrumb","itemListElement":[{"@type":"ListItem","position":1,"name":"Home","item":"https://feuerwehr-oberriexingen.de/content/"},{"@type":"ListItem","position":2,"name":"Einsatzberichte","item":"https://feuerwehr-oberriexingen.de/content/einsaetze/"},{"@type":"ListItem","position":3,"name":"30.10.2017 &#8211; H3 sonstiges"}]}]}</script>
<!-- / Yoast SEO plugin. -->

Am 30.10.2017 wurde die Feuerwehr Oberriexingen mit dem Stichwort H3 sonstiges zur Unterstützung der Kameraden aus Sersheim alarmiert. Im Stadtgebiet Sersheim war es zu einem Unfall mit einem Roller gekommen. Eine Unterstützung durch die Kräfte aus Oberriexingen war nicht notwendig, &hellip; 30.10.2017 &#8211; H3 sonstiges Weiterlesen &raquo;

24h für Sie im Einsatz
