{"version":"1.0","provider_name":"Freiwillige Feuerwehr Oberriexingen","provider_url":"https:\/\/feuerwehr-oberriexingen.de\/content","author_name":"mamu","author_url":"https:\/\/feuerwehr-oberriexingen.de\/content\/author\/mamu\/","title":"Fahrzeuge - Freiwillige Feuerwehr Oberriexingen","type":"rich","width":600,"height":338,"html":"<blockquote class=\"wp-embedded-content\" data-secret=\"mnsGq7MDhX\"><a href=\"https:\/\/feuerwehr-oberriexingen.de\/content\/fahrzeuge\/\">Fahrzeuge<\/a><\/blockquote><iframe sandbox=\"allow-scripts\" security=\"restricted\" src=\"https:\/\/feuerwehr-oberriexingen.de\/content\/fahrzeuge\/embed\/#?secret=mnsGq7MDhX\" width=\"600\" height=\"338\" title=\"&#8222;Fahrzeuge&#8220; &#8211; Freiwillige Feuerwehr Oberriexingen\" data-secret=\"mnsGq7MDhX\" frameborder=\"0\" marginwidth=\"0\" marginheight=\"0\" scrolling=\"no\" class=\"wp-embedded-content\"><\/iframe><script>\n\/*! This file is auto-generated *\/\n!function(c,d){\"use strict\";var e=!1,o=!1;if(d.querySelector)if(c.addEventListener)e=!0;if(c.wp=c.wp||{},c.wp.receiveEmbedMessage);else if(c.wp.receiveEmbedMessage=function(e){var t=e.data;if(!t);else if(!(t.secret||t.message||t.value));else if(\/[^a-zA-Z0-9]\/.test(t.secret));else{for(var r,s,a,i=d.querySelectorAll('iframe[data-secret=\"'+t.secret+'\"]'),n=d.querySelectorAll('blockquote[data-secret=\"'+t.secret+'\"]'),o=new RegExp(\"^https?:$\",\"i\"),l=0;l<n.length;l++)n[l].style.display=\"none\";for(l=0;l<i.length;l++)if(r=i[l],e.source!==r.contentWindow);else{if(r.removeAttribute(\"style\"),\"height\"===t.message){if(1e3<(s=parseInt(t.value,10)))s=1e3;else if(~~s<200)s=200;r.height=s}if(\"link\"===t.message)if(s=d.createElement(\"a\"),a=d.createElement(\"a\"),s.href=r.getAttribute(\"src\"),a.href=t.value,!o.test(a.protocol));else if(a.host===s.host)if(d.activeElement===r)c.top.location.href=t.value}}},e)c.addEventListener(\"message\",c.wp.receiveEmbedMessage,!1),d.addEventListener(\"DOMContentLoaded\",t,!1),c.addEventListener(\"load\",t,!1);function t(){if(o);else{o=!0;for(var e,t,r,s=-1!==navigator.appVersion.indexOf(\"MSIE 10\"),a=!!navigator.userAgent.match(\/Trident.*rv:11\\.\/),i=d.querySelectorAll(\"iframe.wp-embedded-content\"),n=0;n<i.length;n++){if(!(r=(t=i[n]).getAttribute(\"data-secret\")))r=Math.random().toString(36).substr(2,10),t.src+=\"#?secret=\"+r,t.setAttribute(\"data-secret\",r);if(s||a)(e=t.cloneNode(!0)).removeAttribute(\"security\"),t.parentNode.replaceChild(e,t);t.contentWindow.postMessage({message:\"ready\",secret:r},\"*\")}}}}(window,document);\n<\/script>\n","description":"Hilfeleistungs-L\u00f6schgruppenfahrzeug (HLF20) Typ:\u00a0 HLF20 Fahrgestell: MAN Baujahr: 2015 Funkruf: Oberriexingen 46 Besatzung: 1\/8 Beschreibung: Feuerwehrtechnische Beladung f\u00fcr Brandbek\u00e4mpfung und technische Hilfeleistung. Durchg\u00e4ngige&hellip; Weiter Mannschafts Transportwagen (MTW) Typ:\u00a0 MTW Fahrgestell: Volkswagen Crafter Baujahr: 2010 Funkruf: Oberriexingen 19 Besatzung: 1\/7 Beschreibung: Fahrzeug &hellip;  Weiterlesen &raquo;","thumbnail_url":"https:\/\/feuerwehr-oberriexingen.de\/content\/wp-content\/uploads\/2016\/03\/20160312_Grundausbildung_1.jpg","thumbnail_width":1024,"thumbnail_height":576}

Hilfeleistungs-Löschgruppenfahrzeug (HLF20) Typ:  HLF20 Fahrgestell: MAN Baujahr: 2015 Funkruf: Oberriexingen 46 Besatzung: 1/8 Beschreibung: Feuerwehrtechnische Beladung für Brandbekämpfung und technische Hilfeleistung. Durchgängige&hellip; Weiter Mannschafts Transportwagen (MTW) Typ:  MTW Fahrgestell: Volkswagen Crafter Baujahr: 2010 Funkruf: Oberriexingen 19 Besatzung: 1/7 Beschreibung: Fahrzeug &hellip;  Weiterlesen &raquo;
