{"version":"1.0","provider_name":"Freiwillige Feuerwehr Oberriexingen","provider_url":"https:\/\/feuerwehr-oberriexingen.de\/content","author_name":"MH","author_url":"https:\/\/feuerwehr-oberriexingen.de\/content\/author\/mhueber\/","title":"23.04.2019 - H3 eingeklemmte Person - Freiwillige Feuerwehr Oberriexingen","type":"rich","width":600,"height":338,"html":"<blockquote class=\"wp-embedded-content\" data-secret=\"cSJvY126A8\"><a href=\"https:\/\/feuerwehr-oberriexingen.de\/content\/einsaetze\/23-04-2019-h3-eingeklemmte-person\/\">23.04.2019 &#8211; H3 eingeklemmte Person<\/a><\/blockquote><iframe sandbox=\"allow-scripts\" security=\"restricted\" src=\"https:\/\/feuerwehr-oberriexingen.de\/content\/einsaetze\/23-04-2019-h3-eingeklemmte-person\/embed\/#?secret=cSJvY126A8\" width=\"600\" height=\"338\" title=\"&#8222;23.04.2019 &#8211; H3 eingeklemmte Person&#8220; &#8211; Freiwillige Feuerwehr Oberriexingen\" data-secret=\"cSJvY126A8\" frameborder=\"0\" marginwidth=\"0\" marginheight=\"0\" scrolling=\"no\" class=\"wp-embedded-content\"><\/iframe><script>\n\/*! This file is auto-generated *\/\n!function(c,d){\"use strict\";var e=!1,o=!1;if(d.querySelector)if(c.addEventListener)e=!0;if(c.wp=c.wp||{},c.wp.receiveEmbedMessage);else if(c.wp.receiveEmbedMessage=function(e){var t=e.data;if(!t);else if(!(t.secret||t.message||t.value));else if(\/[^a-zA-Z0-9]\/.test(t.secret));else{for(var r,s,a,i=d.querySelectorAll('iframe[data-secret=\"'+t.secret+'\"]'),n=d.querySelectorAll('blockquote[data-secret=\"'+t.secret+'\"]'),o=new RegExp(\"^https?:$\",\"i\"),l=0;l<n.length;l++)n[l].style.display=\"none\";for(l=0;l<i.length;l++)if(r=i[l],e.source!==r.contentWindow);else{if(r.removeAttribute(\"style\"),\"height\"===t.message){if(1e3<(s=parseInt(t.value,10)))s=1e3;else if(~~s<200)s=200;r.height=s}if(\"link\"===t.message)if(s=d.createElement(\"a\"),a=d.createElement(\"a\"),s.href=r.getAttribute(\"src\"),a.href=t.value,!o.test(a.protocol));else if(a.host===s.host)if(d.activeElement===r)c.top.location.href=t.value}}},e)c.addEventListener(\"message\",c.wp.receiveEmbedMessage,!1),d.addEventListener(\"DOMContentLoaded\",t,!1),c.addEventListener(\"load\",t,!1);function t(){if(o);else{o=!0;for(var e,t,r,s=-1!==navigator.appVersion.indexOf(\"MSIE 10\"),a=!!navigator.userAgent.match(\/Trident.*rv:11\\.\/),i=d.querySelectorAll(\"iframe.wp-embedded-content\"),n=0;n<i.length;n++){if(!(r=(t=i[n]).getAttribute(\"data-secret\")))r=Math.random().toString(36).substr(2,10),t.src+=\"#?secret=\"+r,t.setAttribute(\"data-secret\",r);if(s||a)(e=t.cloneNode(!0)).removeAttribute(\"security\"),t.parentNode.replaceChild(e,t);t.contentWindow.postMessage({message:\"ready\",secret:r},\"*\")}}}}(window,document);\n<\/script>\n","thumbnail_url":"https:\/\/feuerwehr-oberriexingen.de\/content\/wp-content\/uploads\/2019\/04\/IMG-20190425-WA0034.jpg","thumbnail_width":1600,"thumbnail_height":1200,"description":"Am 23.04.2019 wurde die Feuerwehr Oberriexingen zu einem Einsatz auf der Kreisstra\u00dfe in Richtung Sachsenheim alarmiert. Ein Fahrzeug war von der Stra\u00dfe abgekommen und \u00fcberschlug sich mehrfach. Die Fahrerin konnte sich selbst\u00e4ndig aus dem PKW befreien. Der Beifahrer wurde im &hellip;  Weiterlesen &raquo;"}

Am 23.04.2019 wurde die Feuerwehr Oberriexingen zu einem Einsatz auf der Kreisstraße in Richtung Sachsenheim alarmiert. Ein Fahrzeug war von der Straße abgekommen und überschlug sich mehrfach. Die Fahrerin konnte sich selbständig aus dem PKW befreien. Der Beifahrer wurde im &hellip;  Weiterlesen &raquo;
