{"version":"1.0","provider_name":"Freiwillige Feuerwehr Oberriexingen","provider_url":"https:\/\/feuerwehr-oberriexingen.de\/content","author_name":"MH","author_url":"https:\/\/feuerwehr-oberriexingen.de\/content\/author\/mhueber\/","title":"04.06.2019 - B3 Feuer\/Rauch Geb\u00e4ude - Freiwillige Feuerwehr Oberriexingen","type":"rich","width":600,"height":338,"html":"<blockquote class=\"wp-embedded-content\" data-secret=\"uhCA7zbAi4\"><a href=\"https:\/\/feuerwehr-oberriexingen.de\/content\/einsaetze\/04-06-2019-b3-feuer-rauch-gebaeude\/\">04.06.2019 &#8211; B3 Feuer\/Rauch Geb\u00e4ude<\/a><\/blockquote><iframe sandbox=\"allow-scripts\" security=\"restricted\" src=\"https:\/\/feuerwehr-oberriexingen.de\/content\/einsaetze\/04-06-2019-b3-feuer-rauch-gebaeude\/embed\/#?secret=uhCA7zbAi4\" width=\"600\" height=\"338\" title=\"&#8222;04.06.2019 &#8211; B3 Feuer\/Rauch Geb\u00e4ude&#8220; &#8211; Freiwillige Feuerwehr Oberriexingen\" data-secret=\"uhCA7zbAi4\" frameborder=\"0\" marginwidth=\"0\" marginheight=\"0\" scrolling=\"no\" class=\"wp-embedded-content\"><\/iframe><script>\n\/*! This file is auto-generated *\/\n!function(c,d){\"use strict\";var e=!1,o=!1;if(d.querySelector)if(c.addEventListener)e=!0;if(c.wp=c.wp||{},c.wp.receiveEmbedMessage);else if(c.wp.receiveEmbedMessage=function(e){var t=e.data;if(!t);else if(!(t.secret||t.message||t.value));else if(\/[^a-zA-Z0-9]\/.test(t.secret));else{for(var r,s,a,i=d.querySelectorAll('iframe[data-secret=\"'+t.secret+'\"]'),n=d.querySelectorAll('blockquote[data-secret=\"'+t.secret+'\"]'),o=new RegExp(\"^https?:$\",\"i\"),l=0;l<n.length;l++)n[l].style.display=\"none\";for(l=0;l<i.length;l++)if(r=i[l],e.source!==r.contentWindow);else{if(r.removeAttribute(\"style\"),\"height\"===t.message){if(1e3<(s=parseInt(t.value,10)))s=1e3;else if(~~s<200)s=200;r.height=s}if(\"link\"===t.message)if(s=d.createElement(\"a\"),a=d.createElement(\"a\"),s.href=r.getAttribute(\"src\"),a.href=t.value,!o.test(a.protocol));else if(a.host===s.host)if(d.activeElement===r)c.top.location.href=t.value}}},e)c.addEventListener(\"message\",c.wp.receiveEmbedMessage,!1),d.addEventListener(\"DOMContentLoaded\",t,!1),c.addEventListener(\"load\",t,!1);function t(){if(o);else{o=!0;for(var e,t,r,s=-1!==navigator.appVersion.indexOf(\"MSIE 10\"),a=!!navigator.userAgent.match(\/Trident.*rv:11\\.\/),i=d.querySelectorAll(\"iframe.wp-embedded-content\"),n=0;n<i.length;n++){if(!(r=(t=i[n]).getAttribute(\"data-secret\")))r=Math.random().toString(36).substr(2,10),t.src+=\"#?secret=\"+r,t.setAttribute(\"data-secret\",r);if(s||a)(e=t.cloneNode(!0)).removeAttribute(\"security\"),t.parentNode.replaceChild(e,t);t.contentWindow.postMessage({message:\"ready\",secret:r},\"*\")}}}}(window,document);\n<\/script>\n","thumbnail_url":"https:\/\/feuerwehr-oberriexingen.de\/content\/wp-content\/uploads\/2015\/01\/Brandeinsatz.jpg","thumbnail_width":682,"thumbnail_height":415,"description":"Am 04.06.2019 wurde die Feuerwehr Oberriexingen, im Rahmen des Atemschutznotfallkonzepts, zu einem Einsatz im Gewerbegebiet Eichwald alarmiert. Grund f\u00fcr den Einsatz war ein Kabelschachtbrand, welcher durch die Einsatzkr\u00e4fte der Feuerwehr Sachsenheim bek\u00e4mpft wurde. Ein Einsatz der Kr\u00e4fte aus Oberriexingen war &hellip;  Weiterlesen &raquo;"}

04.06.2019 - B3 Feuer/Rauch Gebäude - Freiwillige Feuerwehr Oberriexingen

<blockquote class="wp-embedded-content" data-secret="uhCA7zbAi4"><a href="https://feuerwehr-oberriexingen.de/content/einsaetze/04-06-2019-b3-feuer-rauch-gebaeude/">04.06.2019 &#8211; B3 Feuer/Rauch Gebäude</a></blockquote><iframe sandbox="allow-scripts" security="restricted" src="https://feuerwehr-oberriexingen.de/content/einsaetze/04-06-2019-b3-feuer-rauch-gebaeude/embed/#?secret=uhCA7zbAi4" width="600" height="338" title="&#8222;04.06.2019 &#8211; B3 Feuer/Rauch Gebäude&#8220; &#8211; Freiwillige Feuerwehr Oberriexingen" data-secret="uhCA7zbAi4" frameborder="0" marginwidth="0" marginheight="0" scrolling="no" class="wp-embedded-content"></iframe><script>
/*! This file is auto-generated */
!function(c,d){"use strict";var e=!1,o=!1;if(d.querySelector)if(c.addEventListener)e=!0;if(c.wp=c.wp||{},c.wp.receiveEmbedMessage);else if(c.wp.receiveEmbedMessage=function(e){var t=e.data;if(!t);else if(!(t.secret||t.message||t.value));else if(/[^a-zA-Z0-9]/.test(t.secret));else{for(var r,s,a,i=d.querySelectorAll('iframe[data-secret="'+t.secret+'"]'),n=d.querySelectorAll('blockquote[data-secret="'+t.secret+'"]'),o=new RegExp("^https?:$","i"),l=0;l<n.length;l++)n[l].style.display="none";for(l=0;l<i.length;l++)if(r=i[l],e.source!==r.contentWindow);else{if(r.removeAttribute("style"),"height"===t.message){if(1e3<(s=parseInt(t.value,10)))s=1e3;else if(~~s<200)s=200;r.height=s}if("link"===t.message)if(s=d.createElement("a"),a=d.createElement("a"),s.href=r.getAttribute("src"),a.href=t.value,!o.test(a.protocol));else if(a.host===s.host)if(d.activeElement===r)c.top.location.href=t.value}}},e)c.addEventListener("message",c.wp.receiveEmbedMessage,!1),d.addEventListener("DOMContentLoaded",t,!1),c.addEventListener("load",t,!1);function t(){if(o);else{o=!0;for(var e,t,r,s=-1!==navigator.appVersion.indexOf("MSIE 10"),a=!!navigator.userAgent.match(/Trident.*rv:11\./),i=d.querySelectorAll("iframe.wp-embedded-content"),n=0;n<i.length;n++){if(!(r=(t=i[n]).getAttribute("data-secret")))r=Math.random().toString(36).substr(2,10),t.src+="#?secret="+r,t.setAttribute("data-secret",r);if(s||a)(e=t.cloneNode(!0)).removeAttribute("security"),t.parentNode.replaceChild(e,t);t.contentWindow.postMessage({message:"ready",secret:r},"*")}}}}(window,document);
</script>

Am 04.06.2019 wurde die Feuerwehr Oberriexingen, im Rahmen des Atemschutznotfallkonzepts, zu einem Einsatz im Gewerbegebiet Eichwald alarmiert. Grund für den Einsatz war ein Kabelschachtbrand, welcher durch die Einsatzkräfte der Feuerwehr Sachsenheim bekämpft wurde. Ein Einsatz der Kräfte aus Oberriexingen war &hellip;  Weiterlesen &raquo;
