{"version":"1.0","provider_name":"Freiwillige Feuerwehr Oberriexingen","provider_url":"https:\/\/feuerwehr-oberriexingen.de\/content","author_name":"MH","author_url":"https:\/\/feuerwehr-oberriexingen.de\/content\/author\/mhueber\/","title":"Grundausbildung Abschluss\u00fcbung 2026 - Freiwillige Feuerwehr Oberriexingen","type":"rich","width":600,"height":338,"html":"<blockquote class=\"wp-embedded-content\" data-secret=\"4ZWLupKwWD\"><a href=\"https:\/\/feuerwehr-oberriexingen.de\/content\/2026\/03\/grundausbildung-abschlussuebung-2026\/\">Grundausbildung Abschluss\u00fcbung 2026<\/a><\/blockquote><iframe sandbox=\"allow-scripts\" security=\"restricted\" src=\"https:\/\/feuerwehr-oberriexingen.de\/content\/2026\/03\/grundausbildung-abschlussuebung-2026\/embed\/#?secret=4ZWLupKwWD\" width=\"600\" height=\"338\" title=\"&#8222;Grundausbildung Abschluss\u00fcbung 2026&#8220; &#8211; Freiwillige Feuerwehr Oberriexingen\" data-secret=\"4ZWLupKwWD\" frameborder=\"0\" marginwidth=\"0\" marginheight=\"0\" scrolling=\"no\" class=\"wp-embedded-content\"><\/iframe><script>\n\/*! This file is auto-generated *\/\n!function(c,d){\"use strict\";var e=!1,o=!1;if(d.querySelector)if(c.addEventListener)e=!0;if(c.wp=c.wp||{},c.wp.receiveEmbedMessage);else if(c.wp.receiveEmbedMessage=function(e){var t=e.data;if(!t);else if(!(t.secret||t.message||t.value));else if(\/[^a-zA-Z0-9]\/.test(t.secret));else{for(var r,s,a,i=d.querySelectorAll('iframe[data-secret=\"'+t.secret+'\"]'),n=d.querySelectorAll('blockquote[data-secret=\"'+t.secret+'\"]'),o=new RegExp(\"^https?:$\",\"i\"),l=0;l<n.length;l++)n[l].style.display=\"none\";for(l=0;l<i.length;l++)if(r=i[l],e.source!==r.contentWindow);else{if(r.removeAttribute(\"style\"),\"height\"===t.message){if(1e3<(s=parseInt(t.value,10)))s=1e3;else if(~~s<200)s=200;r.height=s}if(\"link\"===t.message)if(s=d.createElement(\"a\"),a=d.createElement(\"a\"),s.href=r.getAttribute(\"src\"),a.href=t.value,!o.test(a.protocol));else if(a.host===s.host)if(d.activeElement===r)c.top.location.href=t.value}}},e)c.addEventListener(\"message\",c.wp.receiveEmbedMessage,!1),d.addEventListener(\"DOMContentLoaded\",t,!1),c.addEventListener(\"load\",t,!1);function t(){if(o);else{o=!0;for(var e,t,r,s=-1!==navigator.appVersion.indexOf(\"MSIE 10\"),a=!!navigator.userAgent.match(\/Trident.*rv:11\\.\/),i=d.querySelectorAll(\"iframe.wp-embedded-content\"),n=0;n<i.length;n++){if(!(r=(t=i[n]).getAttribute(\"data-secret\")))r=Math.random().toString(36).substr(2,10),t.src+=\"#?secret=\"+r,t.setAttribute(\"data-secret\",r);if(s||a)(e=t.cloneNode(!0)).removeAttribute(\"security\"),t.parentNode.replaceChild(e,t);t.contentWindow.postMessage({message:\"ready\",secret:r},\"*\")}}}}(window,document);\n<\/script>\n","thumbnail_url":"https:\/\/feuerwehr-oberriexingen.de\/content\/wp-content\/uploads\/2026\/03\/be294d66-34d4-45d5-a207-708b886b6b31.jpg","thumbnail_width":2048,"thumbnail_height":1536,"description":"Am Samstag, den 07.03., fand auf dem Gel\u00e4nde der Feuerwehr Vaihingen die Abschluss\u00fcbung der diesj\u00e4hrigen Grundausbildung statt. Auch Raphael Artes nahm an dem Lehrgang teil und konnte bei der praktischen \u00dcbung im Bereich der Technischen Hilfeleistung und der Brandbek\u00e4mpfung sein &hellip;  Weiterlesen &raquo;"}

Grundausbildung Abschlussübung 2026 - Freiwillige Feuerwehr Oberriexingen

<blockquote class="wp-embedded-content" data-secret="4ZWLupKwWD"><a href="https://feuerwehr-oberriexingen.de/content/2026/03/grundausbildung-abschlussuebung-2026/">Grundausbildung Abschlussübung 2026</a></blockquote><iframe sandbox="allow-scripts" security="restricted" src="https://feuerwehr-oberriexingen.de/content/2026/03/grundausbildung-abschlussuebung-2026/embed/#?secret=4ZWLupKwWD" width="600" height="338" title="&#8222;Grundausbildung Abschlussübung 2026&#8220; &#8211; Freiwillige Feuerwehr Oberriexingen" data-secret="4ZWLupKwWD" frameborder="0" marginwidth="0" marginheight="0" scrolling="no" class="wp-embedded-content"></iframe><script>
/*! This file is auto-generated */
!function(c,d){"use strict";var e=!1,o=!1;if(d.querySelector)if(c.addEventListener)e=!0;if(c.wp=c.wp||{},c.wp.receiveEmbedMessage);else if(c.wp.receiveEmbedMessage=function(e){var t=e.data;if(!t);else if(!(t.secret||t.message||t.value));else if(/[^a-zA-Z0-9]/.test(t.secret));else{for(var r,s,a,i=d.querySelectorAll('iframe[data-secret="'+t.secret+'"]'),n=d.querySelectorAll('blockquote[data-secret="'+t.secret+'"]'),o=new RegExp("^https?:$","i"),l=0;l<n.length;l++)n[l].style.display="none";for(l=0;l<i.length;l++)if(r=i[l],e.source!==r.contentWindow);else{if(r.removeAttribute("style"),"height"===t.message){if(1e3<(s=parseInt(t.value,10)))s=1e3;else if(~~s<200)s=200;r.height=s}if("link"===t.message)if(s=d.createElement("a"),a=d.createElement("a"),s.href=r.getAttribute("src"),a.href=t.value,!o.test(a.protocol));else if(a.host===s.host)if(d.activeElement===r)c.top.location.href=t.value}}},e)c.addEventListener("message",c.wp.receiveEmbedMessage,!1),d.addEventListener("DOMContentLoaded",t,!1),c.addEventListener("load",t,!1);function t(){if(o);else{o=!0;for(var e,t,r,s=-1!==navigator.appVersion.indexOf("MSIE 10"),a=!!navigator.userAgent.match(/Trident.*rv:11\./),i=d.querySelectorAll("iframe.wp-embedded-content"),n=0;n<i.length;n++){if(!(r=(t=i[n]).getAttribute("data-secret")))r=Math.random().toString(36).substr(2,10),t.src+="#?secret="+r,t.setAttribute("data-secret",r);if(s||a)(e=t.cloneNode(!0)).removeAttribute("security"),t.parentNode.replaceChild(e,t);t.contentWindow.postMessage({message:"ready",secret:r},"*")}}}}(window,document);
</script>

Am Samstag, den 07.03., fand auf dem Gelände der Feuerwehr Vaihingen die Abschlussübung der diesjährigen Grundausbildung statt. Auch Raphael Artes nahm an dem Lehrgang teil und konnte bei der praktischen Übung im Bereich der Technischen Hilfeleistung und der Brandbekämpfung sein &hellip;  Weiterlesen &raquo;
